000
CXUS54 KBMX 011110
CF6EET
PRELIMINARY LOCAL CLIMATOLOGICAL DATA (WS FORM: F-6)
STATION: SHELBY COUNTY AIRPORT
MONTH: JANUARY
YEAR: 2023
LATITUDE: 33 10 N
LONGITUDE: 86 47 W
TEMPERATURE IN F: :PCPN: SNOW: WIND :SUNSHINE: SKY :PK WND
================================================================================
1 2 3 4 5 6A 6B 7 8 9 10 11 12 13 14 15 16 17 18
12Z AVG MX 2MIN
DY MAX MIN AVG DEP HDD CDD WTR SNW DPTH SPD SPD DIR MIN PSBL S-S WX SPD DR
================================================================================
1 74 53 64 18 1 0 T 0.0 0 1.6 10 200 M M 4 12 14 190
2 75 53 64 18 1 0 T 0.0 0 4.5 17 160 M M 9 27 150
3 73 65 69 23 0 4 2.03 0.0 0 8.2 18 160 M M 10 13 23 170
4 69 48 59 13 6 0 1.03 0.0 0 4.2 17 170 M M 3 13 27 200
5 61 40 51 6 14 0 0.00 0.0 0 4.2 15 260 M M 0 24 290
6 59 35 47 2 18 0 0.00 0.0 0 1.6 10 310 M M 0 14 310
7 70 37 54 9 11 0 0.00 0.0 0 2.6 12 210 M M 1 19 200
8 61 50 56 11 9 0 0.41 0.0 0 4.6 15 170 M M 8 13 20 160
9 58 38 48 3 17 0 0.00 0.0 0 3.4 9 320 M M 1 18 13 340
10 62 33 48 3 17 0 0.00 0.0 0 2.0 10 220 M M 0 15 250
11 70 43 57 12 8 0 0.00 0.0 M 5.9 12 200 M M 7 18 210
12 68 48 58 13 7 0 0.88 0.0 0 9.8 22 300 M M 8 13 34 310
13 48 37 43 -2 22 0 0.02 0.0 M 11.7 18 320 M M 10 1 29 340
14 47 33 40 -5 25 0 0.00 0.0 M 6.2 16 330 M M 4 25 350
15 59 28 44 -1 21 0 0.00 0.0 0 0.6 6 180 M M 0 9 130
16 66 34 50 5 15 0 T 0.0 0 5.3 15 180 M M 4 23 180
17 67 55 61 16 4 0 0.72 0.0 M 4.0 13 200 M M 9 12 19 220
18 68 55 62 17 3 0 0.01 0.0 0 5.0 18 170 M M 8 12 26 170
19 70 50 60 15 5 0 0.10 0.0 0 7.6 21 160 M M 3 1 29 170
20 58 42 50 4 15 0 0.00 0.0 0 5.9 15 310 M M 0 21 340
21 51 44 48 2 17 0 0.74 0.0 0 3.2 9 80 M M 4 1 13 120
22 51 43 47 1 18 0 0.60 0.0 0 4.3 12 290 M M 9 1 17 300
23 52 34 43 -3 22 0 0.00 0.0 0 4.9 13 310 M M 3 18 310
24 58 31 45 -1 20 0 0.08 M M 4.2 15 140 M M 2 13 26 140
25 56 38 47 1 18 0 0.82 0.0 0 8.1 16 230 M M 9 1 26 150
26 50 36 43 -3 22 0 0.00 0.0 0 6.0 16 300 M M 3 23 310
27 55 29 42 -4 23 0 0.00 0.0 0 3.1 12 230 M M 0 17 230
28 62 30 46 0 19 0 0.00 0.0 0 3.8 13 160 M M 2 18 150
29 54 46 50 4 15 0 1.12 0.0 0 2.4 8 140 M M 9 1 13 160
30 62 53 58 11 7 0 0.29 0.0 0 1.3 7 320 M M 9 1 9 10
31 62 48 55 8 10 0 0.18 0.0 0 2.8 14 320 M M 10 12 20 320
================================================================================
SM 1896 1309 410 4 9.03 0.0 143.0 M 149
================================================================================
AV 61.2 42.2 4.6 FASTST M M 5 MAX(MPH)
MISC ----> 22 300 34 310
================================================================================
NOTES:
# LAST OF SEVERAL OCCURRENCES
COLUMN 17 PEAK WIND IN M.P.H.
PRELIMINARY LOCAL CLIMATOLOGICAL DATA (WS FORM: F-6) , PAGE 2
STATION: SHELBY COUNTY AIRPORT
MONTH: JANUARY
YEAR: 2023
LATITUDE: 33 10 N
LONGITUDE: 86 47 W
[TEMPERATURE DATA] [PRECIPITATION DATA] SYMBOLS USED IN COLUMN 16
AVERAGE MONTHLY: 51.7 TOTAL FOR MONTH: 9.03 1 = FOG OR MIST
DPTR FM NORMAL: 6.0 DPTR FM NORMAL: 3.68 2 = FOG REDUCING VISIBILITY
HIGHEST: 75 ON 2 GRTST 24HR 2.30 ON 3- 4 TO 1/4 MILE OR LESS
LOWEST: 28 ON 15 3 = THUNDER
SNOW, ICE PELLETS, HAIL 4 = ICE PELLETS
TOTAL MONTH: 0.0 INCH 5 = HAIL
GRTST 24HR 0.0 6 = FREEZING RAIN OR DRIZZLE
GRTST DEPTH: 0 7 = DUSTSTORM OR SANDSTORM:
VSBY 1/2 MILE OR LESS
8 = SMOKE OR HAZE
[NO. OF DAYS WITH] [WEATHER - DAYS WITH] 9 = BLOWING SNOW
X = TORNADO
MAX 32 OR BELOW: 0 0.01 INCH OR MORE: 15
MAX 90 OR ABOVE: 0 0.10 INCH OR MORE: 12
MIN 32 OR BELOW: 4 0.50 INCH OR MORE: 8
MIN 0 OR BELOW: 0 1.00 INCH OR MORE: 3
[HDD (BASE 65) ]
TOTAL THIS MO. 410 CLEAR (SCALE 0-3) 12
DPTR FM NORMAL -192 PTCLDY (SCALE 4-7) 9
TOTAL FM JUL 1 1268 CLOUDY (SCALE 8-10) 10
DPTR FM NORMAL -292
[CDD (BASE 65) ]
TOTAL THIS MO. 4
DPTR FM NORMAL 2 [PRESSURE DATA]
TOTAL FM JAN 1 4 HIGHEST SLP 30.42 ON 28
DPTR FM NORMAL 2 LOWEST SLP 29.65 ON 25
[REMARKS]
#FINAL-01-23#