328
CXUS54 KBMX 011010
CF6EET
PRELIMINARY LOCAL CLIMATOLOGICAL DATA (WS FORM: F-6)
STATION: SHELBY COUNTY AIRPORT
MONTH: MARCH
YEAR: 2021
LATITUDE: 33 10 N
LONGITUDE: 86 47 W
TEMPERATURE IN F: :PCPN: SNOW: WIND :SUNSHINE: SKY :PK WND
================================================================================
1 2 3 4 5 6A 6B 7 8 9 10 11 12 13 14 15 16 17 18
12Z AVG MX 2MIN
DY MAX MIN AVG DEP HDD CDD WTR SNW DPTH SPD SPD DIR MIN PSBL S-S WX SPD DR
================================================================================
1 72 48 60 8 5 0 0.23 0.0 0 6.1 21 280 M M 10 1 27 280
2 49 42 46 -6 19 0 0.44 0.0 0 4.7 12 10 M M 9 1 18 50
3 63 39 51 -1 14 0 0.00 0.0 0 3.5 13 290 M M 2 20 330
4 72 37 55 2 10 0 0.00 0.0 0 2.2 10 360 M M 0 17 300
5 65 42 54 1 11 0 0.00 0.0 0 3.7 13 10 M M 1 19 20
6 61 44 53 0 12 0 0.00 0.0 0 5.5 13 350 M M 3 21 360
7 64 37 51 -2 14 0 0.00 0.0 0 4.0 13 30 M M 0 26 310
8 71 34 53 -1 12 0 0.00 0.0 M 1.8 9 230 M M 0 13 210
9 72 36 54 0 11 0 0.00 0.0 M 2.0 12 170 M M 0 16 170
10 75 42 59 5 6 0 0.00 0.0 0 5.8 16 160 M M 0 22 160
11 74 47 61 7 4 0 0.00 0.0 0 2.7 13 200 M M 1 18 17 200
12 78 48 63 8 2 0 0.00 0.0 0 1.9 9 190 M M 1 18 14 260
13 80 54 67 12 0 2 0.00 0.0 0 1.3 10 190 M M 2 18 15 180
14 79 51 65 10 0 0 0.00 0.0 0 2.0 12 190 M M 0 18 16 190
15 77 59 68 13 0 3 0.11 0.0 0 5.3 20 160 M M 9 13 27 170
16 69 61 65 9 0 0 0.88 0.0 0 2.9 10 180 M M 9 13 16 200
17 70 61 66 10 0 1 1.75 0.0 0 6.7 20 170 M M 10 13 30 250
18 64 46 55 -1 10 0 0.80 0.0 0 9.6 18 280 M M 10 13 26 270
19 55 46 51 -5 14 0 0.00 0.0 0 6.2 12 350 M M 10 17 360
20 61 43 52 -4 13 0 0.00 0.0 0 4.8 14 50 M M 3 22 70
21 65 39 52 -5 13 0 0.00 0.0 0 2.0 9 60 M M 3 12 50
22 74 50 62 5 3 0 0.00 0.0 0 3.3 9 160 M M 2 8 14 130
23 67 58 63 6 2 0 0.20 0.0 0 5.4 20 130 M M 8 1 31 140
24 76 56 66 9 0 1 0.08 0.0 M 5.1 21 170 M M 2 1 27 160
25 76 62 69 11 0 4 2.95 0.0 0 10.0 33 200 M M 10 123 54 200
26 74 63 69 11 0 4 0.01 0.0 0 2.5 12 340 M M 9 1 21 350
27 83 64 74 16 0 9 0.00 0.0 0 8.6 16 180 M M 7 1 26 200
28 72 51 62 4 3 0 0.49 0.0 0 8.3 17 300 M M 6 13 24 180
29 69 41 55 -3 10 0 0.00 0.0 0 2.4 10 50 M M 0 16 60
30 80 46 63 4 2 0 0.14 0.0 0 5.1 14 170 M M 4 1 19 170
31 69 42 56 -3 9 0 1.57 0.0 M 7.5 17 350 M M 9 123 28 360
================================================================================
SM 2176 1489 199 24 9.65 0.0 142.9 M 140
================================================================================
AV 70.2 48.0 4.6 FASTST M M 5 MAX(MPH)
MISC ----> 33 200 54 200
================================================================================
NOTES:
# LAST OF SEVERAL OCCURRENCES
COLUMN 17 PEAK WIND IN M.P.H.
PRELIMINARY LOCAL CLIMATOLOGICAL DATA (WS FORM: F-6) , PAGE 2
STATION: SHELBY COUNTY AIRPORT
MONTH: MARCH
YEAR: 2021
LATITUDE: 33 10 N
LONGITUDE: 86 47 W
[TEMPERATURE DATA] [PRECIPITATION DATA] SYMBOLS USED IN COLUMN 16
AVERAGE MONTHLY: 59.1 TOTAL FOR MONTH: 9.65 1 = FOG OR MIST
DPTR FM NORMAL: 3.7 DPTR FM NORMAL: 5.17 2 = FOG REDUCING VISIBILITY
HIGHEST: 83 ON 27 GRTST 24HR 3.03 ON 24-25 TO 1/4 MILE OR LESS
LOWEST: 34 ON 8 3 = THUNDER
SNOW, ICE PELLETS, HAIL 4 = ICE PELLETS
TOTAL MONTH: 0.0 INCH 5 = HAIL
GRTST 24HR 0.0 6 = FREEZING RAIN OR DRIZZLE
GRTST DEPTH: 0 7 = DUSTSTORM OR SANDSTORM:
VSBY 1/2 MILE OR LESS
8 = SMOKE OR HAZE
[NO. OF DAYS WITH] [WEATHER - DAYS WITH] 9 = BLOWING SNOW
X = TORNADO
MAX 32 OR BELOW: 0 0.01 INCH OR MORE: 13
MAX 90 OR ABOVE: 0 0.10 INCH OR MORE: 11
MIN 32 OR BELOW: 0 0.50 INCH OR MORE: 5
MIN 0 OR BELOW: 0 1.00 INCH OR MORE: 3
[HDD (BASE 65) ]
TOTAL THIS MO. 199 CLEAR (SCALE 0-3) 17
DPTR FM NORMAL -110 PTCLDY (SCALE 4-7) 4
TOTAL FM JUL 1 2194 CLOUDY (SCALE 8-10) 10
DPTR FM NORMAL -244
[CDD (BASE 65) ]
TOTAL THIS MO. 24
DPTR FM NORMAL 11 [PRESSURE DATA]
TOTAL FM JAN 1 39 HIGHEST SLP 30.56 ON 8
DPTR FM NORMAL 22 LOWEST SLP 29.67 ON 18
[REMARKS]
#FINAL-03-21#