000
CXUS51 KRLX 011117
CF6EKN
PRELIMINARY LOCAL CLIMATOLOGICAL DATA (WS FORM: F-6)
STATION: ELKINS WV
MONTH: MARCH
YEAR: 2020
LATITUDE: 38 52 N
LONGITUDE: 79 51 W
TEMPERATURE IN F: :PCPN: SNOW: WIND :SUNSHINE: SKY :PK WND
================================================================================
1 2 3 4 5 6A 6B 7 8 9 10 11 12 13 14 15 16 17 18
12Z AVG MX 2MIN
DY MAX MIN AVG DEP HDD CDD WTR SNW DPTH SPD SPD DIR MIN PSBL S-S WX SPD DR
================================================================================
1 51 10 31 -4 34 0 0.00 0.0 T 2.6 13 210 M M 0 18 180
2 58 25 42 6 23 0 0.42 0.0 0 4.8 28 220 M M 6 1 38 220
3 63 38 51 15 14 0 0.29 0.0 0 9.6 30 290 M M 8 123 48 260
4 58 34 46 10 19 0 0.00 0.0 0 9.6 20 300 M M 3 27 240
5 59 26 43 7 22 0 0.00 0.0 0 4.8 14 160 M M 2 1 19 360
6 46 31 39 2 26 0 0.12 2.0 0 10.0 24 300 M M 9 13 32 300
7 39 22 31 -6 34 0 0.09 1.0 2 7.4 20 300 M M 6 1 27 300
8 65 18 42 5 23 0 0.00 0.0 0 1.2 13 230 M M 0 16 220
9 67 24 46 8 19 0 0.00 0.0 0 2.8 16 220 M M 0 20 230
10 58 44 51 13 14 0 0.21 0.0 0 6.8 17 290 M M 9 1 26 280
11 56 41 49 11 16 0 0.04 0.0 0 1.8 10 280 M M 9 12 15 280
12 70 40 55 17 10 0 0.13 0.0 0 5.3 22 210 M M 6 12 30 220
13 62 42 52 13 13 0 0.01 0.0 0 11.2 24 290 M M 5 37 290
14 51 29 40 1 25 0 0.28 0.0 0 3.5 12 300 M M 6 1 17 280
15 45 33 39 0 26 0 0.02 0.0 0 3.8 13 350 M M 10 18 15 340
16 50 34 42 2 23 0 0.00 0.0 0 7.5 17 150 M M 10 21 190
17 52 43 48 8 17 0 0.06 0.0 0 4.2 16 280 M M 10 18 20 290
18 62 32 47 7 18 0 0.10 0.0 0 6.9 18 150 M M 7 1 27 140
19 73 52 63 22 2 0 0.20 0.0 0 6.8 20 270 M M 8 1 28 260
20 74 54 64 23 1 0 0.05 0.0 0 12.2 29 230 M M 6 40 240
21 55 33 44 3 21 0 T 0.0 0 6.2 16 360 M M 10 18 22 350
22 55 31 43 1 22 0 0.00 0.0 0 6.9 18 140 M M 5 25 150
23 53 43 48 6 17 0 0.07 0.0 0 7.9 15 300 M M 10 1 22 280
24 62 41 52 10 13 0 0.03 0.0 0 3.0 13 220 M M 6 17 220
25 52 36 44 1 21 0 0.29 0.0 0 4.7 17 140 M M 9 128 22 140
26 72 31 52 9 13 0 T 0.0 0 3.1 16 230 M M 6 12 21 260
27 66 51 59 15 6 0 0.21 0.0 0 2.4 12 290 M M 7 1 17 280
28 84 53 69 25 0 4 0.07 0.0 0 5.3 20 260 M M 3 13 27 230
29 79 54 67 23 0 2 0.14 0.0 0 10.6 30 270 M M 3 42 290
30 64 39 52 8 13 0 0.00 0.0 0 13.0 31 250 M M 1 46 230
31 50 36 43 -2 22 0 0.22 0.0 0 2.3 9 330 M M 8 1 12 330
================================================================================
SM 1851 1120 527 6 3.05 3.0 188.2 M 188
================================================================================
AV 59.7 36.1 6.1 FASTST M M 6 MAX(MPH)
MISC ----> # 31 250 # 48 260
================================================================================
NOTES:
# LAST OF SEVERAL OCCURRENCES
COLUMN 17 PEAK WIND IN M.P.H.
PRELIMINARY LOCAL CLIMATOLOGICAL DATA (WS FORM: F-6) , PAGE 2
STATION: ELKINS WV
MONTH: MARCH
YEAR: 2020
LATITUDE: 38 52 N
LONGITUDE: 79 51 W
[TEMPERATURE DATA] [PRECIPITATION DATA] SYMBOLS USED IN COLUMN 16
AVERAGE MONTHLY: 47.9 TOTAL FOR MONTH: 3.05 1 = FOG OR MIST
DPTR FM NORMAL: 8.1 DPTR FM NORMAL: -0.91 2 = FOG REDUCING VISIBILITY
HIGHEST: 84 ON 28 GRTST 24HR 0.42 ON 2- 2 TO 1/4 MILE OR LESS
LOWEST: 10 ON 1 3 = THUNDER
SNOW, ICE PELLETS, HAIL 4 = ICE PELLETS
TOTAL MONTH: 3.0 INCHES 5 = HAIL
GRTST 24HR 2.0 ON 6- 6 6 = FREEZING RAIN OR DRIZZLE
GRTST DEPTH: 2 ON 7 7 = DUSTSTORM OR SANDSTORM:
VSBY 1/2 MILE OR LESS
8 = SMOKE OR HAZE
[NO. OF DAYS WITH] [WEATHER - DAYS WITH] 9 = BLOWING SNOW
X = TORNADO
MAX 32 OR BELOW: 0 0.01 INCH OR MORE: 21
MAX 90 OR ABOVE: 0 0.10 INCH OR MORE: 12
MIN 32 OR BELOW: 11 0.50 INCH OR MORE: 0
MIN 0 OR BELOW: 0 1.00 INCH OR MORE: 0
[HDD (BASE 65) ]
TOTAL THIS MO. 527 CLEAR (SCALE 0-3) 8
DPTR FM NORMAL -253 PTCLDY (SCALE 4-7) 14
TOTAL FM JUL 1 4062 CLOUDY (SCALE 8-10) 9
DPTR FM NORMAL -1039
[CDD (BASE 65) ]
TOTAL THIS MO. 6
DPTR FM NORMAL 6 [PRESSURE DATA]
TOTAL FM JAN 1 6 HIGHEST SLP 30.63 ON 8
DPTR FM NORMAL 6 LOWEST SLP 29.51 ON 3
[REMARKS]
#FINAL-03-20#