000
CXUS55 KLKN 021808
CLSEKO
CLIMATE REPORT
NATIONAL WEATHER SERVICE ELKO, NV
1108 AM PDT SAT SEP 02 2023
...................................
...THE ELKO AIRPORT NV CLIMATE SUMMARY FOR THE SEASON, FROM
6/1/2023 TO 8/31/2023...
CLIMATE NORMAL PERIOD 1991 TO 2020
CLIMATE RECORD PERIOD 1888 TO 2023
WEATHER OBSERVED NORMAL DEPART LAST YEAR`S
VALUE DATE(S) VALUE FROM VALUE
NORMAL
..............................................................
TEMPERATURE (F)
RECORD
HIGH 107 07/04/1981
08/04/1978
07/24/1890
LOW 12 06/06/1914
HIGHEST 103 07/22 100 3 102
07/23
LOWEST 36 06/20 31 5 28
06/21
AVG. MAXIMUM 86.6 87.8 -1.2 90.0
AVG. MINIMUM 51.1 48.7 2.4 50.9
MEAN 68.9 68.2 0.7 70.5
DAYS MAX >= 90 44 44.5 -0.5 56
DAYS MAX <= 32 0 0.0 0.0 0
DAYS MIN <= 32 0 1.8 -1.8 2
DAYS MIN <= 0 0 0.0 0.0 0
PRECIPITATION (INCHES)
RECORD
MAXIMUM 6.38 1970
MINIMUM 0.00 1919
TOTALS 2.32 1.26 1.06 1.03
DAILY AVG. 0.02 0.01 0.01 0.01
DAYS >= .01 20 10.6 9.4 9
DAYS >= .10 8 3.8 4.2 3
DAYS >= .50 1 0.5 0.5 0
DAYS >= 1.00 0 0.0 0.0 0
SNOWFALL (INCHES)
RECORDS
TOTAL 1.7 1914
TOTALS 0.0 0.0 0.0 0.0
DAYS >= 1.0 0 0.0 0.0 0
DEGREE DAYS
HEATING TOTAL 106 154 -48 96
COOLING TOTAL 493 457 36 628
..............................................................
WIND (MPH)
AVERAGE WIND SPEED 5.6
HIGHEST WIND SPEED/DIRECTION 41/170 DATE 06/11
HIGHEST GUST SPEED/DIRECTION 59/180 DATE 06/11
AVERAGE RH (PERCENT) 45
WEATHER CONDITIONS. NUMBER OF DAYS WITH
THUNDERSTORM 24 MIXED PRECIP 0
HEAVY RAIN 5 RAIN 8
LIGHT RAIN 25 FREEZING RAIN 0
LT FREEZING RAIN 0 HAIL 0
HEAVY SNOW 0 SNOW 0
LIGHT SNOW 0 SLEET 0
FOG 6 FOG W/VIS <= 1/4 MILE 0
HAZE 2
- INDICATES NEGATIVE NUMBERS.
R INDICATES RECORD WAS SET OR TIED.
MM INDICATES DATA IS MISSING.
T INDICATES TRACE AMOUNT.
=====================================================================
...WARMER THAN NORMAL METEOROLOGICAL SUMMER IN ELKO...
...WETTER THAN NORMAL METEOROLOGICAL SUMMER IN ELKO...
$$