000
CXUS54 KSHV 011300
CF6ELD
PRELIMINARY LOCAL CLIMATOLOGICAL DATA (WS FORM: F-6)
STATION: EL DORADO
MONTH: JUNE
YEAR: 2021
LATITUDE: 33 13 N
LONGITUDE: 92 49 W
TEMPERATURE IN F: :PCPN: SNOW: WIND :SUNSHINE: SKY :PK WND
================================================================================
1 2 3 4 5 6A 6B 7 8 9 10 11 12 13 14 15 16 17 18
12Z AVG MX 2MIN
DY MAX MIN AVG DEP HDD CDD WTR SNW DPTH SPD SPD DIR MIN PSBL S-S WX SPD DR
================================================================================
1 77 68 73 -3 0 8 0.15 0.0 0 4.0 10 150 M M 8 13 14 150
2 79 62 71 -6 0 6 0.00 0.0 0 4.6 12 240 M M 7 1 16 240
3 85 58 72 -5 0 7 0.00 0.0 0 3.3 10 10 M M 0 1 15 20
4 84 60 72 -5 0 7 0.00 0.0 0 3.0 13 160 M M 1 1 15 160
5 79 69 74 -3 0 9 0.44 0.0 0 4.3 10 130 M M 8 1 15 100
6 85 70 78 0 0 13 0.40 0.0 0 5.5 23 110 M M 6 123 28 110
7 85 69 77 -1 0 12 1.02 0.0 0 4.9 24 240 M M 7 138 36 240
8 90 69 80 2 0 15 0.07 0.0 0 7.5 25 200 M M 6 13 32 190
9 92 72 82 4 0 17 0.00 0.0 0 6.8 15 210 M M 4 1 22 210
10 90 75 83 5 0 18 0.00 0.0 0 6.4 15 190 M M 4 19 190
11 90 74 82 3 0 17 0.00 0.0 0 4.9 15 200 M M 6 18 20 200
12 92 72 82 3 0 17 0.00 0.0 0 3.4 14 220 M M 2 1 18 220
13 97 73 85 6 0 20 0.00 0.0 0 3.5 10 360 M M 1 1 14 10
14 95 71 83 4 0 18 0.00 0.0 0 4.6 14 50 M M 0 1 16 50
15 95 67 81 2 0 16 0.00 0.0 0 2.1 10 40 M M 0 1 14 50
16 93 70 82 2 0 17 0.00 0.0 0 4.2 10 80 M M 0 1 14 120
17 90 69 80 0 0 15 0.05 0.0 0 3.2 10 140 M M 4 8 15 150
18 92 64 78 -2 0 13 0.00 0.0 0 3.1 12 110 M M 0 1 16 130
19 93 68 81 1 0 16 0.00 0.0 0 2.4 10 60 M M 1 1 13 60
20 95 72 84 4 0 19 0.00 0.0 0 7.0 15 160 M M 1 20 190
21 87 68 78 -2 0 13 0.61 0.0 0 6.4 23 320 M M 4 138 34 320
22 83 61 72 -8 0 7 0.00 0.0 0 5.2 16 70 M M 0 21 50
23 88 60 74 -7 0 9 0.00 0.0 0 3.6 9 120 M M 3 12 110
24 94 73 84 3 0 19 0.00 0.0 0 5.8 12 150 M M 3 1 16 210
25 93 76 85 4 0 20 0.00 0.0 0 7.2 15 160 M M 2 1 19 160
26 92 75 84 3 0 19 T 0.0 0 7.4 14 120 M M 4 19 120
27 92 73 83 2 0 18 T 0.0 0 6.5 17 130 M M 3 23 130
28 91 71 81 0 0 16 0.01 0.0 0 6.5 24 180 M M 2 3 33 180
29 92 69 81 0 0 16 0.00 0.0 0 4.5 14 120 M M 2 1 17 120
30 93 71 82 1 0 17 0.00 0.0 0 2.7 9 190 M M 2 12 180
================================================================================
SM 2683 2069 0 434 2.75 0.0 144.5 M 91
================================================================================
AV 89.4 69.0 4.8 FASTST M M 3 MAX(MPH)
MISC ----> 25 200 36 240
================================================================================
NOTES:
# LAST OF SEVERAL OCCURRENCES
COLUMN 17 PEAK WIND IN M.P.H.
PRELIMINARY LOCAL CLIMATOLOGICAL DATA (WS FORM: F-6) , PAGE 2
STATION: EL DORADO
MONTH: JUNE
YEAR: 2021
LATITUDE: 33 13 N
LONGITUDE: 92 49 W
[TEMPERATURE DATA] [PRECIPITATION DATA] SYMBOLS USED IN COLUMN 16
AVERAGE MONTHLY: 79.2 TOTAL FOR MONTH: 2.75 1 = FOG OR MIST
DPTR FM NORMAL: -0.1 DPTR FM NORMAL: -1.13 2 = FOG REDUCING VISIBILITY
HIGHEST: 97 ON 13 GRTST 24HR 1.02 ON 7- 7 TO 1/4 MILE OR LESS
LOWEST: 58 ON 3 3 = THUNDER
SNOW, ICE PELLETS, HAIL 4 = ICE PELLETS
TOTAL MONTH: 0.0 INCH 5 = HAIL
GRTST 24HR 0.0 6 = FREEZING RAIN OR DRIZZLE
GRTST DEPTH: 0 7 = DUSTSTORM OR SANDSTORM:
VSBY 1/2 MILE OR LESS
8 = SMOKE OR HAZE
[NO. OF DAYS WITH] [WEATHER - DAYS WITH] 9 = BLOWING SNOW
X = TORNADO
MAX 32 OR BELOW: 0 0.01 INCH OR MORE: 8
MAX 90 OR ABOVE: 20 0.10 INCH OR MORE: 5
MIN 32 OR BELOW: 0 0.50 INCH OR MORE: 2
MIN 0 OR BELOW: 0 1.00 INCH OR MORE: 1
[HDD (BASE 65) ]
TOTAL THIS MO. 0 CLEAR (SCALE 0-3) 18
DPTR FM NORMAL 0 PTCLDY (SCALE 4-7) 10
TOTAL FM JUL 1 2679 CLOUDY (SCALE 8-10) 2
DPTR FM NORMAL 122
[CDD (BASE 65) ]
TOTAL THIS MO. 434
DPTR FM NORMAL 6 [PRESSURE DATA]
TOTAL FM JAN 1 685 HIGHEST SLP 30.13 ON 30
DPTR FM NORMAL -87 LOWEST SLP 29.74 ON 21
[REMARKS]
#FINAL-06-21#