000
CXUS54 KEPZ 011111
CLMELP
CLIMATE REPORT
NATIONAL WEATHER SERVICE EL PASO TX/SANTA TERESA NM
511 AM MDT THU JUN 01 2023
...................................
...THE EL PASO CLIMATE SUMMARY FOR THE MONTH OF MAY 2023...
CLIMATE NORMAL PERIOD 1991 TO 2020
CLIMATE RECORD PERIOD 1879 TO 2023
WEATHER OBSERVED NORMAL DEPART LAST YEAR`S
VALUE DATE(S) VALUE FROM VALUE DATE(S)
NORMAL
................................................................
TEMPERATURE (F)
RECORD
HIGH 105 05/23/2005
05/22/2005
LOW 31 05/02/1967
HIGHEST 97 05/26 93 4 103 05/27
05/30
LOWEST 53 05/07 52 1 50 05/15
AVG. MAXIMUM 90.9 88.7 2.2 93.3
AVG. MINIMUM 63.9 62.1 1.8 64.0
MEAN 77.4 75.4 2.0 78.6
DAYS MAX >= 90 20 15.9 4.1 25
DAYS MAX <= 32 0 0.0 0.0 0
DAYS MIN <= 32 0 0.0 0.0 0
DAYS MIN <= 0 0 0.0 0.0 0
PRECIPITATION (INCHES)
RECORD
MAXIMUM 4.22 1992
MINIMUM 0.00 2022
TOTALS 0.11 0.43 -0.32 0.00
DAYS >= .01 2 0
DAYS >= .10 0 0
DAYS >= .50 0 0
DAYS >= 1.00 0 0
GREATEST
24 HR. TOTAL 0.07 05/20 TO 05/20
SNOWFALL (INCHES)
TOTALS 0.0 0.0
SNOWDEPTH AVG. 0 0
DAYS >= TRACE 0 0
GREATEST
SNOW DEPTH 0
24 HR TOTAL 0.0
DEGREE DAYS
HEATING TOTAL 0 6 -6 0
SINCE 7/1 2103 2205 -102 MM
COOLING TOTAL 394 329 65 432
SINCE 1/1 546 462 84 MM
FREEZE DATES
RECORD
EARLIEST 10/16/1880
LATEST 05/02/1967
EARLIEST 11/17
LATEST 03/13
................................................................
WIND (MPH)
AVERAGE WIND SPEED 8.9
HIGHEST WIND SPEED/DIRECTION 38/260 DATE 05/20
HIGHEST GUST SPEED/DIRECTION 48/250 DATE 05/20
SKY COVER
AVERAGE SKY COVER 0.40
AVERAGE RH (PERCENT) 25
WEATHER CONDITIONS. NUMBER OF DAYS WITH
THUNDERSTORM 3 MIXED PRECIP 0
HEAVY RAIN 0 RAIN 1
LIGHT RAIN 5 FREEZING RAIN 0
LT FREEZING RAIN 0 HAIL 0
HEAVY SNOW 0 SNOW 0
LIGHT SNOW 0 SLEET 0
FOG 0 FOG W/VIS <= 1/4 MILE 0
HAZE 0
- INDICATES NEGATIVE NUMBERS.
R INDICATES RECORD WAS SET OR TIED.
MM INDICATES DATA IS MISSING.
T INDICATES TRACE AMOUNT.
$$