000
CXUS54 KEWX 011010
CF6ERV
PRELIMINARY LOCAL CLIMATOLOGICAL DATA (WS FORM: F-6)
STATION: KERRVILLE
MONTH: AUGUST
YEAR: 2022
LATITUDE: 29 58 N
LONGITUDE: 99 5 W
TEMPERATURE IN F: :PCPN: SNOW: WIND :SUNSHINE: SKY :PK WND
================================================================================
1 2 3 4 5 6A 6B 7 8 9 10 11 12 13 14 15 16 17 18
12Z AVG MX 2MIN
DY MAX MIN AVG DEP HDD CDD WTR SNW DPTH SPD SPD DIR MIN PSBL S-S WX SPD DR
================================================================================
1 97 71 84 M 0 19 M M M 8.9 17 160 M M 2 22 140
2 99 73 86 M 0 21 M M M 12.9 23 150 M M 1 28 170
3 100 75 88 M 0 23 M M M 12.8 20 180 M M 3 28 170
4 100 74 87 M 0 22 M M M 10.3 16 150 M M 3 21 170
5 98 74 86 M 0 21 M M M 9.7 15 160 M M 2 21 160
6 95 75 85 M 0 20 M M M 9.1 20 150 M M 4 20 130
7 97 73 85 M 0 20 M M M 12.0 22 130 M M 5 23 150
8 97 73 85 M 0 20 M M M 6.9 17 130 M M 3 24 120
9 97 72 85 M 0 20 M M M 6.5 15 140 M M 3 17 250
10 99 73 86 M 0 21 0.02 M M 5.8 20 50 M M 1 32 160
11 95 73 84 M 0 19 M 0.0 M 3.5 14 260 M M 2 23 140
12 98 69 84 M 0 19 M 0.0 M 3.7 13 90 M M 4 20 10
13 99 71 85 M 0 20 M M M 3.9 12 70 M M 4 21 70
14 91 69 80 M 0 15 M M M 7.3 14 90 M M 3 22 120
15 85 73 79 M 0 14 M M M 8.4 17 140 M M 5 22 110
16 94 72 83 M 0 18 M M M 7.1 15 130 M M 5 21 160
17 97 72 85 M 0 20 M 0.0 M 4.1 12 180 M M 3 20 160
18 98 72 85 M 0 20 M M M 4.6 18 20 M M 2 23 20
19 93 71 82 M 0 17 0.14 M M 4.5 15 170 M M 3 3 22 170
20 96 72 84 M 0 19 M M M 10.8 17 150 M M 4 22 150
21 93 74 84 M 0 19 M M M 9.4 14 170 M M 6 17 160
22 92 73 83 M 0 18 0.20 M M 6.1 14 340 M M 8 3 21 340
23 86 71 79 M 0 14 0.31 M M 1.5 12 340 M M 9 1 16 10
24 89 74 82 M 0 17 M M M 3.0 10 50 M M 8 16 30
25 90 73 82 M 0 17 M M M 2.7 9 60 M M 6 17 60
26 95 68 82 M 0 17 M M M 2.6 10 170 M M 4 M M
27 93 70 82 M 0 17 M M M 5.6 12 150 M M 4 18 160
28 94 73 84 M 0 19 M M M 9.3 15 170 M M 5 21 170
29 95 73 84 M 0 19 M M M 7.2 15 130 M M 5 21 150
30 87 72 80 M 0 15 0.78 M M 4.7 14 60 M M 8 3 21 60
31 84 70 77 M 0 12 0.51 M M 4.1 17 110 M M 6 1 23 110
================================================================================
SM 2923 2238 0 572 1.96 0.0 209.0 M 131
================================================================================
AV 94.3 72.2 6.7 FASTST M M 4 MAX(MPH)
MISC ----> 23 150 32 160
================================================================================
NOTES:
# LAST OF SEVERAL OCCURRENCES
COLUMN 17 PEAK WIND IN M.P.H.
PRELIMINARY LOCAL CLIMATOLOGICAL DATA (WS FORM: F-6) , PAGE 2
STATION: KERRVILLE
MONTH: AUGUST
YEAR: 2022
LATITUDE: 29 58 N
LONGITUDE: 99 5 W
[TEMPERATURE DATA] [PRECIPITATION DATA] SYMBOLS USED IN COLUMN 16
AVERAGE MONTHLY: 83.2 TOTAL FOR MONTH: 1.96 1 = FOG OR MIST
DPTR FM NORMAL: 0.0 DPTR FM NORMAL: M 2 = FOG REDUCING VISIBILITY
HIGHEST: 100 ON 4, 3 GRTST 24HR 0.78 ON 30-30 TO 1/4 MILE OR LESS
LOWEST: 68 ON 26 3 = THUNDER
SNOW, ICE PELLETS, HAIL 4 = ICE PELLETS
TOTAL MONTH: 0.0 INCH 5 = HAIL
GRTST 24HR 0.0 6 = FREEZING RAIN OR DRIZZLE
GRTST DEPTH: M ON M 7 = DUSTSTORM OR SANDSTORM:
VSBY 1/2 MILE OR LESS
8 = SMOKE OR HAZE
[NO. OF DAYS WITH] [WEATHER - DAYS WITH] 9 = BLOWING SNOW
X = TORNADO
MAX 32 OR BELOW: 0 0.01 INCH OR MORE: 6
MAX 90 OR ABOVE: 26 0.10 INCH OR MORE: 5
MIN 32 OR BELOW: 0 0.50 INCH OR MORE: 2
MIN 0 OR BELOW: 0 1.00 INCH OR MORE: 0
[HDD (BASE 65) ]
TOTAL THIS MO. 0 CLEAR (SCALE 0-3) 10
DPTR FM NORMAL M PTCLDY (SCALE 4-7) 20
TOTAL FM JUL 1 0 CLOUDY (SCALE 8-10) 1
DPTR FM NORMAL M
[CDD (BASE 65) ]
TOTAL THIS MO. 572
DPTR FM NORMAL M [PRESSURE DATA]
TOTAL FM JAN 1 2496 HIGHEST SLP M ON M
DPTR FM NORMAL M LOWEST SLP M ON M
[REMARKS]
#FINAL-08-22#