000
CXUS54 KEWX 011010
CF6ERV
PRELIMINARY LOCAL CLIMATOLOGICAL DATA (WS FORM: F-6)
STATION: KERRVILLE
MONTH: MAY
YEAR: 2022
LATITUDE: 29 58 N
LONGITUDE: 99 5 W
TEMPERATURE IN F: :PCPN: SNOW: WIND :SUNSHINE: SKY :PK WND
================================================================================
1 2 3 4 5 6A 6B 7 8 9 10 11 12 13 14 15 16 17 18
12Z AVG MX 2MIN
DY MAX MIN AVG DEP HDD CDD WTR SNW DPTH SPD SPD DIR MIN PSBL S-S WX SPD DR
================================================================================
1 85 69 77 M 0 12 M M M 9.5 20 160 M M 9 1 25 150
2 82 67 75 M 0 10 M M M 12.7 18 180 M M 8 26 180
3 82 70 76 M 0 11 M M M 9.1 14 130 M M 8 20 150
4 84 68 76 M 0 11 0.01 M M 13.3 17 110 M M 9 13 31 120
5 84 61 73 M 0 8 M M M 6.5 14 170 M M 7 1 17 180
6 94 54 74 M 0 9 M M M 4.8 14 200 M M 2 128 20 190
7 99 73 86 M 0 21 M M M 10.0 18 170 M M 1 1 24 160
8 96 72 84 M 0 19 M M M 12.4 20 140 M M 5 18 25 140
9 94 74 84 M 0 19 M M M 14.0 18 150 M M 7 18 25 160
10 93 74 84 M 0 19 M M M 13.6 20 140 M M 7 18 25 160
11 93 71 82 M 0 17 M M M 13.5 20 160 M M 4 28 160
12 92 67 80 M 0 15 M M M 13.2 18 170 M M 3 24 150
13 90 67 79 M 0 14 M M M 9.7 15 170 M M 3 1 20 170
14 95 67 81 M 0 16 M M M 7.5 14 170 M M 3 21 170
15 96 65 81 M 0 16 M M M 7.7 15 160 M M 1 8 20 170
16 95 69 82 M 0 17 M M M 7.4 12 150 M M 1 24 170
17 98 67 83 M 0 18 M M M 12.6 21 160 M M 1 28 150
18 98 69 84 M 0 19 M M M 12.5 20 170 M M 2 24 200
19 96 68 82 M 0 17 M M M 14.3 20 160 M M 2 25 160
20 92 73 83 M 0 18 M M M 12.1 18 160 M M 6 18 28 160
21 97 72 85 M 0 20 0.01 M M 9.1 14 150 M M 5 138 24 280
22 86 62 74 M 0 9 M M M 9.0 17 40 M M 4 22 50
23 80 65 73 M 0 8 M M M 7.5 15 110 M M 7 13 21 160
24 88 61 75 M 0 10 0.40 M M 12.7 25 330 M M 4 3 38 330
25 82 55 69 M 0 4 M M M 9.0 17 330 M M 2 25 340
26 93 49 71 M 0 6 M M M 4.1 12 190 M M 0 25 230
27 96 61 79 M 0 14 M M M 3.5 9 170 M M 2 9 180
28 95 68 82 M 0 17 M M M 11.1 20 150 M M 2 27 190
29 96 71 84 M 0 19 M M M 16.6 23 140 M M 5 29 170
30 93 73 83 M 0 18 M M M 18.0 22 150 M M 8 30 160
31 96 74 85 M 0 20 M M M 15.8 21 160 M M 7 28 160
================================================================================
SM 2840 2076 0 451 0.42 M 332.8 M 135
================================================================================
AV 91.6 67.0 10.7 FASTST M M 4 MAX(MPH)
MISC ----> 25 330 38 330
================================================================================
NOTES:
# LAST OF SEVERAL OCCURRENCES
COLUMN 17 PEAK WIND IN M.P.H.
PRELIMINARY LOCAL CLIMATOLOGICAL DATA (WS FORM: F-6) , PAGE 2
STATION: KERRVILLE
MONTH: MAY
YEAR: 2022
LATITUDE: 29 58 N
LONGITUDE: 99 5 W
[TEMPERATURE DATA] [PRECIPITATION DATA] SYMBOLS USED IN COLUMN 16
AVERAGE MONTHLY: 79.3 TOTAL FOR MONTH: 0.42 1 = FOG OR MIST
DPTR FM NORMAL: 0.0 DPTR FM NORMAL: M 2 = FOG REDUCING VISIBILITY
HIGHEST: 99 ON 7 GRTST 24HR 0.40 ON 24-24 TO 1/4 MILE OR LESS
LOWEST: 49 ON 26 3 = THUNDER
SNOW, ICE PELLETS, HAIL 4 = ICE PELLETS
TOTAL MONTH: M 5 = HAIL
GRTST 24HR M ON M 6 = FREEZING RAIN OR DRIZZLE
GRTST DEPTH: M ON M 7 = DUSTSTORM OR SANDSTORM:
VSBY 1/2 MILE OR LESS
8 = SMOKE OR HAZE
[NO. OF DAYS WITH] [WEATHER - DAYS WITH] 9 = BLOWING SNOW
X = TORNADO
MAX 32 OR BELOW: 0 0.01 INCH OR MORE: 3
MAX 90 OR ABOVE: 22 0.10 INCH OR MORE: 1
MIN 32 OR BELOW: 0 0.50 INCH OR MORE: 0
MIN 0 OR BELOW: 0 1.00 INCH OR MORE: 0
[HDD (BASE 65) ]
TOTAL THIS MO. 0 CLEAR (SCALE 0-3) 14
DPTR FM NORMAL M PTCLDY (SCALE 4-7) 14
TOTAL FM JUL 1 1860 CLOUDY (SCALE 8-10) 3
DPTR FM NORMAL M
[CDD (BASE 65) ]
TOTAL THIS MO. 451
DPTR FM NORMAL M [PRESSURE DATA]
TOTAL FM JAN 1 702 HIGHEST SLP M ON M
DPTR FM NORMAL M LOWEST SLP M ON M
[REMARKS]
#FINAL-05-22#