261
CXUS54 KEWX 011010
CF6ERV
PRELIMINARY LOCAL CLIMATOLOGICAL DATA (WS FORM: F-6)
STATION: KERRVILLE
MONTH: MARCH
YEAR: 2021
LATITUDE: 29 58 N
LONGITUDE: 99 5 W
TEMPERATURE IN F: :PCPN: SNOW: WIND :SUNSHINE: SKY :PK WND
================================================================================
1 2 3 4 5 6A 6B 7 8 9 10 11 12 13 14 15 16 17 18
12Z AVG MX 2MIN
DY MAX MIN AVG DEP HDD CDD WTR SNW DPTH SPD SPD DIR MIN PSBL S-S WX SPD DR
================================================================================
1 56 42 49 M 16 0 0.01 M M 11.9 20 350 M M 10 25 20
2 64 33 49 M 16 0 M M M 4.3 10 360 M M 0 18 360
3 72 29 51 M 14 0 M M M 4.2 12 160 M M 0 18 210
4 74 44 59 M 6 0 M M M 10.0 17 160 M M 4 1 24 160
5 76 51 64 M 1 0 M M M 10.8 22 340 M M 4 12 30 340
6 65 43 54 M 11 0 M M M 7.2 17 360 M M 5 31 360
7 67 36 52 M 13 0 M M M 4.0 12 170 M M 3 20 160
8 69 42 56 M 9 0 M M M 6.5 14 150 M M 8 21 160
9 72 56 64 M 1 0 M M M 14.5 21 180 M M 9 27 180
10 77 60 69 M 0 4 M M M 16.4 23 160 M M 7 29 170
11 76 63 70 M 0 5 M M M 13.6 22 160 M M 9 28 160
12 79 65 72 M 0 7 M M M 15.5 21 150 M M 9 31 160
13 76 64 70 M 0 5 0.02 M M 18.0 26 140 M M 10 1 32 140
14 74 41 58 M 7 0 M M M 9.1 20 320 M M 5 28 160
15 82 36 59 M 6 0 M M M 5.2 13 170 M M 0 21 210
16 79 64 72 M 0 7 M M M 10.3 16 140 M M 8 1 22 170
17 72 48 60 M 5 0 0.03 M M 14.8 29 290 M M 6 18 38 290
18 69 41 55 M 10 0 M M M 10.9 22 340 M M 0 28 340
19 69 36 53 M 12 0 M M M 5.1 12 20 M M 0 20 10
20 72 33 53 M 12 0 M M M 3.5 10 110 M M 0 M M
21 73 41 57 M 8 0 M M M 10.1 17 150 M M 3 23 170
22 69 56 63 M 2 0 0.47 M M 11.8 17 140 M M 8 13 25 160
23 79 40 60 M 5 0 0.01 M M 2.3 8 140 M M 3 12 M M
24 72 42 57 M 8 0 M M M 7.0 13 150 M M 6 138 23 150
25 72 45 59 M 6 0 0.37 M M 6.6 15 300 M M 2 3 28 0
26 82 41 62 M 3 0 M M M 6.3 16 160 M M 0 22 160
27 84 51 68 M 0 3 0.00 M M 7.7 15 150 M M 6 1 23 170
28 72 45 59 M 6 0 0.00 M M 12.0 23 360 M M 3 33 360
29 76 38 57 M 8 0 M M M 6.5 17 160 M M 6 22 150
30 74 56 65 M 0 0 M M M 8.0 17 150 M M 6 1 22 170
31 72 51 62 M 3 0 M M M 10.4 22 10 M M 6 28 10
================================================================================
SM 2265 1433 188 31 0.91 M 284.4 M 146
================================================================================
AV 73.1 46.2 9.2 FASTST M M 5 MAX(MPH)
MISC ----> 29 290 38 290
================================================================================
NOTES:
# LAST OF SEVERAL OCCURRENCES
COLUMN 17 PEAK WIND IN M.P.H.
PRELIMINARY LOCAL CLIMATOLOGICAL DATA (WS FORM: F-6) , PAGE 2
STATION: KERRVILLE
MONTH: MARCH
YEAR: 2021
LATITUDE: 29 58 N
LONGITUDE: 99 5 W
[TEMPERATURE DATA] [PRECIPITATION DATA] SYMBOLS USED IN COLUMN 16
AVERAGE MONTHLY: 59.6 TOTAL FOR MONTH: 0.91 1 = FOG OR MIST
DPTR FM NORMAL: 0.0 DPTR FM NORMAL: M 2 = FOG REDUCING VISIBILITY
HIGHEST: 84 ON 27 GRTST 24HR 0.47 ON 22-22 TO 1/4 MILE OR LESS
LOWEST: 29 ON 3 3 = THUNDER
SNOW, ICE PELLETS, HAIL 4 = ICE PELLETS
TOTAL MONTH: M 5 = HAIL
GRTST 24HR M ON M 6 = FREEZING RAIN OR DRIZZLE
GRTST DEPTH: M ON M 7 = DUSTSTORM OR SANDSTORM:
VSBY 1/2 MILE OR LESS
8 = SMOKE OR HAZE
[NO. OF DAYS WITH] [WEATHER - DAYS WITH] 9 = BLOWING SNOW
X = TORNADO
MAX 32 OR BELOW: 0 0.01 INCH OR MORE: 6
MAX 90 OR ABOVE: 0 0.10 INCH OR MORE: 2
MIN 32 OR BELOW: 1 0.50 INCH OR MORE: 0
MIN 0 OR BELOW: 0 1.00 INCH OR MORE: 0
[HDD (BASE 65) ]
TOTAL THIS MO. 188 CLEAR (SCALE 0-3) 12
DPTR FM NORMAL M PTCLDY (SCALE 4-7) 12
TOTAL FM JUL 1 1972 CLOUDY (SCALE 8-10) 7
DPTR FM NORMAL M
[CDD (BASE 65) ]
TOTAL THIS MO. 31
DPTR FM NORMAL M [PRESSURE DATA]
TOTAL FM JAN 1 40 HIGHEST SLP M ON M
DPTR FM NORMAL M LOWEST SLP M ON M
[REMARKS]
#FINAL-03-21#