000
CXUS53 KDMX 021530
CF6EST
PRELIMINARY LOCAL CLIMATOLOGICAL DATA (WS FORM: F-6)
STATION: ESTHERVILLE IA
MONTH: NOVEMBER
YEAR: 2023
LATITUDE: 43 24 N
LONGITUDE: 94 45 W
TEMPERATURE IN F: :PCPN: SNOW: WIND :SUNSHINE: SKY :PK WND
================================================================================
1 2 3 4 5 6A 6B 7 8 9 10 11 12 13 14 15 16 17 18
12Z AVG MX 2MIN
DY MAX MIN AVG DEP HDD CDD WTR SNW DPTH SPD SPD DIR MIN PSBL S-S WX SPD DR
================================================================================
1 46 19 33 -7 32 0 0.00 0.0 M 12.6 28 230 M M 4 37 220
2 52 21 37 -2 28 0 0.00 0.0 M 6.6 16 170 M M 0 1 19 170
3 55 34 45 6 20 0 0.00 0.0 M 8.3 16 360 M M 6 22 20
4 57 28 43 5 22 0 0.00 0.0 M 6.5 14 240 M M 4 18 21 220
5 66 38 52 14 13 0 0.00 0.0 M 17.4 35 190 M M 0 49 190
6 64 38 51 14 14 0 0.00 0.0 M 13.8 28 300 M M 1 35 300
7 50 29 40 3 25 0 0.00 0.0 M 11.3 21 140 M M 5 25 150
8 58 34 46 10 19 0 0.00 0.0 M 10.4 29 300 M M 4 40 310
9 53 27 40 4 25 0 0.00 0.0 M 13.6 33 300 M M 1 44 300
10 39 25 32 -3 33 0 0.00 0.0 M 5.9 14 300 M M 8 19 310
11 55 28 42 7 23 0 0.00 0.0 M 15.8 29 180 M M 4 38 190
12 65 31 48 14 17 0 0.00 0.0 M 12.2 24 300 M M 0 31 290
13 63 29 46 12 19 0 0.00 0.0 M 9.3 18 180 M M 0 23 190
14 66 40 53 20 12 0 0.00 0.0 M 17.8 36 200 M M 0 48 210
15 63 29 46 13 19 0 0.00 0.0 M 8.9 16 180 M M 0 21 170
16 66 33 50 18 15 0 0.00 0.0 M 21.4 35 240 M M 0 47 220
17 48 22 35 3 30 0 0.00 0.0 M 9.5 23 340 M M 0 33 350
18 62 27 45 14 20 0 0.00 0.0 M 6.5 13 250 M M 0 19 270
19 60 29 45 14 20 0 0.00 0.0 M 8.2 21 160 M M 4 25 160
20 47 39 43 13 22 0 0.03 0.0 M 10.2 17 40 M M 10 1 22 50
21 41 21 31 1 34 0 0.01 0.0 M 16.8 32 330 M M 4 1 41 340
22 56 19 38 8 27 0 0.00 0.0 M 13.2 26 210 M M 0 36 220
23 32 17 25 -4 40 0 0.00 0.0 M 17.0 25 350 M M 0 33 350
24 28 10 19 -9 46 0 0.00 0.0 M 8.3 18 360 M M 2 25 350
25 28 17 23 -5 42 0 0.04 M M 5.8 12 230 M M 10 18 15 230
26 34 14 24 -4 41 0 T M M 14.8 30 310 M M 7 1 40 320
27 25 4 15 -12 50 0 T M M 10.7 21 320 M M 3 8 26 330
28 37 2 20 -7 45 0 0.00 0.0 M 11.5 25 200 M M 1 36 220
29 52 24 38 12 27 0 0.00 0.0 M 10.5 17 250 M M 0 22 250
30 42 20 31 5 34 0 0.00 0.0 M 11.6 21 340 M M 0 28 340
================================================================================
SM 1510 748 814 0 0.08 0.0 346.4 M 78
================================================================================
AV 50.3 24.9 11.5 FASTST M M 3 MAX(MPH)
MISC ----> 36 200 49 190
================================================================================
NOTES:
# LAST OF SEVERAL OCCURRENCES
COLUMN 17 PEAK WIND IN M.P.H.
PRELIMINARY LOCAL CLIMATOLOGICAL DATA (WS FORM: F-6) , PAGE 2
STATION: ESTHERVILLE IA
MONTH: NOVEMBER
YEAR: 2023
LATITUDE: 43 24 N
LONGITUDE: 94 45 W
[TEMPERATURE DATA] [PRECIPITATION DATA] SYMBOLS USED IN COLUMN 16
AVERAGE MONTHLY: 37.6 TOTAL FOR MONTH: 0.08 1 = FOG OR MIST
DPTR FM NORMAL: 5.0 DPTR FM NORMAL: -1.29 2 = FOG REDUCING VISIBILITY
HIGHEST: 66 ON 16,14 GRTST 24HR 0.04 ON 20-21 TO 1/4 MILE OR LESS
LOWEST: 2 ON 28 3 = THUNDER
SNOW, ICE PELLETS, HAIL 4 = ICE PELLETS
TOTAL MONTH: 0.0 INCH 5 = HAIL
GRTST 24HR 0.0 6 = FREEZING RAIN OR DRIZZLE
GRTST DEPTH: M ON M 7 = DUSTSTORM OR SANDSTORM:
VSBY 1/2 MILE OR LESS
8 = SMOKE OR HAZE
[NO. OF DAYS WITH] [WEATHER - DAYS WITH] 9 = BLOWING SNOW
X = TORNADO
MAX 32 OR BELOW: 4 0.01 INCH OR MORE: 3
MAX 90 OR ABOVE: 0 0.10 INCH OR MORE: 0
MIN 32 OR BELOW: 23 0.50 INCH OR MORE: 0
MIN 0 OR BELOW: 0 1.00 INCH OR MORE: 0
[HDD (BASE 65) ]
TOTAL THIS MO. 814 CLEAR (SCALE 0-3) 17
DPTR FM NORMAL -158 PTCLDY (SCALE 4-7) 11
TOTAL FM JUL 1 1370 CLOUDY (SCALE 8-10) 2
DPTR FM NORMAL -377
[CDD (BASE 65) ]
TOTAL THIS MO. 0
DPTR FM NORMAL 0 [PRESSURE DATA]
TOTAL FM JAN 1 749 HIGHEST SLP 30.69 ON 24
DPTR FM NORMAL 222 LOWEST SLP 29.56 ON 6
[REMARKS]
#FINAL-11-23#