000
CXUS56 KPQR 011155
CF6EUG
PRELIMINARY LOCAL CLIMATOLOGICAL DATA (WS FORM: F-6)
STATION: EUGENE OR
MONTH: MAY
YEAR: 2021
LATITUDE: 44 7 N
LONGITUDE: 123 13 W
TEMPERATURE IN F: :PCPN: SNOW: WIND :SUNSHINE: SKY :PK WND
================================================================================
1 2 3 4 5 6A 6B 7 8 9 10 11 12 13 14 15 16 17 18
12Z AVG MX 2MIN
DY MAX MIN AVG DEP HDD CDD WTR SNW DPTH SPD SPD DIR MIN PSBL S-S WX SPD DR
================================================================================
1 61 51 56 2 9 0 0.49 0.0 0 5.9 14 30 M M 9 18 18 30
2 66 44 55 1 10 0 0.04 0.0 0 3.9 12 360 M M 7 1 15 360
3 71 40 56 2 9 0 0.01 0.0 0 3.9 15 350 M M 7 17 350
4 71 46 59 5 6 0 0.00 0.0 0 7.2 16 360 M M 6 20 350
5 78 42 60 6 5 0 0.00 0.0 0 5.7 13 220 M M 5 14 230
6 66 46 56 2 9 0 0.02 0.0 0 8.7 20 240 M M 6 1 23 270
7 63 39 51 -4 14 0 0.06 0.0 0 6.6 16 320 M M 6 1 25 270
8 62 34 48 -7 17 0 T 0.0 0 3.5 9 350 M M 5 11 10
9 69 46 58 3 7 0 0.00 0.0 0 5.9 17 350 M M 6 26 350
10 71 42 57 2 8 0 0.00 0.0 0 10.3 21 20 M M 5 29 350
11 75 44 60 5 5 0 0.00 0.0 0 9.9 22 20 M M 2 25 20
12 78 41 60 4 5 0 0.00 0.0 0 5.5 14 40 M M 2 1 18 50
13 80 44 62 6 3 0 0.00 0.0 0 6.6 17 30 M M 4 1 22 10
14 80 50 65 9 0 0 0.00 0.0 0 8.2 21 10 M M 2 25 10
15 78 41 60 4 5 0 0.00 0.0 0 8.2 21 10 M M 1 26 10
16 82 43 63 7 2 0 0.00 0.0 0 5.6 15 20 M M 0 1 19 30
17 72 48 60 4 5 0 T 0.0 0 10.2 23 270 M M 6 29 260
18 64 40 52 -4 13 0 0.00 0.0 0 5.5 18 310 M M 6 21 300
19 60 36 48 -9 17 0 0.17 0.0 0 4.1 17 290 M M 7 1 21 260
20 57 39 48 -9 17 0 0.11 0.0 0 5.8 22 340 M M 7 1 24 340
21 65 37 51 -6 14 0 0.00 0.0 0 5.1 15 30 M M 6 12 19 30
22 72 42 57 0 8 0 0.00 0.0 0 5.1 17 220 M M 7 22 230
23 64 41 53 -4 12 0 T 0.0 0 7.2 14 250 M M 8 17 270
24 68 51 60 3 5 0 0.32 0.0 0 5.4 13 240 M M 10 18 17 280
25 63 47 55 -2 10 0 0.03 0.0 0 6.9 17 250 M M 8 1 22 270
26 76 40 58 0 7 0 0.00 0.0 0 4.6 17 260 M M 5 12 21 250
27 65 43 54 -4 11 0 0.03 0.0 0 10.2 22 220 M M 7 18 27 230
28 71 41 56 -2 9 0 0.00 0.0 0 10.0 23 10 M M 5 29 360
29 80 42 61 3 4 0 0.00 0.0 0 6.1 14 20 M M 3 18 30
30 84 46 65 7 0 0 0.00 0.0 0 5.9 16 20 M M 3 24 30
31 88 48 68 10 0 3 0.00 0.0 0 6.5 18 20 M M 4 22 10
================================================================================
SM 2200 1334 246 3 1.28 0.0 204.2 M 165
================================================================================
AV 71.0 43.0 6.6 FASTST M M 5 MAX(MPH)
MISC ----> # 23 270 # 29 350
================================================================================
NOTES:
# LAST OF SEVERAL OCCURRENCES
COLUMN 17 PEAK WIND IN M.P.H.
PRELIMINARY LOCAL CLIMATOLOGICAL DATA (WS FORM: F-6) , PAGE 2
STATION: EUGENE OR
MONTH: MAY
YEAR: 2021
LATITUDE: 44 7 N
LONGITUDE: 123 13 W
[TEMPERATURE DATA] [PRECIPITATION DATA] SYMBOLS USED IN COLUMN 16
AVERAGE MONTHLY: 57.0 TOTAL FOR MONTH: 1.28 1 = FOG OR MIST
DPTR FM NORMAL: 0.9 DPTR FM NORMAL: -1.18 2 = FOG REDUCING VISIBILITY
HIGHEST: 88 ON 31 GRTST 24HR 0.50 ON 30- 1 TO 1/4 MILE OR LESS
LOWEST: 34 ON 8 3 = THUNDER
SNOW, ICE PELLETS, HAIL 4 = ICE PELLETS
TOTAL MONTH: 0.0 INCH 5 = HAIL
GRTST 24HR 0.0 6 = FREEZING RAIN OR DRIZZLE
GRTST DEPTH: 0 7 = DUSTSTORM OR SANDSTORM:
VSBY 1/2 MILE OR LESS
8 = SMOKE OR HAZE
[NO. OF DAYS WITH] [WEATHER - DAYS WITH] 9 = BLOWING SNOW
X = TORNADO
MAX 32 OR BELOW: 0 0.01 INCH OR MORE: 10
MAX 90 OR ABOVE: 0 0.10 INCH OR MORE: 4
MIN 32 OR BELOW: 0 0.50 INCH OR MORE: 0
MIN 0 OR BELOW: 0 1.00 INCH OR MORE: 0
[HDD (BASE 65) ]
TOTAL THIS MO. 246 CLEAR (SCALE 0-3) 5
DPTR FM NORMAL -35 PTCLDY (SCALE 4-7) 24
TOTAL FM JUL 1 4107 CLOUDY (SCALE 8-10) 2
DPTR FM NORMAL -362
[CDD (BASE 65) ]
TOTAL THIS MO. 3
DPTR FM NORMAL -1 [PRESSURE DATA]
TOTAL FM JAN 1 3 HIGHEST SLP 30.44 ON 8
DPTR FM NORMAL -1 LOWEST SLP 29.82 ON 5
[REMARKS]
#FINAL-05-21#