000
CXUS56 KPQR 011201
CF6EUG
PRELIMINARY LOCAL CLIMATOLOGICAL DATA (WS FORM: F-6)
STATION: EUGENE OR
MONTH: SEPTEMBER
YEAR: 2023
LATITUDE: 44 7 N
LONGITUDE: 123 13 W
TEMPERATURE IN F: :PCPN: SNOW: WIND :SUNSHINE: SKY :PK WND
================================================================================
1 2 3 4 5 6A 6B 7 8 9 10 11 12 13 14 15 16 17 18
12Z AVG MX 2MIN
DY MAX MIN AVG DEP HDD CDD WTR SNW DPTH SPD SPD DIR MIN PSBL S-S WX SPD DR
================================================================================
1 79 60 70 4 0 5 0.07 0.0 0 9.7 18 310 M M 8 18 21 320
2 88 55 72 6 0 7 T 0.0 0 5.7 24 170 M M 5 3 29 170
3 79 56 68 2 0 3 T 0.0 0 8.3 17 240 M M 7 22 240
4 72 48 60 -6 5 0 0.01 0.0 0 4.9 14 280 M M 7 17 270
5 78 44 61 -4 4 0 0.00 0.0 0 5.5 15 320 M M 1 18 21 310
6 82 45 64 -1 1 0 0.00 0.0 0 3.5 17 300 M M 2 1 20 300
7 79 51 65 0 0 0 0.00 0.0 0 4.0 14 300 M M 3 18 290
8 82 45 64 -1 1 0 0.00 0.0 0 5.2 15 290 M M 1 8 20 290
9 88 50 69 4 0 4 0.00 0.0 0 4.5 13 310 M M 1 15 280
10 85 55 70 6 0 5 0.00 0.0 0 7.2 15 190 M M 4 17 170
11 80 52 66 2 0 1 0.00 0.0 0 6.2 16 180 M M 5 21 170
12 84 47 66 2 0 1 0.00 0.0 0 3.7 16 310 M M 3 1 18 310
13 84 54 69 5 0 4 0.00 0.0 0 8.9 20 320 M M 3 24 310
14 89 50 70 6 0 5 0.00 0.0 0 6.2 14 310 M M 0 8 18 330
15 94 49 72 9 0 7 0.00 0.0 0 3.3 14 310 M M 2 22 320
16 88 53 71 8 0 6 0.00 0.0 0 4.8 14 180 M M 2 17 170
17 81 45 63 0 2 0 0.00 0.0 0 5.0 15 320 M M 5 1 19 340
18 75 50 63 0 2 0 0.00 0.0 0 6.5 20 320 M M 4 27 310
19 75 46 61 -1 4 0 0.00 0.0 0 7.1 16 340 M M 1 8 22 320
20 72 47 60 -2 5 0 T 0.0 0 4.7 14 280 M M 7 22 320
21 76 40 58 -4 7 0 0.00 0.0 0 5.3 16 290 M M 3 1 19 290
22 80 42 61 0 4 0 0.00 0.0 0 4.6 15 200 M M 2 20 210
23 70 51 61 0 4 0 T 0.0 0 4.6 15 220 M M 7 18 230
24 62 49 56 -5 9 0 0.36 0.0 0 4.2 16 80 M M 8 18 22 70
25 65 56 61 1 4 0 0.75 0.0 0 8.6 28 70 M M 10 1 34 70
26 71 55 63 3 2 0 0.09 0.0 0 10.6 28 150 M M 8 32 140
27 69 51 60 0 5 0 0.16 0.0 0 8.2 20 180 M M 7 1 23 180
28 68 50 59 0 6 0 0.08 0.0 0 5.0 12 290 M M 8 1 14 290
29 62 55 59 0 6 0 0.14 0.0 0 6.9 15 310 M M 10 1 17 310
30 69 46 58 -1 7 0 0.00 0.0 0 8.7 18 310 M M 6 23 330
================================================================================
SM 2326 1497 78 48 1.66 0.0 181.6 M 140
================================================================================
AV 77.5 49.9 6.1 FASTST M M 5 MAX(MPH)
MISC ----> # 28 70 34 70
================================================================================
NOTES:
# LAST OF SEVERAL OCCURRENCES
COLUMN 17 PEAK WIND IN M.P.H.
PRELIMINARY LOCAL CLIMATOLOGICAL DATA (WS FORM: F-6) , PAGE 2
STATION: EUGENE OR
MONTH: SEPTEMBER
YEAR: 2023
LATITUDE: 44 7 N
LONGITUDE: 123 13 W
[TEMPERATURE DATA] [PRECIPITATION DATA] SYMBOLS USED IN COLUMN 16
AVERAGE MONTHLY: 63.7 TOTAL FOR MONTH: 1.66 1 = FOG OR MIST
DPTR FM NORMAL: 0.8 DPTR FM NORMAL: 0.27 2 = FOG REDUCING VISIBILITY
HIGHEST: 94 ON 15 GRTST 24HR 0.91 ON 24-25 TO 1/4 MILE OR LESS
LOWEST: 40 ON 21 3 = THUNDER
SNOW, ICE PELLETS, HAIL 4 = ICE PELLETS
TOTAL MONTH: 0.0 INCH 5 = HAIL
GRTST 24HR 0.0 6 = FREEZING RAIN OR DRIZZLE
GRTST DEPTH: 0 7 = DUSTSTORM OR SANDSTORM:
VSBY 1/2 MILE OR LESS
8 = SMOKE OR HAZE
[NO. OF DAYS WITH] [WEATHER - DAYS WITH] 9 = BLOWING SNOW
X = TORNADO
MAX 32 OR BELOW: 0 0.01 INCH OR MORE: 8
MAX 90 OR ABOVE: 1 0.10 INCH OR MORE: 4
MIN 32 OR BELOW: 0 0.50 INCH OR MORE: 1
MIN 0 OR BELOW: 0 1.00 INCH OR MORE: 0
[HDD (BASE 65) ]
TOTAL THIS MO. 78 CLEAR (SCALE 0-3) 11
DPTR FM NORMAL -23 PTCLDY (SCALE 4-7) 16
TOTAL FM JUL 1 84 CLOUDY (SCALE 8-10) 3
DPTR FM NORMAL -65
[CDD (BASE 65) ]
TOTAL THIS MO. 48
DPTR FM NORMAL 10 [PRESSURE DATA]
TOTAL FM JAN 1 588 HIGHEST SLP 30.19 ON 27
DPTR FM NORMAL 296 LOWEST SLP 29.75 ON 1
[REMARKS]
#FINAL-09-23#