000
CXUS53 KPAH 011111
CLSEVV
CLIMATE REPORT
NATIONAL WEATHER SERVICE PADUCAH KY
511 AM CST THU DEC 01 2022
...................................
...THE EVANSVILLE IN CLIMATE SUMMARY FOR THE SEASON, FROM
9/1/2022 TO 11/30/2022...
CLIMATE NORMAL PERIOD 1991 TO 2020
CLIMATE RECORD PERIOD 1896 TO 2022
WEATHER OBSERVED NORMAL DEPART LAST YEAR`S
VALUE DATE(S) VALUE FROM VALUE
NORMAL
..............................................................
TEMPERATURE (F)
RECORD
HIGH 104 09/06/1925
LOW -3 11/25/1950
HIGHEST 96 09/20 69 27
09/21
LOWEST 16 11/19 0 16
AVG. MAXIMUM 70.0 69.4 0.6
AVG. MINIMUM 46.0 47.4 -1.4
MEAN 58.0 58.4 -0.4
DAYS MAX >= 90 4 5.7 -1.7
DAYS MAX <= 32 0 0.4 -0.4
DAYS MIN <= 32 16 13.5 2.5
DAYS MIN <= 0 0 0.0 0.0
PRECIPITATION (INCHES)
RECORD
MAXIMUM 19.16 2006
MINIMUM 2.95 1963
TOTALS 8.66 10.81 -2.15
DAILY AVG. 0.09 0.12 -0.03
DAYS >= .01 20 25.4 -5.4
DAYS >= .10 12 16.9 -4.9
DAYS >= .50 4 7.1 -3.1
DAYS >= 1.00 2 3.0 -1.0
GREATEST
24 HR. TOTAL 4.66 09/03 TO 09/04
STORM TOTAL 4.48
(MM/DD(HH))
SNOWFALL (INCHES)
TOTALS 2.5
LIQUID EQUIV 0.30
SINCE 7/1 2.5
LIQUID 7/1 0.25
SNOWDEPTH AVG. 0
DAYS >= TRACE 1
DAYS >= 1.0 1
GREATEST
SNOW DEPTH 2 11/12
24 HR TOTAL MM
STORM TOTAL 2.5
(MM/DD(HH))
DEGREE DAYS
HEATING TOTAL 843 833 10
SINCE 7/1 843 832 11
COOLING TOTAL 229 232 -3
SINCE 1/1 1657 1525 132
FREEZE DATES
RECORD
EARLIEST 10/03/1974
LATEST 05/10/1966
EARLIEST 10/19
LATEST 04/03
..............................................................
WIND (MPH)
AVERAGE WIND SPEED 5.9
HIGHEST WIND SPEED/DIRECTION 31/210 DATE 11/27
HIGHEST GUST SPEED/DIRECTION 53/340 DATE 09/03
SKY COVER
POSSIBLE SUNSHINE (PERCENT) MM
AVERAGE SKY COVER 0.26
NUMBER OF DAYS FAIR 66
NUMBER OF DAYS PC 16
NUMBER OF DAYS CLOUDY 9
AVERAGE RH (PERCENT) 64
WEATHER CONDITIONS. NUMBER OF DAYS WITH
THUNDERSTORM 7 MIXED PRECIP 0
HEAVY RAIN 7 RAIN 11
LIGHT RAIN 20 FREEZING RAIN 0
LT FREEZING RAIN 0 HAIL 0
HEAVY SNOW 1 SNOW 1
LIGHT SNOW 1 SLEET 0
FOG 29 FOG W/VIS <= 1/4 MILE 7
HAZE 8
- INDICATES NEGATIVE NUMBERS.
R INDICATES RECORD WAS SET OR TIED.
MM INDICATES DATA IS MISSING.
T INDICATES TRACE AMOUNT.
$$