000
CXUS56 KSLC 011302
CF6EVW
PRELIMINARY LOCAL CLIMATOLOGICAL DATA (WS FORM: F-6)
STATION: EVANSTON WY
MONTH: OCTOBER
YEAR: 2022
LATITUDE: 41 16 N
LONGITUDE: 111 2 W
TEMPERATURE IN F: :PCPN: SNOW: WIND :SUNSHINE: SKY :PK WND
================================================================================
1 2 3 4 5 6A 6B 7 8 9 10 11 12 13 14 15 16 17 18
12Z AVG MX 2MIN
DY MAX MIN AVG DEP HDD CDD WTR SNW DPTH SPD SPD DIR MIN PSBL S-S WX SPD DR
================================================================================
1 60 37 49 -1 16 0 0.00 M M 7.1 23 220 M M 2 29 220
2 68 39 54 4 11 0 T 0.0 0 8.5 26 270 M M 3 35 270
3 67 39 53 4 12 0 0.00 0.0 0 4.5 15 340 M M 2 21 340
4 66 37 52 3 13 0 0.00 0.0 0 5.3 17 360 M M 0 24 310
5 67 41 54 6 11 0 0.00 0.0 0 7.1 14 70 M M 0 21 100
6 70 39 55 7 10 0 0.00 M M 4.9 12 300 M M 0 15 310
7 70 42 56 8 9 0 0.00 M M 6.2 16 320 M M 0 22 310
8 69 41 55 8 10 0 0.00 M M 7.7 14 30 M M 0 21 20
9 70 40 55 8 10 0 0.00 M M 5.2 14 20 M M 1 21 20
10 69 41 55 9 10 0 0.00 M M 9.8 23 250 M M 0 8 31 270
11 64 40 52 6 13 0 0.00 M M 15.0 30 250 M M 0 42 250
12 69 38 54 8 11 0 0.00 M M 9.1 21 320 M M 0 32 340
13 67 39 53 8 12 0 0.00 M M 7.1 22 10 M M 0 32 340
14 70 38 54 9 11 0 0.00 M M 8.3 18 230 M M 0 25 230
15 66 37 52 8 13 0 0.00 M M 9.4 25 70 M M 0 36 70
16 59 37 48 4 17 0 0.00 M M 13.3 25 80 M M 0 37 60
17 M 34 M M M M 0.00 0.0 0 4.8 10 40 M M 0 13 40
18 70 M M M M M 0.00 M M M M M M M M M M
19 71 38 55 12 10 0 0.00 M M 4.2 12 350 M M 0 17 360
20 69 39 54 12 11 0 0.00 M M 9.7 20 260 M M 0 27 250
21 65 36 51 9 14 0 0.00 M M 15.4 33 230 M M 0 43 220
22 52 29 41 0 24 0 0.08 M M 19.2 40 230 M M 8 12 62 230
23 32 23 28 -13 37 0 T M M 10.8 23 310 M M 8 1 29 290
24 35 18 27 -14 38 0 T M M 14.8 28 230 M M 5 40 230
25 43 29 36 -4 29 0 T M M 12.0 24 230 M M 6 1 34 230
26 40 17 29 -11 36 0 0.05 M M 8.8 29 240 M M 6 128 45 230
27 37 17 27 -13 38 0 0.00 M M 4.7 14 220 M M 5 19 210
28 51 20 36 -3 29 0 0.00 M M 6.5 17 240 M M 0 23 230
29 52 27 40 1 25 0 0.00 0.0 M 3.8 14 330 M M 4 19 350
30 54 28 41 3 24 0 0.00 M M 7.1 17 260 M M 0 23 280
31 55 27 41 3 24 0 0.00 M M 8.8 18 220 M M 0 25 210
================================================================================
SM 1797 1007 528 0 0.13 0.0 259.1 M 50
================================================================================
AV 59.9 33.6 8.6 FASTST M M 2 MAX(MPH)
MISC ----> 40 230 62 230
================================================================================
NOTES:
# LAST OF SEVERAL OCCURRENCES
COLUMN 17 PEAK WIND IN M.P.H.
PRELIMINARY LOCAL CLIMATOLOGICAL DATA (WS FORM: F-6) , PAGE 2
STATION: EVANSTON WY
MONTH: OCTOBER
YEAR: 2022
LATITUDE: 41 16 N
LONGITUDE: 111 2 W
[TEMPERATURE DATA] [PRECIPITATION DATA] SYMBOLS USED IN COLUMN 16
AVERAGE MONTHLY: 46.7 TOTAL FOR MONTH: 0.13 1 = FOG OR MIST
DPTR FM NORMAL: 2.8 DPTR FM NORMAL: -0.86 2 = FOG REDUCING VISIBILITY
HIGHEST: 71 ON 19 GRTST 24HR 0.08 ON 22-22 TO 1/4 MILE OR LESS
LOWEST: 17 ON 27,26 3 = THUNDER
SNOW, ICE PELLETS, HAIL 4 = ICE PELLETS
TOTAL MONTH: 0.0 INCH 5 = HAIL
GRTST 24HR 0.0 6 = FREEZING RAIN OR DRIZZLE
GRTST DEPTH: 0 7 = DUSTSTORM OR SANDSTORM:
VSBY 1/2 MILE OR LESS
8 = SMOKE OR HAZE
[NO. OF DAYS WITH] [WEATHER - DAYS WITH] 9 = BLOWING SNOW
X = TORNADO
MAX 32 OR BELOW: 1 0.01 INCH OR MORE: 2
MAX 90 OR ABOVE: 0 0.10 INCH OR MORE: 0
MIN 32 OR BELOW: 10 0.50 INCH OR MORE: 0
MIN 0 OR BELOW: 0 1.00 INCH OR MORE: 0
[HDD (BASE 65) ]
TOTAL THIS MO. 528 CLEAR (SCALE 0-3) 23
DPTR FM NORMAL -126 PTCLDY (SCALE 4-7) 6
TOTAL FM JUL 1 668 CLOUDY (SCALE 8-10) 2
DPTR FM NORMAL -339
[CDD (BASE 65) ]
TOTAL THIS MO. 0
DPTR FM NORMAL 0 [PRESSURE DATA]
TOTAL FM JAN 1 429 HIGHEST SLP 30.45 ON 28
DPTR FM NORMAL 224 LOWEST SLP 29.30 ON 22
[REMARKS]
#FINAL-10-22#