000
CXUS56 KSLC 011536
CF6EVW
PRELIMINARY LOCAL CLIMATOLOGICAL DATA (WS FORM: F-6)
STATION: EVANSTON WY
MONTH: APRIL
YEAR: 2021
LATITUDE: 41 16 N
LONGITUDE: 111 2 W
TEMPERATURE IN F: :PCPN: SNOW: WIND :SUNSHINE: SKY :PK WND
================================================================================
1 2 3 4 5 6A 6B 7 8 9 10 11 12 13 14 15 16 17 18
12Z AVG MX 2MIN
DY MAX MIN AVG DEP HDD CDD WTR SNW DPTH SPD SPD DIR MIN PSBL S-S WX SPD DR
================================================================================
1 62 23 43 8 22 0 0.00 M M 6.9 18 230 M M 0 27 210
2 64 35 50 14 15 0 0.00 M M 9.5 20 260 M M 0 28 270
3 69 36 53 17 12 0 0.00 M M 8.8 25 250 M M 0 36 250
4 69 43 56 20 9 0 0.00 M M 10.7 28 250 M M 0 34 260
5 63 28 46 10 19 0 0.01 M M 13.8 32 270 M M 4 1 39 250
6 34 22 28 -9 37 0 0.03 M M 14.3 25 230 M M 9 1 30 230
7 52 23 38 1 27 0 0.00 M M 10.7 23 240 M M 1 31 240
8 53 28 41 4 24 0 0.00 M M 16.2 36 250 M M 2 45 280
9 50 20 35 -2 30 0 0.00 M M 9.5 23 280 M M 0 28 280
10 57 27 42 4 23 0 0.00 M M 15.0 36 260 M M 0 43 260
11 48 25 37 -1 28 0 0.00 M M 13.1 25 260 M M 0 31 280
12 47 20 34 -4 31 0 0.00 M M 9.0 30 70 M M 0 38 70
13 39 19 29 -9 36 0 0.02 M M 25.2 40 80 M M 6 128 51 90
14 33 21 27 -12 38 0 0.03 M M 22.0 39 80 M M 10 128 49 70
15 36 22 29 -10 36 0 0.33 M M 7.3 18 90 M M 10 12 22 80
16 37 21 29 -10 36 0 0.01 M M 15.6 26 90 M M 7 18 32 80
17 43 22 33 -7 32 0 0.00 M M 11.8 25 80 M M 1 31 80
18 54 25 40 0 25 0 0.00 M M 8.5 18 270 M M 1 28 350
19 51 20 36 -4 29 0 0.02 M M 19.1 41 250 M M 4 12 52 320
20 45 17 31 -9 34 0 0.00 M M 10.2 21 80 M M 1 27 80
21 36 21 29 -12 36 0 T M M 13.6 24 70 M M 6 1 32 70
22 52 23 38 -3 27 0 0.00 M M 7.7 22 260 M M 3 27 300
23 53 30 42 0 23 0 T M M 10.8 26 250 M M 5 36 260
24 58 32 45 3 20 0 0.00 M M 14.4 37 210 M M 5 47 210
25 58 33 46 4 19 0 0.00 M M 14.8 40 230 M M 6 49 230
26 44 30 37 -5 28 0 T M M 12.0 31 210 M M 9 1 40 210
27 49 29 39 -4 26 0 0.04 M M 5.2 24 20 M M 8 29 80
28 60 31 46 3 19 0 0.00 M M 8.5 21 320 M M 1 27 30
29 68 33 51 8 14 0 0.00 M M 5.8 17 300 M M 0 23 300
30 76 41 59 15 6 0 0.00 M M 9.1 22 240 M M 0 30 250
================================================================================
SM 1560 800 761 0 0.49 M 359.1 M 99
================================================================================
AV 52.0 26.7 12.0 FASTST M M 3 MAX(MPH)
MISC ----> 41 250 52 320
================================================================================
NOTES:
# LAST OF SEVERAL OCCURRENCES
COLUMN 17 PEAK WIND IN M.P.H.
PRELIMINARY LOCAL CLIMATOLOGICAL DATA (WS FORM: F-6) , PAGE 2
STATION: EVANSTON WY
MONTH: APRIL
YEAR: 2021
LATITUDE: 41 16 N
LONGITUDE: 111 2 W
[TEMPERATURE DATA] [PRECIPITATION DATA] SYMBOLS USED IN COLUMN 16
AVERAGE MONTHLY: 39.3 TOTAL FOR MONTH: 0.49 1 = FOG OR MIST
DPTR FM NORMAL: -0.1 DPTR FM NORMAL: -0.66 2 = FOG REDUCING VISIBILITY
HIGHEST: 76 ON 30 GRTST 24HR 0.34 ON 15-16 TO 1/4 MILE OR LESS
LOWEST: 17 ON 20 3 = THUNDER
SNOW, ICE PELLETS, HAIL 4 = ICE PELLETS
TOTAL MONTH: M 5 = HAIL
GRTST 24HR M ON M 6 = FREEZING RAIN OR DRIZZLE
GRTST DEPTH: M ON M 7 = DUSTSTORM OR SANDSTORM:
VSBY 1/2 MILE OR LESS
8 = SMOKE OR HAZE
[NO. OF DAYS WITH] [WEATHER - DAYS WITH] 9 = BLOWING SNOW
X = TORNADO
MAX 32 OR BELOW: 0 0.01 INCH OR MORE: 8
MAX 90 OR ABOVE: 0 0.10 INCH OR MORE: 1
MIN 32 OR BELOW: 24 0.50 INCH OR MORE: 0
MIN 0 OR BELOW: 0 1.00 INCH OR MORE: 0
[HDD (BASE 65) ]
TOTAL THIS MO. 761 CLEAR (SCALE 0-3) 17
DPTR FM NORMAL -8 PTCLDY (SCALE 4-7) 9
TOTAL FM JUL 1 7262 CLOUDY (SCALE 8-10) 4
DPTR FM NORMAL -576
[CDD (BASE 65) ]
TOTAL THIS MO. 0
DPTR FM NORMAL 0 [PRESSURE DATA]
TOTAL FM JAN 1 0 HIGHEST SLP 30.38 ON 1
DPTR FM NORMAL 0 LOWEST SLP 29.46 ON 26
[REMARKS]
#FINAL-04-21#