000
CXUS52 KMHX 010700
CF6EWN
PRELIMINARY LOCAL CLIMATOLOGICAL DATA (WS FORM: F-6)
STATION: NEW BERN NC
MONTH: FEBRUARY
YEAR: 2023
LATITUDE: 35 4 N
LONGITUDE: 77 3 W
TEMPERATURE IN F: :PCPN: SNOW: WIND :SUNSHINE: SKY :PK WND
================================================================================
1 2 3 4 5 6A 6B 7 8 9 10 11 12 13 14 15 16 17 18
12Z AVG MX 2MIN
DY MAX MIN AVG DEP HDD CDD WTR SNW DPTH SPD SPD DIR MIN PSBL S-S WX SPD DR
================================================================================
1 56 41 49 4 16 0 0.04 0.0 0 8.7 18 30 M M 10 12 24 360
2 41 37 39 -6 26 0 0.80 0.0 0 5.9 15 360 M M 10 1 20 350
3 49 31 40 -5 25 0 0.26 0.0 0 8.5 21 320 M M 5 1 27 320
4 39 25 32 -14 33 0 0.00 0.0 0 6.9 20 50 M M 0 23 30
5 59 28 44 -2 21 0 0.12 0.0 0 1.4 10 330 M M 7 1 13 330
6 62 35 49 3 16 0 0.00 0.0 0 6.8 24 340 M M 3 1 34 340
7 66 32 49 3 16 0 0.00 0.0 0 3.8 12 200 M M 0 1 15 240
8 73 46 60 14 5 0 0.00 0.0 0 4.7 13 280 M M 0 18 260
9 74 42 58 12 7 0 0.00 0.0 0 6.1 17 180 M M 2 1 24 200
10 80 55 68 22 0 3 0.37 0.0 0 7.3 15 310 M M 5 1 22 230
11 56 42 49 3 16 0 0.24 0.0 0 10.2 16 50 M M 9 1 21 40
12 63 42 53 6 12 0 1.00 0.0 0 10.6 23 50 M M 10 1 29 60
13 63 42 53 6 12 0 T 0.0 M 8.7 20 290 M M 3 1 28 290
14 63 37 50 3 15 0 0.00 0.0 M 3.8 14 110 M M 0 20 110
15 77 40 59 12 6 0 0.00 0.0 M 7.0 21 240 M M 1 30 250
16 79 54 67 20 0 2 0.00 0.0 M 10.2 23 210 M M 2 31 210
17 78 48 63 15 2 0 0.04 0.0 0 13.9 28 340 M M 7 13 35 230
18 53 33 43 -5 22 0 0.00 0.0 0 7.1 18 340 M M 0 27 340
19 62 29 46 -2 19 0 T 0.0 0 2.8 9 140 M M 3 1 12 130
20 73 51 62 14 3 0 T 0.0 0 7.7 16 230 M M 1 1 23 230
21 75 54 65 17 0 0 0.00 0.0 0 8.6 18 260 M M 1 24 260
22 83 47 65 17 0 0 0.00 0.0 0 7.7 18 190 M M 0 1 27 210
23 86 63 75 26 0 10 0.00 0.0 0 12.1 25 250 M M 1 38 260
24 79 55 67 18 0 2 0.00 0.0 0 9.0 22 360 M M 3 28 10
25 55 46 51 2 14 0 0.32 0.0 0 6.9 14 360 M M 10 1 19 30
26 56 45 51 2 14 0 0.00 0.0 0 5.3 15 10 M M 7 1 20 360
27 68 45 57 8 8 0 0.00 0.0 0 8.1 23 220 M M 6 1 31 220
28 79 54 67 17 0 2 0.00 0.0 0 9.4 21 220 M M 1 29 230
================================================================================
SM 1847 1199 308 19 3.19 0.0 209.2 M 107
================================================================================
AV 66.0 42.8 7.5 FASTST M M 4 MAX(MPH)
MISC ----> 28 340 38 260
================================================================================
NOTES:
# LAST OF SEVERAL OCCURRENCES
COLUMN 17 PEAK WIND IN M.P.H.
PRELIMINARY LOCAL CLIMATOLOGICAL DATA (WS FORM: F-6) , PAGE 2
STATION: NEW BERN NC
MONTH: FEBRUARY
YEAR: 2023
LATITUDE: 35 4 N
LONGITUDE: 77 3 W
[TEMPERATURE DATA] [PRECIPITATION DATA] SYMBOLS USED IN COLUMN 16
AVERAGE MONTHLY: 54.4 TOTAL FOR MONTH: 3.19 1 = FOG OR MIST
DPTR FM NORMAL: 7.3 DPTR FM NORMAL: -0.13 2 = FOG REDUCING VISIBILITY
HIGHEST: 86 ON 23 GRTST 24HR 1.18 ON 11-12 TO 1/4 MILE OR LESS
LOWEST: 25 ON 4 3 = THUNDER
SNOW, ICE PELLETS, HAIL 4 = ICE PELLETS
TOTAL MONTH: 0.0 INCH 5 = HAIL
GRTST 24HR 0.0 6 = FREEZING RAIN OR DRIZZLE
GRTST DEPTH: 0 7 = DUSTSTORM OR SANDSTORM:
VSBY 1/2 MILE OR LESS
8 = SMOKE OR HAZE
[NO. OF DAYS WITH] [WEATHER - DAYS WITH] 9 = BLOWING SNOW
X = TORNADO
MAX 32 OR BELOW: 0 0.01 INCH OR MORE: 9
MAX 90 OR ABOVE: 0 0.10 INCH OR MORE: 7
MIN 32 OR BELOW: 5 0.50 INCH OR MORE: 2
MIN 0 OR BELOW: 0 1.00 INCH OR MORE: 1
[HDD (BASE 65) ]
TOTAL THIS MO. 308 CLEAR (SCALE 0-3) 15
DPTR FM NORMAL -196 PTCLDY (SCALE 4-7) 8
TOTAL FM JUL 1 1653 CLOUDY (SCALE 8-10) 5
DPTR FM NORMAL -480
[CDD (BASE 65) ]
TOTAL THIS MO. 19
DPTR FM NORMAL 15 [PRESSURE DATA]
TOTAL FM JAN 1 24 HIGHEST SLP M ON M
DPTR FM NORMAL 22 LOWEST SLP 29.53 ON 28
[REMARKS]
#FINAL-02-23#