000
CXUS52 KMHX 121947
CF6EWN
PRELIMINARY LOCAL CLIMATOLOGICAL DATA (WS FORM: F-6)
STATION: NEW BERN NC
MONTH: NOVEMBER
YEAR: 2021
LATITUDE: 35 4 N
LONGITUDE: 77 3 W
TEMPERATURE IN F: :PCPN: SNOW: WIND :SUNSHINE: SKY :PK WND
================================================================================
1 2 3 4 5 6A 6B 7 8 9 10 11 12 13 14 15 16 17 18
12Z AVG MX 2MIN
DY MAX MIN AVG DEP HDD CDD WTR SNW DPTH SPD SPD DIR MIN PSBL S-S WX SPD DR
================================================================================
1 70 48 59 1 6 0 0.00 0.0 0 2.4 10 60 M M 2 12 16 60
2 71 45 58 0 7 0 0.00 0.0 0 4.4 18 360 M M 5 12 24 20
3 58 49 54 -4 11 0 0.00 0.0 0 10.3 18 30 M M 9 24 40
4 56 43 50 -7 15 0 T 0.0 0 11.0 18 360 M M 9 22 10
5 54 40 47 -10 18 0 0.00 0.0 0 11.1 20 20 M M 0 25 20
6 63 46 55 -2 10 0 0.05 0.0 0 16.6 24 20 M M 7 1 33 20
7 58 49 54 -2 11 0 T 0.0 0 17.3 26 10 M M 7 36 20
8 70 44 57 1 8 0 0.00 0.0 0 9.1 20 10 M M 0 26 350
9 75 41 58 2 7 0 0.00 0.0 0 1.7 7 280 M M 0 1 9 260
10 77 46 62 6 3 0 0.00 0.0 0 3.0 9 180 M M 0 1 11 200
11 74 42 58 3 7 0 0.03 0.0 0 2.4 9 240 M M 2 1 14 140
12 76 50 63 8 2 0 0.45 0.0 0 5.2 20 170 M M 6 12 26 200
13 72 45 59 4 6 0 0.00 0.0 0 5.8 18 270 M M 1 12 22 250
14 65 39 52 -2 13 0 0.00 0.0 0 5.2 10 10 M M 0 13 180
15 60 35 48 -6 17 0 0.00 0.0 0 6.3 18 310 M M 0 25 310
16 66 33 50 -4 15 0 0.00 0.0 0 2.1 10 70 M M 0 1 13 80
17 75 41 58 4 7 0 0.00 0.0 0 4.2 14 180 M M 0 18 180
18 78 52 65 12 0 0 0.00 0.0 0 7.1 17 210 M M 2 1 24 200
19 65 38 52 -1 13 0 0.00 0.0 0 10.3 20 360 M M 1 28 330
20 60 38 49 -4 16 0 0.00 0.0 0 9.1 14 50 M M 0 19 50
21 70 40 55 2 10 0 0.00 0.0 0 1.9 8 130 M M 2 1 11 140
22 63 46 55 3 10 0 0.07 0.0 0 6.2 23 30 M M 5 1 30 20
23 47 28 38 -14 27 0 0.00 0.0 0 10.3 24 360 M M 1 29 10
24 51 27 39 -13 26 0 0.00 0.0 0 2.6 12 20 M M 0 16 10
25 63 26 45 -7 20 0 0.00 0.0 0 4.5 13 270 M M 0 17 240
26 61 37 49 -3 16 0 0.14 0.0 0 8.4 21 310 M M 3 1 28 320
27 52 31 42 -9 23 0 0.00 0.0 0 4.3 14 360 M M 0 17 360
28 64 33 49 -2 16 0 0.00 0.0 0 4.3 14 250 M M 0 17 230
29 51 30 41 -10 24 0 0.00 0.0 0 6.4 23 10 M M 0 28 20
30 59 25 42 -9 23 0 0.00 0.0 0 4.6 14 230 M M 0 18 240
================================================================================
SM 1924 1187 387 0 0.74 0.0 198.1 M 62
================================================================================
AV 64.1 39.6 6.6 FASTST M M 2 MAX(MPH)
MISC ----> 26 10 36 20
================================================================================
NOTES:
# LAST OF SEVERAL OCCURRENCES
COLUMN 17 PEAK WIND IN M.P.H.
PRELIMINARY LOCAL CLIMATOLOGICAL DATA (WS FORM: F-6) , PAGE 2
STATION: NEW BERN NC
MONTH: NOVEMBER
YEAR: 2021
LATITUDE: 35 4 N
LONGITUDE: 77 3 W
[TEMPERATURE DATA] [PRECIPITATION DATA] SYMBOLS USED IN COLUMN 16
AVERAGE MONTHLY: 51.9 TOTAL FOR MONTH: 0.74 1 = FOG OR MIST
DPTR FM NORMAL: -2.4 DPTR FM NORMAL: -2.59 2 = FOG REDUCING VISIBILITY
HIGHEST: 78 ON 18 GRTST 24HR 0.48 ON 11-12 TO 1/4 MILE OR LESS
LOWEST: 25 ON 30 3 = THUNDER
SNOW, ICE PELLETS, HAIL 4 = ICE PELLETS
TOTAL MONTH: 0.0 INCH 5 = HAIL
GRTST 24HR 0.0 6 = FREEZING RAIN OR DRIZZLE
GRTST DEPTH: 0 7 = DUSTSTORM OR SANDSTORM:
VSBY 1/2 MILE OR LESS
8 = SMOKE OR HAZE
[NO. OF DAYS WITH] [WEATHER - DAYS WITH] 9 = BLOWING SNOW
X = TORNADO
MAX 32 OR BELOW: 0 0.01 INCH OR MORE: 5
MAX 90 OR ABOVE: 0 0.10 INCH OR MORE: 2
MIN 32 OR BELOW: 6 0.50 INCH OR MORE: 0
MIN 0 OR BELOW: 0 1.00 INCH OR MORE: 0
[HDD (BASE 65) ]
TOTAL THIS MO. 387 CLEAR (SCALE 0-3) 23
DPTR FM NORMAL 52 PTCLDY (SCALE 4-7) 5
TOTAL FM JUL 1 431 CLOUDY (SCALE 8-10) 2
DPTR FM NORMAL -16
[CDD (BASE 65) ]
TOTAL THIS MO. 0
DPTR FM NORMAL -11 [PRESSURE DATA]
TOTAL FM JAN 1 2003 HIGHEST SLP 30.53 ON 20
DPTR FM NORMAL 112 LOWEST SLP 29.82 ON 22
[REMARKS]
#FINAL-11-21#