000
CXUS52 KMHX 010700
CF6EWN
PRELIMINARY LOCAL CLIMATOLOGICAL DATA (WS FORM: F-6)
STATION: NEW BERN NC
MONTH: JUNE
YEAR: 2020
LATITUDE: 35 4 N
LONGITUDE: 77 3 W
TEMPERATURE IN F: :PCPN: SNOW: WIND :SUNSHINE: SKY :PK WND
================================================================================
1 2 3 4 5 6A 6B 7 8 9 10 11 12 13 14 15 16 17 18
12Z AVG MX 2MIN
DY MAX MIN AVG DEP HDD CDD WTR SNW DPTH SPD SPD DIR MIN PSBL S-S WX SPD DR
================================================================================
1 75 55 65 -9 0 0 0.00 0.0 0 4.4 14 110 M M 2 20 30
2 82 56 69 -5 0 4 0.00 0.0 0 8.3 20 230 M M 1 26 210
3 89 69 79 5 0 14 0.00 0.0 0 10.8 18 210 M M 0 26 210
4 87 71 79 4 0 14 0.00 0.0 0 9.2 20 210 M M 0 24 180
5 84 72 78 3 0 13 T 0.0 0 9.2 22 210 M M 4 29 220
6 87 73 80 5 0 15 0.00 0.0 0 7.9 14 260 M M 4 19 240
7 89 71 80 5 0 15 0.05 0.0 0 7.3 15 110 M M 2 1 21 110
8 86 62 74 -2 0 9 0.00 0.0 0 5.0 13 170 M M 2 17 180
9 86 67 77 1 0 12 0.00 0.0 0 6.7 17 180 M M 3 24 210
10 83 68 76 0 0 11 T 0.0 0 9.2 20 190 M M 4 29 170
11 81 71 76 0 0 11 0.06 0.0 0 8.2 18 190 M M 5 1 26 180
12 76 66 71 -6 0 6 2.33 0.0 0 5.6 12 10 M M 10 1 16 10
13 72 64 68 -9 0 3 0.29 0.0 0 8.2 16 80 M M 10 1 21 40
14 71 64 68 -9 0 3 0.03 0.0 0 10.8 18 40 M M 10 24 40
15 68 64 66 -11 0 1 0.73 0.0 0 11.5 21 40 M M 10 1 26 40
16 75 64 70 -8 0 5 1.28 0.0 0 13.2 25 70 M M 9 13 32 70
17 78 65 72 -6 0 7 0.03 0.0 0 6.6 15 50 M M 8 1 19 50
18 82 61 72 -6 0 7 T 0.0 0 3.7 12 160 M M 5 16 140
19 79 63 71 -7 0 6 0.80 0.0 0 3.4 14 180 M M 5 13 18 210
20 85 66 76 -2 0 11 0.22 0.0 0 4.0 17 70 M M 3 13 25 60
21 87 64 76 -2 0 11 0.00 0.0 0 2.4 10 260 M M 2 1 14 200
22 92 71 82 3 0 17 0.35 0.0 0 6.0 25 220 M M 1 13 34 230
23 89 72 81 2 0 16 0.34 0.0 0 7.9 26 160 M M 0 13 35 160
24 90 72 81 2 0 16 0.00 0.0 0 5.4 10 320 M M 3 14 330
25 80 70 75 -4 0 10 0.16 0.0 0 3.9 12 260 M M 5 1 14 240
26 90 68 79 0 0 14 0.00 0.0 0 4.1 12 340 M M 1 14 340
27 89 69 79 0 0 14 0.00 0.0 0 4.6 13 240 M M 1 19 250
28 92 73 83 3 0 18 T 0.0 0 6.5 15 270 M M 1 20 300
29 91 74 83 3 0 18 0.00 0.0 0 5.1 10 330 M M 2 15 270
30 90 72 81 1 0 16 T 0.0 0 2.1 10 240 M M 1 13 14 60
================================================================================
SM 2505 2017 0 317 6.67 0.0 201.2 M 114
================================================================================
AV 83.5 67.2 6.7 FASTST M M 4 MAX(MPH)
MISC ----> # 26 160 # 35 160
================================================================================
NOTES:
# LAST OF SEVERAL OCCURRENCES
COLUMN 17 PEAK WIND IN M.P.H.
PRELIMINARY LOCAL CLIMATOLOGICAL DATA (WS FORM: F-6) , PAGE 2
STATION: NEW BERN NC
MONTH: JUNE
YEAR: 2020
LATITUDE: 35 4 N
LONGITUDE: 77 3 W
[TEMPERATURE DATA] [PRECIPITATION DATA] SYMBOLS USED IN COLUMN 16
AVERAGE MONTHLY: 75.4 TOTAL FOR MONTH: 6.67 1 = FOG OR MIST
DPTR FM NORMAL: -1.8 DPTR FM NORMAL: 2.08 2 = FOG REDUCING VISIBILITY
HIGHEST: 92 ON 28,22 GRTST 24HR 2.33 ON 12-12 TO 1/4 MILE OR LESS
LOWEST: 55 ON 1 3 = THUNDER
SNOW, ICE PELLETS, HAIL 4 = ICE PELLETS
TOTAL MONTH: 0.0 INCH 5 = HAIL
GRTST 24HR 0.0 6 = FREEZING RAIN OR DRIZZLE
GRTST DEPTH: 0 7 = DUSTSTORM OR SANDSTORM:
VSBY 1/2 MILE OR LESS
8 = SMOKE OR HAZE
[NO. OF DAYS WITH] [WEATHER - DAYS WITH] 9 = BLOWING SNOW
X = TORNADO
MAX 32 OR BELOW: 0 0.01 INCH OR MORE: 13
MAX 90 OR ABOVE: 6 0.10 INCH OR MORE: 9
MIN 32 OR BELOW: 0 0.50 INCH OR MORE: 4
MIN 0 OR BELOW: 0 1.00 INCH OR MORE: 2
[HDD (BASE 65) ]
TOTAL THIS MO. 0 CLEAR (SCALE 0-3) 17
DPTR FM NORMAL -1 PTCLDY (SCALE 4-7) 7
TOTAL FM JUL 1 2256 CLOUDY (SCALE 8-10) 6
DPTR FM NORMAL -446
[CDD (BASE 65) ]
TOTAL THIS MO. 317
DPTR FM NORMAL -48 [PRESSURE DATA]
TOTAL FM JAN 1 557 HIGHEST SLP M ON M
DPTR FM NORMAL -51 LOWEST SLP 29.79 ON 28
[REMARKS]
#FINAL-06-20#