000
CXUS52 KMHX 061315
CF6EWN
PRELIMINARY LOCAL CLIMATOLOGICAL DATA (WS FORM: F-6)
STATION: NEW BERN NC
MONTH: SEPTEMBER
YEAR: 2023
LATITUDE: 35 4 N
LONGITUDE: 77 3 W
TEMPERATURE IN F: :PCPN: SNOW: WIND :SUNSHINE: SKY :PK WND
================================================================================
1 2 3 4 5 6A 6B 7 8 9 10 11 12 13 14 15 16 17 18
12Z AVG MX 2MIN
DY MAX MIN AVG DEP HDD CDD WTR SNW DPTH SPD SPD DIR MIN PSBL S-S WX SPD DR
================================================================================
1 82 61 72 -5 0 7 0.00 0.0 0 10.1 17 50 M M 1 23 40
2 83 62 73 -4 0 8 0.00 0.0 0 4.0 10 360 M M 0 17 360
3 88 60 74 -3 0 9 0.00 0.0 0 3.3 9 170 M M 0 12 11 230
4 94 66 80 3 0 15 0.00 0.0 0 4.6 12 220 M M 0 15 220
5 96 72 84 7 0 19 0.00 0.0 0 3.5 9 270 M M 0 1 12 290
6 96 73 85 9 0 20 0.00 0.0 0 2.5 8 150 M M 1 18 12 310
7 95 75 85 9 0 20 0.00 0.0 0 6.2 17 170 M M 1 23 180
8 92 74 83 7 0 18 0.00 0.0 0 5.4 18 170 M M 1 1 24 230
9 89 73 81 5 0 16 0.20 0.0 0 4.6 14 120 M M 1 13 23 210
10 91 73 82 6 0 17 0.03 0.0 0 4.4 12 180 M M 2 14 180
11 91 71 81 6 0 16 0.00 0.0 0 4.4 13 250 M M 1 1 16 260
12 92 71 82 7 0 17 0.00 0.0 0 3.8 12 170 M M 1 1 15 170
13 89 70 80 5 0 15 1.61 0.0 0 3.0 18 130 M M 4 13 22 130
14 86 69 78 3 0 13 0.00 0.0 0 8.5 18 20 M M 3 1 23 40
15 79 60 70 -4 0 5 0.00 0.0 0 8.5 20 20 M M 0 24 360
16 83 55 69 -5 0 4 0.00 0.0 0 2.9 9 170 M M 0 1 12 170
17 85 58 72 -2 0 7 0.19 0.0 0 4.4 14 140 M M 3 1 20 170
18 79 61 70 -4 0 5 T 0.0 0 5.3 16 310 M M 6 1 22 350
19 83 57 70 -4 0 5 0.00 0.0 0 2.2 10 10 M M 1 14 360
20 84 59 72 -1 0 7 0.00 0.0 0 3.0 12 100 M M 2 1 15 110
21 80 61 71 -2 0 6 0.00 0.0 0 5.9 14 40 M M 2 19 50
22 71 67 69 -4 0 4 3.23 0.0 0 16.9 39 30 M M 9 1 49 30
23 76 64 70 -2 0 5 1.63 0.0 0 15.1 43 50 M M 10 1 55 50
24 85 64 75 3 0 10 0.00 0.0 0 6.3 14 220 M M 3 19 210
25 88 69 79 7 0 14 0.04 0.0 0 4.9 12 230 M M 3 1 15 220
26 81 68 75 4 0 10 0.00 0.0 0 8.0 13 30 M M 6 17 40
27 73 65 69 -2 0 4 0.00 0.0 0 11.0 18 30 M M 10 24 30
28 75 64 70 -1 0 5 0.00 0.0 0 10.3 16 10 M M 10 18 20 20
29 74 66 70 0 0 5 0.00 0.0 0 8.7 15 360 M M 10 1 19 20
30 73 64 69 -1 0 4 T 0.0 0 8.1 14 350 M M 10 20 340
================================================================================
SM 2533 1972 0 310 6.93 0.0 189.8 M 101
================================================================================
AV 84.4 65.7 6.3 FASTST M M 3 MAX(MPH)
MISC ----> 43 50 55 50
================================================================================
NOTES:
# LAST OF SEVERAL OCCURRENCES
COLUMN 17 PEAK WIND IN M.P.H.
PRELIMINARY LOCAL CLIMATOLOGICAL DATA (WS FORM: F-6) , PAGE 2
STATION: NEW BERN NC
MONTH: SEPTEMBER
YEAR: 2023
LATITUDE: 35 4 N
LONGITUDE: 77 3 W
[TEMPERATURE DATA] [PRECIPITATION DATA] SYMBOLS USED IN COLUMN 16
AVERAGE MONTHLY: 75.1 TOTAL FOR MONTH: 6.93 1 = FOG OR MIST
DPTR FM NORMAL: 0.9 DPTR FM NORMAL: 0.60 2 = FOG REDUCING VISIBILITY
HIGHEST: 96 ON 6, 5 GRTST 24HR 4.80 ON 22-23 TO 1/4 MILE OR LESS
LOWEST: 55 ON 16 3 = THUNDER
SNOW, ICE PELLETS, HAIL 4 = ICE PELLETS
TOTAL MONTH: 0.0 INCH 5 = HAIL
GRTST 24HR 0.0 6 = FREEZING RAIN OR DRIZZLE
GRTST DEPTH: 0 7 = DUSTSTORM OR SANDSTORM:
VSBY 1/2 MILE OR LESS
8 = SMOKE OR HAZE
[NO. OF DAYS WITH] [WEATHER - DAYS WITH] 9 = BLOWING SNOW
X = TORNADO
MAX 32 OR BELOW: 0 0.01 INCH OR MORE: 7
MAX 90 OR ABOVE: 8 0.10 INCH OR MORE: 5
MIN 32 OR BELOW: 0 0.50 INCH OR MORE: 3
MIN 0 OR BELOW: 0 1.00 INCH OR MORE: 3
[HDD (BASE 65) ]
TOTAL THIS MO. 0 CLEAR (SCALE 0-3) 20
DPTR FM NORMAL -5 PTCLDY (SCALE 4-7) 4
TOTAL FM JUL 1 0 CLOUDY (SCALE 8-10) 6
DPTR FM NORMAL -3
[CDD (BASE 65) ]
TOTAL THIS MO. 310
DPTR FM NORMAL 30 [PRESSURE DATA]
TOTAL FM JAN 1 1897 HIGHEST SLP 30.26 ON 1
DPTR FM NORMAL 100 LOWEST SLP 29.02 ON 23
[REMARKS]
#FINAL-09-23#