000
CXUS51 KOKX 020910
CF6EWR
PRELIMINARY LOCAL CLIMATOLOGICAL DATA (WS FORM: F-6)
STATION: NEWARK NJ
MONTH: DECEMBER
YEAR: 2023
LATITUDE: 40 42 N
LONGITUDE: 74 10 W
TEMPERATURE IN F: :PCPN: SNOW: WIND :SUNSHINE: SKY :PK WND
================================================================================
1 2 3 4 5 6A 6B 7 8 9 10 11 12 13 14 15 16 17 18
12Z AVG MX 2MIN
DY MAX MIN AVG DEP HDD CDD WTR SNW DPTH SPD SPD DIR MIN PSBL S-S WX SPD DR
================================================================================
1 48 35 42 0 23 0 0.38 0.0 0 4.3 14 220 M M 8 1 19 230
2 61 46 54 12 11 0 0.00 0.0 0 5.5 13 230 M M 9 18 19 260
3 52 45 49 8 16 0 0.75 0.0 0 7.4 14 310 M M 10 1 19 300
4 55 42 49 8 16 0 0.00 0.0 0 10.6 21 270 M M 6 1 29 270
5 44 37 41 0 24 0 0.00 0.0 0 7.6 17 320 M M 6 22 320
6 44 33 39 -2 26 0 0.00 0.0 0 11.6 24 320 M M 7 30 320
7 39 31 35 -5 30 0 T T 0 9.2 18 250 M M 8 23 250
8 52 34 43 3 22 0 0.00 0.0 0 4.7 12 180 M M 6 22 290
9 59 36 48 8 17 0 T 0.0 0 2.9 9 30 M M 6 8 10 30
10 64 46 55 15 10 0 0.93 0.0 0 5.8 25 340 M M 10 1 33 330
11 50 39 45 6 20 0 0.43 0.0 0 16.2 32 310 M M 8 1 41 290
12 46 32 39 0 26 0 0.00 0.0 0 11.4 18 230 M M 3 25 240
13 49 32 41 2 24 0 0.00 0.0 0 10.0 22 280 M M 2 28 280
14 44 33 39 1 26 0 0.00 0.0 0 8.8 14 240 M M 4 19 320
15 59 32 46 8 19 0 0.00 0.0 0 9.6 16 280 M M 2 23 250
16 57 38 48 10 17 0 0.00 0.0 0 6.4 17 20 M M 6 20 20
17 60 49 55 17 10 0 0.40 0.0 0 7.7 23 120 M M 10 1 34 120
18 64 41 53 16 12 0 2.75 0.0 0 16.5 32 170 M M 7 18 48 140
19 45 32 39 2 26 0 0.00 0.0 0 14.1 25 320 M M 5 33 330
20 49 31 40 3 25 0 0.00 0.0 0 10.5 18 310 M M 3 26 300
21 45 29 37 0 28 0 0.00 0.0 0 11.3 18 20 M M 3 24 340
22 38 25 32 -4 33 0 0.00 0.0 0 5.0 15 20 M M 6 19 10
23 45 30 38 2 27 0 0.00 0.0 0 5.4 9 20 M M 8 11 10
24 49 40 45 9 20 0 0.01 0.0 0 2.8 8 10 M M 9 12 250
25 51 43 47 11 18 0 0.00 0.0 0 3.3 8 30 M M 8 18 10 40
26 50 44 47 11 18 0 0.00 0.0 0 3.1 7 30 M M 10 18 9 40
27 51 45 48 13 17 0 0.34 0.0 0 5.8 17 30 M M 10 18 22 30
28 55 50 53 18 12 0 1.51 0.0 0 10.4 23 30 M M 10 1 29 20
29 57 46 52 17 13 0 0.05 0.0 0 7.6 18 260 M M 8 1 23 260
30 47 37 42 7 23 0 T 0.0 0 12.2 22 270 M M 7 27 270
31 44 40 42 8 23 0 0.00 0.0 0 8.5 16 280 M M 9 21 300
================================================================================
SM 1573 1173 632 0 7.55 T 256.2 M 214
================================================================================
AV 50.7 37.8 8.3 FASTST M M 7 MAX(MPH)
MISC ----> # 32 310 48 140
================================================================================
NOTES:
# LAST OF SEVERAL OCCURRENCES
COLUMN 17 PEAK WIND IN M.P.H.
PRELIMINARY LOCAL CLIMATOLOGICAL DATA (WS FORM: F-6) , PAGE 2
STATION: NEWARK NJ
MONTH: DECEMBER
YEAR: 2023
LATITUDE: 40 42 N
LONGITUDE: 74 10 W
[TEMPERATURE DATA] [PRECIPITATION DATA] SYMBOLS USED IN COLUMN 16
AVERAGE MONTHLY: 44.3 TOTAL FOR MONTH: 7.55 1 = FOG OR MIST
DPTR FM NORMAL: 6.3 DPTR FM NORMAL: 3.41 2 = FOG REDUCING VISIBILITY
HIGHEST: 64 ON 18,10 GRTST 24HR 3.14 ON 17-18 TO 1/4 MILE OR LESS
LOWEST: 25 ON 22 3 = THUNDER
SNOW, ICE PELLETS, HAIL 4 = ICE PELLETS
TOTAL MONTH: T 5 = HAIL
GRTST 24HR T ON 7- 7 6 = FREEZING RAIN OR DRIZZLE
GRTST DEPTH: 0 7 = DUSTSTORM OR SANDSTORM:
VSBY 1/2 MILE OR LESS
8 = SMOKE OR HAZE
[NO. OF DAYS WITH] [WEATHER - DAYS WITH] 9 = BLOWING SNOW
X = TORNADO
MAX 32 OR BELOW: 0 0.01 INCH OR MORE: 10
MAX 90 OR ABOVE: 0 0.10 INCH OR MORE: 8
MIN 32 OR BELOW: 9 0.50 INCH OR MORE: 4
MIN 0 OR BELOW: 0 1.00 INCH OR MORE: 2
[HDD (BASE 65) ]
TOTAL THIS MO. 632 CLEAR (SCALE 0-3) 5
DPTR FM NORMAL -205 PTCLDY (SCALE 4-7) 15
TOTAL FM JUL 1 1339 CLOUDY (SCALE 8-10) 11
DPTR FM NORMAL -327
[CDD (BASE 65) ]
TOTAL THIS MO. 0
DPTR FM NORMAL 0 [PRESSURE DATA]
TOTAL FM JAN 1 1434 HIGHEST SLP 30.70 ON 14
DPTR FM NORMAL 164 LOWEST SLP 29.06 ON 18
[REMARKS]
#FINAL-12-23#