000
CXUS53 KIND 010600
CF6EYE
PRELIMINARY LOCAL CLIMATOLOGICAL DATA (WS FORM: F-6)
STATION: INDIANAPOLIS EAGLE CREEK IN
MONTH: OCTOBER
YEAR: 2021
LATITUDE: 39 49 N
LONGITUDE: 86 18 W
TEMPERATURE IN F: :PCPN: SNOW: WIND :SUNSHINE: SKY :PK WND
================================================================================
1 2 3 4 5 6A 6B 7 8 9 10 11 12 13 14 15 16 17 18
12Z AVG MX 2MIN
DY MAX MIN AVG DEP HDD CDD WTR SNW DPTH SPD SPD DIR MIN PSBL S-S WX SPD DR
================================================================================
1 81 56 69 7 0 4 0.00 M M 2.8 9 120 M M 0 15 130
2 73 61 67 6 0 2 0.51 M M 4.9 12 190 M M 7 12 18 200
3 78 64 71 10 0 6 0.02 M M 5.5 14 180 M M 8 13 26 210
4 71 63 67 7 0 2 T M M 3.3 7 310 M M 7 1 11 250
5 78 63 71 11 0 6 0.00 M M 4.4 12 60 M M 6 1 17 40
6 74 65 70 10 0 5 1.71 M M 4.7 14 100 M M 8 123 20 100
7 74 64 69 10 0 4 1.00 M M 4.6 16 110 M M 7 13 25 100
8 76 58 67 8 0 2 0.03 M M 1.7 9 170 M M 5 12 13 180
9 82 57 70 12 0 5 0.00 M M 4.4 13 120 M M 3 12 18 150
10 84 68 76 18 0 11 T M M 7.2 16 210 M M 1 24 200
11 82 68 75 17 0 10 0.45 M M 7.1 21 150 M M 2 138 33 140
12 70 55 63 6 2 0 T M M 5.2 14 260 M M 5 12 26 280
13 78 51 65 8 0 0 T M M 4.8 13 150 M M 4 12 21 130
14 81 66 74 18 0 9 0.53 M M 5.6 16 320 M M 6 13 22 200
15 71 54 63 7 2 0 1.38 M M 7.1 23 320 M M 10 13 35 310
16 60 47 54 -2 11 0 0.08 M M 11.2 21 290 M M 3 1 32 280
17 66 42 54 -1 11 0 0.00 M M 5.3 17 290 M M 0 22 300
18 71 43 57 2 8 0 0.00 M M 2.3 9 240 M M 0 8 17 210
19 70 45 58 4 7 0 0.00 M M 1.8 12 200 M M 0 18 16 200
20 73 45 59 5 6 0 0.00 M M 4.8 15 190 M M 0 1 26 190
21 65 52 59 6 6 0 T M M 9.9 21 290 M M 9 31 270
22 53 49 51 -2 14 0 0.22 M M 4.3 12 280 M M 10 1 18 270
23 56 45 51 -2 14 0 T M M 3.0 8 260 M M 9 12 11 270
24 68 52 60 8 5 0 1.05 M M 5.6 12 90 M M 8 123 21 190
25 65 49 57 5 8 0 0.70 M M 10.9 23 340 M M 10 13 33 310
26 57 43 50 -1 15 0 0.00 M M 6.9 15 350 M M 3 22 350
27 59 35 47 -4 18 0 0.00 M M 6.2 17 110 M M 0 1 25 100
28 55 49 52 1 13 0 0.29 M M 8.7 16 100 M M 9 1 23 110
29 62 55 59 9 6 0 0.42 M M 6.4 18 330 M M 10 1 24 330
30 57 50 54 4 11 0 0.09 M M 9.9 17 330 M M 10 1 23 340
31 61 45 53 4 12 0 T M M 8.9 18 310 M M 5 1 28 310
================================================================================
SM 2151 1659 169 66 8.48 M 179.4 M 165
================================================================================
AV 69.4 53.5 5.8 FASTST M M 5 MAX(MPH)
MISC ----> # 23 320 35 310
================================================================================
NOTES:
# LAST OF SEVERAL OCCURRENCES
COLUMN 17 PEAK WIND IN M.P.H.
PRELIMINARY LOCAL CLIMATOLOGICAL DATA (WS FORM: F-6) , PAGE 2
STATION: INDIANAPOLIS EAGLE CREEK IN
MONTH: OCTOBER
YEAR: 2021
LATITUDE: 39 49 N
LONGITUDE: 86 18 W
[TEMPERATURE DATA] [PRECIPITATION DATA] SYMBOLS USED IN COLUMN 16
AVERAGE MONTHLY: 61.5 TOTAL FOR MONTH: 8.48 1 = FOG OR MIST
DPTR FM NORMAL: 6.0 DPTR FM NORMAL: 5.23 2 = FOG REDUCING VISIBILITY
HIGHEST: 84 ON 10 GRTST 24HR 2.70 ON 6- 7 TO 1/4 MILE OR LESS
LOWEST: 35 ON 27 3 = THUNDER
SNOW, ICE PELLETS, HAIL 4 = ICE PELLETS
TOTAL MONTH: M 5 = HAIL
GRTST 24HR M ON M 6 = FREEZING RAIN OR DRIZZLE
GRTST DEPTH: M ON M 7 = DUSTSTORM OR SANDSTORM:
VSBY 1/2 MILE OR LESS
8 = SMOKE OR HAZE
[NO. OF DAYS WITH] [WEATHER - DAYS WITH] 9 = BLOWING SNOW
X = TORNADO
MAX 32 OR BELOW: 0 0.01 INCH OR MORE: 15
MAX 90 OR ABOVE: 0 0.10 INCH OR MORE: 11
MIN 32 OR BELOW: 0 0.50 INCH OR MORE: 7
MIN 0 OR BELOW: 0 1.00 INCH OR MORE: 4
[HDD (BASE 65) ]
TOTAL THIS MO. 169 CLEAR (SCALE 0-3) 10
DPTR FM NORMAL -146 PTCLDY (SCALE 4-7) 12
TOTAL FM JUL 1 191 CLOUDY (SCALE 8-10) 9
DPTR FM NORMAL -182
[CDD (BASE 65) ]
TOTAL THIS MO. 66
DPTR FM NORMAL 46 [PRESSURE DATA]
TOTAL FM JAN 1 1374 HIGHEST SLP M ON M
DPTR FM NORMAL 246 LOWEST SLP 29.44 ON 29
[REMARKS]
#FINAL-10-21#