975
CXUS52 KKEY 012220 CCA
CF6EYW
PRELIMINARY LOCAL CLIMATOLOGICAL DATA (WS FORM: F-6)...CORRECTED
STATION: KEY WEST
MONTH: APRIL
YEAR: 2020
LATITUDE: 24 32 N
LONGITUDE: 81 45 W
TEMPERATURE IN F: :PCPN: SNOW: WIND :SUNSHINE: SKY :PK WND
================================================================================
1 2 3 4 5 6A 6B 7 8 9 10 11 12 13 14 15 16 17 18
12Z AVG MX 2MIN
DY MAX MIN AVG DEP HDD CDD WTR SNW DPTH SPD SPD DIR MIN PSBL S-S WX SPD DR
================================================================================
1 82 72 77 2 0 12 0.02 0.0 0 13.4 20 340 M M 4 1 24 340
2 82 70 76 1 0 11 0.00 0.0 0 7.3 14 100 M M 3 20 340
3 83 74 79 4 0 14 0.00 0.0 0 8.0 16 130 M M 4 21 140
4 84 75 80 5 0 15 0.00 0.0 0 10.4 15 150 M M 2 21 160
5 83 78 81 6 0 16 0.00 0.0 0 8.7 15 160 M M 3 19 140
6 86 77 82 7 0 17 0.00 0.0 0 8.2 13 340 M M 3 8 16 330
7 85 76 81 6 0 16 0.00 0.0 0 4.6 12 340 M M 3 16 330
8 86 76 81 5 0 16 0.00 0.0 0 6.1 12 330 M M 1 16 340
9 85 75 80 4 0 15 0.00 0.0 0 7.3 14 310 M M 0 17 260
10 86 77 82 6 0 17 0.00 0.0 0 8.5 15 310 M M 2 18 19 320
11 86 75 81 5 0 16 0.00 0.0 0 4.3 13 120 M M 2 8 17 110
12 87 80 84 8 0 19 0.00 0.0 0 16.5 24 130 M M 1 8 30 140
13 86 80 83 7 0 18 0.00 0.0 0 14.0 23 140 M M 4 8 29 150
14 86 81 84 8 0 19 0.00 0.0 0 11.1 16 130 M M 5 8 21 140
15 88 80 84 8 0 19 0.00 0.0 0 9.1 15 140 M M 3 8 19 130
16 89 79 84 7 0 19 0.00 0.0 0 5.7 15 40 M M 2 19 50
17 87 78 83 6 0 18 0.00 0.0 0 7.3 14 120 M M 1 20 110
18 85 80 83 6 0 18 0.00 0.0 0 7.3 13 160 M M 2 20 170
19 87 80 84 7 0 19 0.00 0.0 0 9.8 18 180 M M 0 23 170
20 85 80 83 6 0 18 0.00 0.0 0 12.0 22 200 M M 1 26 200
21 87 78 83 6 0 18 0.00 0.0 0 10.4 16 320 M M 4 20 310
22 88 74 81 4 0 16 0.00 0.0 0 9.8 18 130 M M 1 22 130
23 86 80 83 6 0 18 0.00 0.0 0 15.2 22 140 M M 3 28 130
24 85 80 83 5 0 18 0.00 0.0 0 12.4 20 180 M M 3 23 170
25 84 80 82 4 0 17 0.00 0.0 0 9.1 16 180 M M 5 20 180
26 82 71 77 -1 0 12 0.70 0.0 0 6.9 17 360 M M 5 138 23 360
27 81 74 78 0 0 13 0.00 0.0 0 11.0 17 20 M M 1 23 30
28 82 71 77 -1 0 12 0.00 0.0 0 11.6 20 100 M M 2 25 100
29 85 75 80 2 0 15 0.00 0.0 0 12.5 18 130 M M 2 22 120
30 83 74 79 1 0 14 T 0.0 0 12.0 22 320 M M 2 3 30 310
================================================================================
SM 2551 2300 0 485 0.72 0.0 290.5 M 74
================================================================================
AV 85.0 76.7 9.7 FASTST M M 2 MAX(MPH)
MISC ----> # 24 130 # 30 140
================================================================================
NOTES:
# LAST OF SEVERAL OCCURRENCES
COLUMN 17 PEAK WIND IN M.P.H.
PRELIMINARY LOCAL CLIMATOLOGICAL DATA (WS FORM: F-6) , PAGE 2
STATION: KEY WEST
MONTH: APRIL
YEAR: 2020
LATITUDE: 24 32 N
LONGITUDE: 81 45 W
[TEMPERATURE DATA] [PRECIPITATION DATA] SYMBOLS USED IN COLUMN 16
AVERAGE MONTHLY: 80.9 TOTAL FOR MONTH: 0.72 1 = FOG OR MIST
DPTR FM NORMAL: 4.5 DPTR FM NORMAL: -1.33 2 = FOG REDUCING VISIBILITY
HIGHEST: 89 ON 16 GRTST 24HR 0.70 ON 26-26 TO 1/4 MILE OR LESS
LOWEST: 70 ON 2 3 = THUNDER
SNOW, ICE PELLETS, HAIL 4 = ICE PELLETS
TOTAL MONTH: 0.0 INCH 5 = HAIL
GRTST 24HR 0.0 6 = FREEZING RAIN OR DRIZZLE
GRTST DEPTH: 0 7 = DUSTSTORM OR SANDSTORM:
VSBY 1/2 MILE OR LESS
8 = SMOKE OR HAZE
[NO. OF DAYS WITH] [WEATHER - DAYS WITH] 9 = BLOWING SNOW
X = TORNADO
MAX 32 OR BELOW: 0 0.01 INCH OR MORE: 2
MAX 90 OR ABOVE: 0 0.10 INCH OR MORE: 1
MIN 32 OR BELOW: 0 0.50 INCH OR MORE: 1
MIN 0 OR BELOW: 0 1.00 INCH OR MORE: 0
[HDD (BASE 65) ]
TOTAL THIS MO. 0 CLEAR (SCALE 0-3) 23
DPTR FM NORMAL 0 PTCLDY (SCALE 4-7) 7
TOTAL FM JUL 1 11 CLOUDY (SCALE 8-10) 0
DPTR FM NORMAL -62
[CDD (BASE 65) ]
TOTAL THIS MO. 485
DPTR FM NORMAL 141 [PRESSURE DATA]
TOTAL FM JAN 1 1424 HIGHEST SLP M ON M
DPTR FM NORMAL 470 LOWEST SLP 29.78 ON 1
[REMARKS]
#FINAL-04-20#
CORRECTED DEPARTURE FROM NORMAL ON THE 16TH.
CORRECTED DEPARTURE FROM NORMAL FOR AVERAGE MONTHLY TEMPERATURE.
CORRECTED CLEAR AND PTCLOUDY SKY DAYS.
ROSS