000
CXUS53 KFGF 010815
CF6FAR
PRELIMINARY LOCAL CLIMATOLOGICAL DATA (WS FORM: F-6)
STATION: FARGO HECTOR INTL AP ND
MONTH: MARCH
YEAR: 2024
LATITUDE: 46 54 N
LONGITUDE: 96 48 W
TEMPERATURE IN F: :PCPN: SNOW: WIND :SUNSHINE: SKY :PK WND
================================================================================
1 2 3 4 5 6A 6B 7 8 9 10 11 12 13 14 15 16 17 18
12Z AVG MX 2MIN
DY MAX MIN AVG DEP HDD CDD WTR SNW DPTH SPD SPD DIR MIN PSBL S-S WX SPD DR
================================================================================
1 55 34 45 26 20 0 0.00 0.0 1 12.4 18 360 M M 0 25 160
2 44 30 37 17 28 0 0.00 0.0 1 14.2 22 40 M M 2 29 40
3 51 27 39 19 26 0 T 0.0 T 16.4 39 250 M M 6 51 260
4 30 17 24 3 41 0 0.00 0.0 0 13.4 30 250 M M 1 40 260
5 32 18 25 4 40 0 0.04 1.2 0 10.8 24 30 M M 6 29 40
6 51 22 37 15 28 0 0.04 T 1 14.3 32 180 M M 6 43 180
7 32 14 23 1 42 0 0.00 0.0 0 10.3 16 300 M M 3 23 260
8 33 20 27 4 38 0 0.00 0.0 0 7.4 14 330 M M 6 17 330
9 40 17 29 6 36 0 0.00 0.0 0 4.6 10 330 M M 3 12 330
10 58 28 43 19 22 0 0.00 0.0 0 14.7 26 170 M M 0 36 170
11 70 28 49 25 16 0 0.00 0.0 0 6.9 17 170 M M 0 24 160
12 58 27 43 18 22 0 0.00 0.0 0 5.8 12 340 M M 1 15 320
13 58 35 47 21 18 0 0.02 0.0 0 8.0 15 50 M M 7 18 50
14 51 32 42 16 23 0 0.00 0.0 0 11.6 23 350 M M 5 36 350
15 55 35 45 18 20 0 0.00 0.0 0 14.8 26 310 M M 6 1 39 310
16 43 23 33 6 32 0 T T 0 21.6 33 340 M M 9 42 340
17 27 19 23 -5 42 0 T 0.2 T 22.3 31 340 M M 10 42 340
18 45 12 29 1 36 0 0.00 0.0 T 13.8 29 210 M M 1 35 210
19 40 18 29 0 36 0 0.00 0.0 0 18.4 31 340 M M 4 39 350
20 27 13 20 -9 45 0 0.01 0.3 T 11.5 24 350 M M 3 8 31 350
21 34 17 26 -4 39 0 0.08 0.8 0 6.8 13 30 M M 8 16 20
22 33 14 24 -6 41 0 0.01 0.1 1 8.4 17 300 M M 5 18 23 320
23 34 11 23 -8 42 0 T T T 6.3 12 160 M M 5 16 160
24 30 24 27 -5 38 0 0.20 2.1 T 14.3 23 30 M M 10 18 32 30
25 29 23 26 -6 39 0 0.06 1.0 2 23.5 30 10 M M 10 9 42 10
26 28 18 23 -10 42 0 0.01 0.2 2 24.4 32 330 M M 10 9 40 340
27 33 13 23 -10 42 0 T 0.2 2 16.1 23 310 M M 4 32 320
28 43 13 28 -6 37 0 0.00 0.0 1 4.6 13 290 M M 0 16 290
29 44 28 36 2 29 0 0.00 0.0 0 8.2 18 110 M M 8 24 110
30 42 33 38 3 27 0 0.00 0.0 0 7.8 16 300 M M 10 1 21 280
31 44 29 37 2 28 0 0.01 0.2 T 7.6 13 340 M M 5 1 20 330
================================================================================
SM 1294 692 1015 0 0.48 6.3 381.2 M 154
================================================================================
AV 41.7 22.3 12.3 FASTST M M 5 MAX(MPH)
MISC ----> 39 250 51 260
================================================================================
NOTES:
# LAST OF SEVERAL OCCURRENCES
COLUMN 17 PEAK WIND IN M.P.H.
PRELIMINARY LOCAL CLIMATOLOGICAL DATA (WS FORM: F-6) , PAGE 2
STATION: FARGO HECTOR INTL AP ND
MONTH: MARCH
YEAR: 2024
LATITUDE: 46 54 N
LONGITUDE: 96 48 W
[TEMPERATURE DATA] [PRECIPITATION DATA] SYMBOLS USED IN COLUMN 16
AVERAGE MONTHLY: 32.0 TOTAL FOR MONTH: 0.48 1 = FOG OR MIST
DPTR FM NORMAL: 4.8 DPTR FM NORMAL: -0.77 2 = FOG REDUCING VISIBILITY
HIGHEST: 70 ON 11 GRTST 24HR 0.20 ON 24-24 TO 1/4 MILE OR LESS
LOWEST: 11 ON 23 3 = THUNDER
SNOW, ICE PELLETS, HAIL 4 = ICE PELLETS
TOTAL MONTH: 6.3 INCHES 5 = HAIL
GRTST 24HR 2.1 ON 24-24 6 = FREEZING RAIN OR DRIZZLE
GRTST DEPTH: 3 ON M 7 = DUSTSTORM OR SANDSTORM:
VSBY 1/2 MILE OR LESS
8 = SMOKE OR HAZE
[NO. OF DAYS WITH] [WEATHER - DAYS WITH] 9 = BLOWING SNOW
X = TORNADO
MAX 32 OR BELOW: 8 0.01 INCH OR MORE: 10
MAX 90 OR ABOVE: 0 0.10 INCH OR MORE: 1
MIN 32 OR BELOW: 27 0.50 INCH OR MORE: 0
MIN 0 OR BELOW: 0 1.00 INCH OR MORE: 0
[HDD (BASE 65) ]
TOTAL THIS MO. 1015 CLEAR (SCALE 0-3) 11
DPTR FM NORMAL -157 PTCLDY (SCALE 4-7) 13
TOTAL FM JUL 1 6005 CLOUDY (SCALE 8-10) 7
DPTR FM NORMAL -1790
[CDD (BASE 65) ]
TOTAL THIS MO. 0
DPTR FM NORMAL 0 [PRESSURE DATA]
TOTAL FM JAN 1 0 HIGHEST SLP M ON M
DPTR FM NORMAL 0 LOWEST SLP 29.19 ON 3
[REMARKS]
#FINAL-03-24#