775
CXUS53 KFGF 010915
CF6FAR
PRELIMINARY LOCAL CLIMATOLOGICAL DATA (WS FORM: F-6)
STATION: FARGO HECTOR INTL AP ND
MONTH: FEBRUARY
YEAR: 2021
LATITUDE: 46 54 N
LONGITUDE: 96 48 W
TEMPERATURE IN F: :PCPN: SNOW: WIND :SUNSHINE: SKY :PK WND
================================================================================
1 2 3 4 5 6A 6B 7 8 9 10 11 12 13 14 15 16 17 18
12Z AVG MX 2MIN
DY MAX MIN AVG DEP HDD CDD WTR SNW DPTH SPD SPD DIR MIN PSBL S-S WX SPD DR
================================================================================
1 23 21 22 12 43 0 0.00 0.0 3 6.8 16 160 M M 10 18 21 160
2 25 19 22 11 43 0 T T 3 17.2 29 170 M M 10 18 37 170
3 28 21 25 14 40 0 T T 2 15.4 28 300 M M 10 1 34 160
4 24 5 15 4 50 0 T T 2 20.9 31 300 M M 8 189 40 310
5 8 -4 2 -9 63 0 T T 2 17.8 25 310 M M 5 8 32 310
6 -3 -16 -9 -21 74 0 0.00 0.0 2 14.8 24 320 M M 4 32 300
7 -8 -21 -14 -26 79 0 T T 2 7.3 13 320 M M 3 8 17 310
8 -1 -20 -10 -22 75 0 0.00 0.0 2 8.6 14 280 M M 1 17 250
9 0 -13 -6 -18 71 0 0.00 0.0 2 11.3 25 280 M M 2 29 270
10 -2 -15 -8 -21 73 0 0.00 0.0 2 11.3 20 280 M M 2 29 270
11 -7 -16 -11 -24 76 0 T T 2 8.4 16 290 M M 7 8 22 300
12 -7 -22 -14 -28 79 0 T T 2 3.9 10 260 M M 2 8 14 260
13 -12 -23 -17 -31 82 0 T T 2 9.3 17 340 M M 2 8 23 330
14 -8 -25 -16 -30 81 0 0.00 0.0 2 6.7 12 250 M M 0 17 260
15 -2 -22 -12 -26 77 0 0.00 0.0 2 6.4 14 170 M M 0 18 150
16 2 -21 -9 -24 74 0 0.00 0.0 2 5.0 12 140 M M 0 M M
17 7 -6 1 -14 64 0 0.01 0.2 2 5.9 13 180 M M 5 8 18 190
18 16 -10 3 -13 62 0 T T 2 4.0 9 210 M M 7 18 13 200
19 18 3 11 -5 54 0 0.00 0.0 2 6.6 15 160 M M 4 21 160
20 26 5 16 0 49 0 0.00 0.0 2 16.0 24 160 M M 3 18 34 160
21 35 20 28 11 37 0 0.00 0.0 2 11.7 18 160 M M 3 18 25 160
22 41 28 35 18 30 0 0.00 0.0 2 14.1 26 290 M M 5 33 290
23 35 25 30 12 35 0 0.20 1.8 1 10.5 26 350 M M 6 1 32 360
24 31 10 21 3 44 0 0.00 0.0 3 10.1 26 350 M M 7 1 31 350
25 39 11 25 6 40 0 0.00 0.0 3 13.9 26 170 M M 1 39 170
26 44 30 37 18 28 0 0.00 0.0 2 12.1 25 180 M M 2 34 180
27 30 9 20 0 45 0 T T 1 13.1 21 360 M M 10 1 25 360
28 23 4 14 -6 51 0 0.08 1.1 1 13.7 21 340 M M 5 1 25 20
================================================================================
SM 405 -23 1619 0 0.29 3.1 302.8 M 124
================================================================================
AV 14.5 -0.8 10.8 FASTST M M 4 MAX(MPH)
MISC ----> 31 300 40 310
================================================================================
NOTES:
# LAST OF SEVERAL OCCURRENCES
COLUMN 17 PEAK WIND IN M.P.H.
PRELIMINARY LOCAL CLIMATOLOGICAL DATA (WS FORM: F-6) , PAGE 2
STATION: FARGO HECTOR INTL AP ND
MONTH: FEBRUARY
YEAR: 2021
LATITUDE: 46 54 N
LONGITUDE: 96 48 W
[TEMPERATURE DATA] [PRECIPITATION DATA] SYMBOLS USED IN COLUMN 16
AVERAGE MONTHLY: 6.8 TOTAL FOR MONTH: 0.29 1 = FOG OR MIST
DPTR FM NORMAL: -7.8 DPTR FM NORMAL: -0.32 2 = FOG REDUCING VISIBILITY
HIGHEST: 44 ON 26 GRTST 24HR 0.21 ON 23-23 TO 1/4 MILE OR LESS
LOWEST: -25 ON 14 3 = THUNDER
SNOW, ICE PELLETS, HAIL 4 = ICE PELLETS
TOTAL MONTH: 3.1 INCHES 5 = HAIL
GRTST 24HR 1.8 ON 23-23 6 = FREEZING RAIN OR DRIZZLE
GRTST DEPTH: 3 ON 25,24 7 = DUSTSTORM OR SANDSTORM:
VSBY 1/2 MILE OR LESS
8 = SMOKE OR HAZE
[NO. OF DAYS WITH] [WEATHER - DAYS WITH] 9 = BLOWING SNOW
X = TORNADO
MAX 32 OR BELOW: 23 0.01 INCH OR MORE: 3
MAX 90 OR ABOVE: 0 0.10 INCH OR MORE: 1
MIN 32 OR BELOW: 28 0.50 INCH OR MORE: 0
MIN 0 OR BELOW: 14 1.00 INCH OR MORE: 0
[HDD (BASE 65) ]
TOTAL THIS MO. 1619 CLEAR (SCALE 0-3) 12
DPTR FM NORMAL 209 PTCLDY (SCALE 4-7) 12
TOTAL FM JUL 1 6326 CLOUDY (SCALE 8-10) 4
DPTR FM NORMAL -352
[CDD (BASE 65) ]
TOTAL THIS MO. 0
DPTR FM NORMAL 0 [PRESSURE DATA]
TOTAL FM JAN 1 0 HIGHEST SLP 30.88 ON 14
DPTR FM NORMAL 0 LOWEST SLP 29.41 ON 22
[REMARKS]
#FINAL-02-21#