228
CXUS53 KFGF 010915
CF6FAR
PRELIMINARY LOCAL CLIMATOLOGICAL DATA (WS FORM: F-6)
STATION: FARGO HECTOR INTL AP ND
MONTH: JANUARY
YEAR: 2021
LATITUDE: 46 54 N
LONGITUDE: 96 48 W
TEMPERATURE IN F: :PCPN: SNOW: WIND :SUNSHINE: SKY :PK WND
================================================================================
1 2 3 4 5 6A 6B 7 8 9 10 11 12 13 14 15 16 17 18
12Z AVG MX 2MIN
DY MAX MIN AVG DEP HDD CDD WTR SNW DPTH SPD SPD DIR MIN PSBL S-S WX SPD DR
================================================================================
1 27 14 21 11 44 0 0.00 0.0 5 7.1 16 200 M M 9 18 21 170
2 28 18 23 13 42 0 0.00 0.0 5 12.5 18 160 M M 3 1 26 160
3 31 17 24 14 41 0 0.00 0.0 5 11.1 16 170 M M 0 24 160
4 37 12 25 15 40 0 T 0.0 4 9.2 17 300 M M 3 23 310
5 34 8 21 12 44 0 0.00 0.0 3 4.5 13 100 M M 2 12 17 100
6 37 22 30 21 35 0 0.00 0.0 3 5.3 14 140 M M 8 19 130
7 27 19 23 14 42 0 0.00 0.0 3 11.3 18 160 M M 6 18 24 160
8 28 22 25 16 40 0 0.00 0.0 3 4.9 13 150 M M 10 1 17 150
9 31 21 26 17 39 0 T T 3 2.9 13 280 M M 10 12 15 280
10 32 10 21 12 44 0 0.00 0.0 3 11.6 23 220 M M 2 1 30 230
11 32 17 25 16 40 0 0.00 0.0 3 5.5 17 210 M M 3 12 21 210
12 37 15 26 17 39 0 0.00 0.0 3 8.2 13 240 M M 1 12 14 190
13 39 22 31 22 34 0 0.03 0.0 2 8.0 14 170 M M 4 1 18 170
14 41 30 36 27 29 0 0.14 0.4 1 M M M M M M 1 M M
15 30 17 24 15 41 0 T T 2 26.5 39 350 M M 10 189 49 350
16 26 14 20 11 45 0 0.00 0.0 2 9.2 22 350 M M 8 27 340
17 25 15 20 11 45 0 T 0.1 2 9.8 17 340 M M 8 1 21 350
18 16 -1 8 -1 57 0 0.03 0.9 M 8.2 16 340 M M 10 18 20 330
19 6 1 4 -5 61 0 0.05 0.9 3 12.3 24 350 M M 6 189 29 350
20 39 6 23 14 42 0 0.00 0.0 3 21.3 36 290 M M 1 1 49 280
21 30 2 16 7 49 0 T T 2 17.3 29 340 M M 5 18 36 340
22 22 -2 10 1 55 0 T T 1 7.8 15 240 M M 7 8 18 240
23 25 13 19 10 46 0 0.10 1.9 2 11.6 20 160 M M 9 1 30 330
24 21 -2 10 1 55 0 0.00 0.0 4 8.1 17 320 M M 4 24 310
25 13 4 9 0 56 0 0.00 0.0 4 10.4 15 10 M M 10 19 10
26 7 -7 0 -9 65 0 T T 4 13.2 17 360 M M 10 18 21 10
27 11 -9 1 -9 64 0 T 0.2 3 7.9 14 360 M M 10 8 16 360
28 20 9 15 5 50 0 T T 3 14.3 24 140 M M 6 8 34 170
29 25 19 22 12 43 0 0.00 0.0 3 13.6 23 120 M M 10 18 29 120
30 26 23 25 15 40 0 0.02 0.2 3 8.7 16 110 M M 10 18 21 110
31 27 20 24 14 41 0 T T 3 7.2 14 300 M M 10 128 18 300
================================================================================
SM 830 369 1408 0 0.37 4.6 309.5 M 195
================================================================================
AV 26.8 11.9 10.3 FASTST M M 7 MAX(MPH)
MISC ----> 39 350 # 49 350
================================================================================
NOTES:
# LAST OF SEVERAL OCCURRENCES
COLUMN 17 PEAK WIND IN M.P.H.
PRELIMINARY LOCAL CLIMATOLOGICAL DATA (WS FORM: F-6) , PAGE 2
STATION: FARGO HECTOR INTL AP ND
MONTH: JANUARY
YEAR: 2021
LATITUDE: 46 54 N
LONGITUDE: 96 48 W
[TEMPERATURE DATA] [PRECIPITATION DATA] SYMBOLS USED IN COLUMN 16
AVERAGE MONTHLY: 19.3 TOTAL FOR MONTH: 0.37 1 = FOG OR MIST
DPTR FM NORMAL: 10.0 DPTR FM NORMAL: -0.33 2 = FOG REDUCING VISIBILITY
HIGHEST: 41 ON 14 GRTST 24HR 0.29 ON 13-14 TO 1/4 MILE OR LESS
LOWEST: -9 ON 27 3 = THUNDER
SNOW, ICE PELLETS, HAIL 4 = ICE PELLETS
TOTAL MONTH: 4.6 INCHES 5 = HAIL
GRTST 24HR 1.9 ON 23-23 6 = FREEZING RAIN OR DRIZZLE
GRTST DEPTH: 5 ON 3, 2 7 = DUSTSTORM OR SANDSTORM:
VSBY 1/2 MILE OR LESS
8 = SMOKE OR HAZE
[NO. OF DAYS WITH] [WEATHER - DAYS WITH] 9 = BLOWING SNOW
X = TORNADO
MAX 32 OR BELOW: 24 0.01 INCH OR MORE: 6
MAX 90 OR ABOVE: 0 0.10 INCH OR MORE: 2
MIN 32 OR BELOW: 31 0.50 INCH OR MORE: 0
MIN 0 OR BELOW: 5 1.00 INCH OR MORE: 0
[HDD (BASE 65) ]
TOTAL THIS MO. 1408 CLEAR (SCALE 0-3) 7
DPTR FM NORMAL -320 PTCLDY (SCALE 4-7) 9
TOTAL FM JUL 1 4707 CLOUDY (SCALE 8-10) 15
DPTR FM NORMAL -560
[CDD (BASE 65) ]
TOTAL THIS MO. 0
DPTR FM NORMAL 0 [PRESSURE DATA]
TOTAL FM JAN 1 0 HIGHEST SLP 30.64 ON 27
DPTR FM NORMAL 0 LOWEST SLP 29.41 ON 14
[REMARKS]
#FINAL-01-21#