000
CXUS56 KHNX 050656
CLMFAT
CLIMATE REPORT
NATIONAL WEATHER SERVICE
1056 PM PST SUN FEB 04 2024
...................................
...THE FRESNO CA CLIMATE SUMMARY FOR THE MONTH OF JANUARY 2024...
CLIMATE NORMAL PERIOD 1991 TO 2020
CLIMATE RECORD PERIOD 1887 TO 2024
WEATHER OBSERVED NORMAL DEPART LAST YEAR`S
VALUE DATE(S) VALUE FROM VALUE DATE(S)
NORMAL
................................................................
TEMPERATURE (F)
RECORD
HIGH 78 01/24/2014
01/28/1986
LOW 17 01/06/1913
HIGHEST 77 01/29 MM 64 01/07
01/12
01/26
LOWEST 33 01/08 MM 32 01/31
MEAN 51.5 48.0 3.5 49.6
DAYS MAX >= 90 0 0.0 0.0 0
DAYS MIN <= 32 0 4.2 -4.2 1
PRECIPITATION (INCHES)
RECORD
MAXIMUM 8.56 1969
MINIMUM T 2022
TOTALS 1.91 2.16 -0.25
DAYS >= .01 13 7.7 5.3 11
DAYS >= .10 7 4.8 2.2 9
DAYS >= .50 1 1.4 -0.4 2
DAYS >= 1.00 0 0.1 -0.1 1
SNOWFALL (INCHES)
RECORDS
TOTAL 2.5 1930
TOTALS 0.0 0.0
DEGREE DAYS
HEATING TOTAL 413 527 -114 469
SINCE 7/1 1018 1426 -408 MM
COOLING TOTAL 0 0 0 0
SINCE 1/1 0 0 0 MM
................................................................
WIND (MPH)
AVERAGE WIND SPEED 3.9
HIGHEST WIND SPEED/DIRECTION 36/320 DATE 01/11
HIGHEST GUST SPEED/DIRECTION 46/310 DATE 01/11
AVERAGE RH (PERCENT) 77
WEATHER CONDITIONS. NUMBER OF DAYS WITH
THUNDERSTORM 0 RAIN 6
HAIL 0 FOG 24
FOG W/VIS <= 1/4 MILE 7 HAZE 12
- INDICATES NEGATIVE NUMBERS.
R INDICATES RECORD WAS SET OR TIED.
MM INDICATES DATA IS MISSING.
T INDICATES TRACE AMOUNT.
$$