000
CXUS52 KFFC 011010
CF6FFC
PRELIMINARY LOCAL CLIMATOLOGICAL DATA (WS FORM: F-6)
STATION: PEACHTREE CITY
MONTH: SEPTEMBER
YEAR: 2021
LATITUDE: 33 20 N
LONGITUDE: 84 34 W
TEMPERATURE IN F: :PCPN: SNOW: WIND :SUNSHINE: SKY :PK WND
================================================================================
1 2 3 4 5 6A 6B 7 8 9 10 11 12 13 14 15 16 17 18
12Z AVG MX 2MIN
DY MAX MIN AVG DEP HDD CDD WTR SNW DPTH SPD SPD DIR MIN PSBL S-S WX SPD DR
================================================================================
1 87 72 80 2 0 15 0.00 M M 6.9 20 310 M M 5 18 28 310
2 88 67 78 1 0 13 0.00 M M 2.2 12 90 M M 2 1 17 90
3 84 61 73 -4 0 8 0.00 M M 2.3 12 60 M M 0 1 17 110
4 84 57 71 -6 0 6 0.00 M M 1.4 10 130 M M 0 14 150
5 87 57 72 -5 0 7 0.00 M M 1.2 8 290 M M 1 12 12 240
6 86 69 78 1 0 13 0.19 M M 2.0 13 320 M M 5 138 17 320
7 88 69 79 3 0 14 1.02 M M 2.0 20 320 M M 5 138 26 320
8 82 72 77 1 0 12 0.00 M M 2.2 12 140 M M 5 123 18 130
9 84 62 73 -3 0 8 0.00 M M 7.1 20 300 M M 4 28 310
10 85 58 72 -4 0 7 0.00 M M 2.2 12 130 M M 1 16 70
11 85 60 73 -3 0 8 0.00 M 0 1.4 10 120 M M 0 1 17 130
12 87 61 74 -1 0 9 0.00 M M 1.5 8 140 M M 0 1 12 120
13 90 63 77 2 0 12 0.00 M M 1.0 9 310 M M 1 1 14 320
14 89 68 79 4 0 14 0.00 M M 0.8 7 140 M M 1 1 11 220
15 78 69 74 0 0 9 0.74 M M 2.1 8 90 M M 7 1 13 70
16 80 70 75 1 0 10 0.15 M M 5.9 12 120 M M 10 1 16 120
17 80 72 76 2 0 11 0.00 M M 3.3 10 120 M M 10 1 14 130
18 86 71 79 5 0 14 0.38 M M 1.6 10 90 M M 7 13 16 70
19 82 72 77 4 0 12 0.11 M M 3.1 14 130 M M 7 18 20 120
20 78 72 75 2 0 10 0.24 M M 5.6 12 120 M M 10 1 23 120
21 87 73 80 7 0 15 0.03 M M 2.6 13 120 M M 7 1 19 130
22 81 60 71 -1 0 6 0.07 M M 6.4 21 320 M M 6 1 28 330
23 75 52 64 -8 1 0 0.00 M M 7.5 17 320 M M 0 28 350
24 78 48 63 -9 2 0 0.00 M M 1.6 10 140 M M 0 15 130
25 79 52 66 -6 0 1 0.00 M M 2.1 10 300 M M 2 12 16 300
26 83 52 68 -3 0 3 0.00 M M 1.3 9 300 M M 0 1 13 300
27 84 55 70 -1 0 5 0.00 M M 0.7 7 300 M M 0 1 11 260
28 85 58 72 2 0 7 0.00 0.0 M 1.5 12 290 M M 1 1 17 300
29 87 59 73 3 0 8 0.00 0.0 M 2.3 14 330 M M 1 1 21 340
30 86 59 73 3 0 8 0.00 M M 0.7 8 140 M M 1 18 11 140
================================================================================
SM 2515 1890 3 265 2.93 0.0 82.5 M 99
================================================================================
AV 83.8 63.0 2.7 FASTST M M 3 MAX(MPH)
MISC ----> 21 320 # 28 310
================================================================================
NOTES:
# LAST OF SEVERAL OCCURRENCES
COLUMN 17 PEAK WIND IN M.P.H.
PRELIMINARY LOCAL CLIMATOLOGICAL DATA (WS FORM: F-6) , PAGE 2
STATION: PEACHTREE CITY
MONTH: SEPTEMBER
YEAR: 2021
LATITUDE: 33 20 N
LONGITUDE: 84 34 W
[TEMPERATURE DATA] [PRECIPITATION DATA] SYMBOLS USED IN COLUMN 16
AVERAGE MONTHLY: 73.4 TOTAL FOR MONTH: 2.93 1 = FOG OR MIST
DPTR FM NORMAL: -0.7 DPTR FM NORMAL: -0.59 2 = FOG REDUCING VISIBILITY
HIGHEST: 90 ON 13 GRTST 24HR 1.02 ON 7- 7 TO 1/4 MILE OR LESS
LOWEST: 48 ON 24 3 = THUNDER
SNOW, ICE PELLETS, HAIL 4 = ICE PELLETS
TOTAL MONTH: 0.0 INCH 5 = HAIL
GRTST 24HR 0.0 6 = FREEZING RAIN OR DRIZZLE
GRTST DEPTH: 0 7 = DUSTSTORM OR SANDSTORM:
VSBY 1/2 MILE OR LESS
8 = SMOKE OR HAZE
[NO. OF DAYS WITH] [WEATHER - DAYS WITH] 9 = BLOWING SNOW
X = TORNADO
MAX 32 OR BELOW: 0 0.01 INCH OR MORE: 9
MAX 90 OR ABOVE: 1 0.10 INCH OR MORE: 7
MIN 32 OR BELOW: 0 0.50 INCH OR MORE: 2
MIN 0 OR BELOW: 0 1.00 INCH OR MORE: 1
[HDD (BASE 65) ]
TOTAL THIS MO. 3 CLEAR (SCALE 0-3) 17
DPTR FM NORMAL -4 PTCLDY (SCALE 4-7) 10
TOTAL FM JUL 1 3 CLOUDY (SCALE 8-10) 3
DPTR FM NORMAL -2
[CDD (BASE 65) ]
TOTAL THIS MO. 265
DPTR FM NORMAL -15 [PRESSURE DATA]
TOTAL FM JAN 1 1712 HIGHEST SLP 30.31 ON 12
DPTR FM NORMAL -152 LOWEST SLP 29.70 ON 1
[REMARKS]
#FINAL-09-21#