000
CXUS52 KFFC 011110
CF6FFC
PRELIMINARY LOCAL CLIMATOLOGICAL DATA (WS FORM: F-6)
STATION: PEACHTREE CITY
MONTH: NOVEMBER
YEAR: 2020
LATITUDE: 33 20 N
LONGITUDE: 84 34 W
TEMPERATURE IN F: :PCPN: SNOW: WIND :SUNSHINE: SKY :PK WND
================================================================================
1 2 3 4 5 6A 6B 7 8 9 10 11 12 13 14 15 16 17 18
12Z AVG MX 2MIN
DY MAX MIN AVG DEP HDD CDD WTR SNW DPTH SPD SPD DIR MIN PSBL S-S WX SPD DR
================================================================================
1 71 51 61 4 4 0 0.00 M M 8.4 24 340 M M 5 1 34 330
2 61 35 48 -8 17 0 0.00 M M 7.9 25 340 M M 0 32 340
3 67 32 50 -6 15 0 0.00 M M 2.4 12 330 M M 0 14 330
4 70 36 53 -3 12 0 0.00 M M 1.2 8 140 M M 1 12 11 140
5 72 39 56 0 9 0 0.00 M M 1.3 9 80 M M 0 1 13 90
6 77 49 63 8 2 0 0.00 M M 2.3 10 60 M M 3 18 15 40
7 72 53 63 8 2 0 0.03 M M 4.4 12 90 M M 7 1 17 80
8 76 63 70 15 0 5 0.04 M M 6.8 17 100 M M 7 1 26 90
9 79 65 72 17 0 7 T 0.0 M 8.1 17 120 M M 7 1 26 100
10 72 67 70 16 0 5 0.06 M M 6.4 12 90 M M 10 1 18 90
11 78 70 74 20 0 9 0.11 0.0 M 1.5 10 300 M M 9 1 12 320
12 74 58 66 12 0 1 0.00 M M 7.3 15 320 M M 6 18 18 320
13 75 47 61 7 4 0 0.00 M M 4.6 15 330 M M 1 12 19 320
14 74 39 57 4 8 0 0.00 M M 1.6 9 80 M M 0 12 12 80
15 74 42 58 5 7 0 T M M 3.5 17 330 M M 3 1 26 240
16 64 35 50 -3 15 0 0.00 M M 4.1 15 310 M M 0 20 300
17 66 32 49 -3 16 0 0.00 M M 7.3 23 340 M M 0 32 320
18 65 33 49 -3 16 0 0.00 M M 2.2 10 320 M M 0 14 330
19 63 30 47 -5 18 0 0.00 M M 2.6 12 90 M M 0 17 130
20 72 35 54 3 11 0 0.00 M M 0.8 8 130 M M 0 1 11 120
21 72 41 57 6 8 0 0.00 M M 0.3 8 320 M M 1 18 12 310
22 71 43 57 6 8 0 0.00 0.0 M 0.7 7 250 M M 4 18 12 250
23 64 35 50 -1 15 0 0.00 M M 7.9 18 320 M M 2 27 350
24 63 32 48 -2 17 0 0.00 M M 4.6 15 110 M M 1 23 100
25 72 42 57 7 8 0 M M M 6.2 15 140 M M 8 18 24 150
26 73 50 62 12 3 0 0.69 M M 2.6 10 150 M M 7 123 20 150
27 73 41 57 8 8 0 T M M 0.6 7 350 M M 4 12 11 10
28 69 49 59 10 6 0 0.12 M M 2.3 12 330 M M 3 1 16 350
29 57 48 53 4 12 0 1.64 M M 5.5 14 130 M M 8 12 19 90
30 58 35 47 -1 18 0 0.62 M M 12.4 23 290 M M 10 1 38 310
================================================================================
SM 2094 1327 259 27 3.31 0.0 127.8 M 107
================================================================================
AV 69.8 44.2 4.3 FASTST M M 4 MAX(MPH)
MISC ----> 25 340 38 310
================================================================================
NOTES:
# LAST OF SEVERAL OCCURRENCES
COLUMN 17 PEAK WIND IN M.P.H.
PRELIMINARY LOCAL CLIMATOLOGICAL DATA (WS FORM: F-6) , PAGE 2
STATION: PEACHTREE CITY
MONTH: NOVEMBER
YEAR: 2020
LATITUDE: 33 20 N
LONGITUDE: 84 34 W
[TEMPERATURE DATA] [PRECIPITATION DATA] SYMBOLS USED IN COLUMN 16
AVERAGE MONTHLY: 57.0 TOTAL FOR MONTH: 3.31 1 = FOG OR MIST
DPTR FM NORMAL: 4.3 DPTR FM NORMAL: -0.56 2 = FOG REDUCING VISIBILITY
HIGHEST: 79 ON 9 GRTST 24HR 2.26 ON 29-30 TO 1/4 MILE OR LESS
LOWEST: 30 ON 19 3 = THUNDER
SNOW, ICE PELLETS, HAIL 4 = ICE PELLETS
TOTAL MONTH: 0.0 INCH 5 = HAIL
GRTST 24HR 0.0 6 = FREEZING RAIN OR DRIZZLE
GRTST DEPTH: M ON M 7 = DUSTSTORM OR SANDSTORM:
VSBY 1/2 MILE OR LESS
8 = SMOKE OR HAZE
[NO. OF DAYS WITH] [WEATHER - DAYS WITH] 9 = BLOWING SNOW
X = TORNADO
MAX 32 OR BELOW: 0 0.01 INCH OR MORE: 8
MAX 90 OR ABOVE: 0 0.10 INCH OR MORE: 5
MIN 32 OR BELOW: 4 0.50 INCH OR MORE: 3
MIN 0 OR BELOW: 0 1.00 INCH OR MORE: 1
[HDD (BASE 65) ]
TOTAL THIS MO. 259 CLEAR (SCALE 0-3) 16
DPTR FM NORMAL -117 PTCLDY (SCALE 4-7) 10
TOTAL FM JUL 1 340 CLOUDY (SCALE 8-10) 4
DPTR FM NORMAL -201
[CDD (BASE 65) ]
TOTAL THIS MO. 27
DPTR FM NORMAL 22 [PRESSURE DATA]
TOTAL FM JAN 1 1953 HIGHEST SLP 30.63 ON 19
DPTR FM NORMAL 300 LOWEST SLP 29.58 ON 30
[REMARKS]
#FINAL-11-20#