906
CXUS53 KARX 011654
CF6FKA
PRELIMINARY LOCAL CLIMATOLOGICAL DATA (WS FORM: F-6)
STATION: PRESTON MN
MONTH: DECEMBER
YEAR: 2020
LATITUDE: 43 40 N
LONGITUDE: 92 11 W
TEMPERATURE IN F: :PCPN: SNOW: WIND :SUNSHINE: SKY :PK WND
================================================================================
1 2 3 4 5 6A 6B 7 8 9 10 11 12 13 14 15 16 17 18
12Z AVG MX 2MIN
DY MAX MIN AVG DEP HDD CDD WTR SNW DPTH SPD SPD DIR MIN PSBL S-S WX SPD DR
================================================================================
1 35 10 23 M 42 0 0.00 0.0 0 0.5 5 130 M M 0 M M
2 44 19 32 M 33 0 0.00 0.0 0 6.5 10 310 M M 0 M M
3 41 25 33 M 32 0 0.00 0.0 0 10.3 14 260 M M 2 20 240
4 42 26 34 M 31 0 0.00 0.0 0 6.7 12 270 M M 0 M M
5 38 20 29 M 36 0 T T 0 1.3 6 120 M M 1 1 M M
6 36 22 29 M 36 0 0.00 0.0 0 5.3 12 310 M M 6 1 M M
7 30 28 29 M 36 0 0.00 0.0 0 2.4 7 360 M M 10 1 M M
8 37 27 32 M 33 0 0.00 0.0 0 7.7 12 200 M M 5 1 M M
9 51 31 41 M 24 0 0.00 0.0 0 6.1 10 270 M M 0 M M
10 54 29 42 M 23 0 0.00 0.0 0 9.4 16 190 M M 0 23 200
11 36 30 33 M 32 0 0.00 0.0 0 11.8 16 40 M M 1 25 40
12 32 20 26 M 39 0 0.00 0.0 0 12.0 17 30 M M 5 8 25 30
13 28 20 24 M 41 0 0.00 0.0 0 10.0 18 310 M M 10 28 310
14 21 12 17 M 48 0 M M 0 9.4 16 310 M M 2 23 300
15 23 12 18 M 47 0 0.00 0.0 0 3.8 7 140 M M 1 M M
16 27 14 21 M 44 0 0.00 0.0 0 2.3 7 130 M M 4 M M
17 31 16 24 M 41 0 0.00 0.0 0 5.4 10 180 M M 2 1 M M
18 37 25 31 M 34 0 0.00 0.0 0 11.3 18 170 M M 5 1 28 160
19 32 21 27 M 38 0 M M 0 7.2 13 220 M M 10 1 16 340
20 37 17 27 M 38 0 0.00 0.0 0 8.0 12 180 M M 2 1 16 220
21 39 24 32 M 33 0 0.00 0.0 0 16.3 25 310 M M 7 43 310
22 41 16 29 M 36 0 0.00 0.0 0 11.3 23 170 M M 2 8 36 170
23 47 6 27 M 38 0 M M M 20.2 28 310 M M 8 18 41 200
24 6 -3 2 M 63 0 M M M 16.3 21 320 M M 3 18 31 310
25 21 -6 8 M 57 0 0.00 0.0 M 8.1 12 240 M M 1 8 20 230
26 26 10 18 M 47 0 0.00 0.0 M 4.7 10 330 M M 0 1 M M
27 26 18 22 M 43 0 M M M 8.7 15 360 M M 4 21 340
28 26 10 18 M 47 0 0.00 0.0 M 9.1 14 300 M M 2 20 280
29 24 8 16 M 49 0 M M M 7.5 14 130 M M 5 1 21 140
30 26 17 22 M 43 0 M M M 14.7 24 290 M M 9 18 29 280
31 20 16 18 M 47 0 M M M 7.7 13 190 M M 10 1 M M
================================================================================
SM 1014 540 1231 0 T T 262.1 M 117
================================================================================
AV 32.7 17.4 8.5 FASTST M M 4 MAX(MPH)
MISC ----> 28 310 43 310
================================================================================
NOTES:
# LAST OF SEVERAL OCCURRENCES
COLUMN 17 PEAK WIND IN M.P.H.
PRELIMINARY LOCAL CLIMATOLOGICAL DATA (WS FORM: F-6) , PAGE 2
STATION: PRESTON MN
MONTH: DECEMBER
YEAR: 2020
LATITUDE: 43 40 N
LONGITUDE: 92 11 W
[TEMPERATURE DATA] [PRECIPITATION DATA] SYMBOLS USED IN COLUMN 16
AVERAGE MONTHLY: 25.1 TOTAL FOR MONTH: T 1 = FOG OR MIST
DPTR FM NORMAL: 0.0 DPTR FM NORMAL: M 2 = FOG REDUCING VISIBILITY
HIGHEST: 54 ON 10 GRTST 24HR T ON 5- 5 TO 1/4 MILE OR LESS
LOWEST: -6 ON 25 3 = THUNDER
SNOW, ICE PELLETS, HAIL 4 = ICE PELLETS
TOTAL MONTH: T 5 = HAIL
GRTST 24HR T ON 5- 5 6 = FREEZING RAIN OR DRIZZLE
GRTST DEPTH: 0 7 = DUSTSTORM OR SANDSTORM:
VSBY 1/2 MILE OR LESS
8 = SMOKE OR HAZE
[NO. OF DAYS WITH] [WEATHER - DAYS WITH] 9 = BLOWING SNOW
X = TORNADO
MAX 32 OR BELOW: 16 0.01 INCH OR MORE: 0
MAX 90 OR ABOVE: 0 0.10 INCH OR MORE: 0
MIN 32 OR BELOW: 31 0.50 INCH OR MORE: 0
MIN 0 OR BELOW: 2 1.00 INCH OR MORE: 0
[HDD (BASE 65) ]
TOTAL THIS MO. 1231 CLEAR (SCALE 0-3) 16
DPTR FM NORMAL M PTCLDY (SCALE 4-7) 9
TOTAL FM JUL 1 2976 CLOUDY (SCALE 8-10) 6
DPTR FM NORMAL M
[CDD (BASE 65) ]
TOTAL THIS MO. 0
DPTR FM NORMAL M [PRESSURE DATA]
TOTAL FM JAN 1 585 HIGHEST SLP M ON M
DPTR FM NORMAL M LOWEST SLP M ON M
[REMARKS]
#FINAL-12-20#