000
CXUS52 KTBW 051618
CF6FMY
PRELIMINARY LOCAL CLIMATOLOGICAL DATA (WS FORM: F-6)
STATION: FORT MYERS
MONTH: DECEMBER
YEAR: 2020
LATITUDE: 26 34 N
LONGITUDE: 81 52 W
TEMPERATURE IN F: :PCPN: SNOW: WIND :SUNSHINE: SKY :PK WND
================================================================================
1 2 3 4 5 6A 6B 7 8 9 10 11 12 13 14 15 16 17 18
12Z AVG MX 2MIN
DY MAX MIN AVG DEP HDD CDD WTR SNW DPTH SPD SPD DIR MIN PSBL S-S WX SPD DR
================================================================================
1 66 47 57 -12 8 0 0.00 0.0 0 8.7 16 360 M M 0 20 350
2 69 44 57 -12 8 0 0.00 0.0 0 8.8 15 60 M M 0 24 80
3 76 49 63 -6 2 0 0.00 0.0 0 6.9 17 130 M M 0 24 120
4 77 60 69 1 0 4 0.01 0.0 0 4.6 15 140 M M 1 22 140
5 82 64 73 5 0 8 T 0.0 0 4.2 13 270 M M 2 24 240
6 76 58 67 -1 0 2 0.01 0.0 0 5.4 12 10 M M 3 15 30
7 73 57 65 -3 0 0 1.38 0.0 0 10.3 22 320 M M 7 1 33 310
8 63 49 56 -12 9 0 0.00 0.0 0 10.6 18 340 M M 0 32 330
9 66 45 56 -12 9 0 0.00 0.0 0 5.4 14 350 M M 0 17 330
10 74 47 61 -6 4 0 0.00 0.0 0 2.1 10 20 M M 2 1 15 30
11 74 52 63 -4 2 0 T 0.0 0 5.3 13 80 M M 6 17 100
12 81 63 72 5 0 7 T 0.0 0 3.0 10 220 M M 6 1 13 220
13 81 62 72 5 0 7 0.00 0.0 0 3.0 12 210 M M 1 1 15 200
14 80 68 74 7 0 9 0.06 0.0 0 5.4 17 200 M M 3 18 25 210
15 78 65 72 5 0 7 0.00 0.0 0 4.0 13 270 M M 7 19 290
16 82 63 73 7 0 8 0.08 0.0 0 6.8 17 190 M M 4 1 25 180
17 74 60 67 1 0 2 0.11 0.0 0 9.1 17 330 M M 7 1 21 240
18 65 48 57 -9 8 0 0.00 0.0 0 10.1 16 40 M M 3 24 60
19 75 49 62 -4 3 0 0.00 0.0 0 7.2 15 100 M M 1 22 100
20 81 57 69 3 0 4 0.08 0.0 0 7.1 17 200 M M 2 1 23 180
21 74 57 66 0 0 1 0.40 0.0 0 9.2 20 250 M M 3 1 28 330
22 71 53 62 -4 3 0 0.00 0.0 0 7.3 15 30 M M 0 25 80
23 77 52 65 0 0 0 0.00 0.0 0 5.9 15 120 M M 2 20 130
24 81 59 70 5 0 5 T 0.0 0 7.9 22 290 M M 3 29 300
25 65 50 58 -7 7 0 0.11 0.0 0 11.2 21 10 M M 7 1 30 330
26 59 43 51 -14 14 0 0.00 0.0 0 8.8 17 20 M M 0 22 50
27 74 45 60 -5 5 0 0.00 0.0 0 7.3 15 120 M M 2 21 60
28 79 52 66 1 0 1 0.00 0.0 0 7.5 15 70 M M 2 21 70
29 78 57 68 3 0 3 0.00 0.0 0 8.9 18 80 M M 4 27 80
30 79 62 71 7 0 6 T 0.0 0 9.9 21 110 M M 8 29 90
31 83 68 76 12 0 11 T 0.0 0 10.5 18 130 M M 2 29 110
================================================================================
SM 2313 1705 82 85 2.24 0.0 222.4 M 88
================================================================================
AV 74.6 55.0 7.2 FASTST M M 3 MAX(MPH)
MISC ----> # 22 320 33 310
================================================================================
NOTES:
# LAST OF SEVERAL OCCURRENCES
COLUMN 17 PEAK WIND IN M.P.H.
PRELIMINARY LOCAL CLIMATOLOGICAL DATA (WS FORM: F-6) , PAGE 2
STATION: FORT MYERS
MONTH: DECEMBER
YEAR: 2020
LATITUDE: 26 34 N
LONGITUDE: 81 52 W
[TEMPERATURE DATA] [PRECIPITATION DATA] SYMBOLS USED IN COLUMN 16
AVERAGE MONTHLY: 64.8 TOTAL FOR MONTH: 2.24 1 = FOG OR MIST
DPTR FM NORMAL: -1.7 DPTR FM NORMAL: 0.53 2 = FOG REDUCING VISIBILITY
HIGHEST: 83 ON 31 GRTST 24HR 1.39 ON 6- 7 TO 1/4 MILE OR LESS
LOWEST: 43 ON 26 3 = THUNDER
SNOW, ICE PELLETS, HAIL 4 = ICE PELLETS
TOTAL MONTH: 0.0 INCH 5 = HAIL
GRTST 24HR 0.0 6 = FREEZING RAIN OR DRIZZLE
GRTST DEPTH: 0 7 = DUSTSTORM OR SANDSTORM:
VSBY 1/2 MILE OR LESS
8 = SMOKE OR HAZE
[NO. OF DAYS WITH] [WEATHER - DAYS WITH] 9 = BLOWING SNOW
X = TORNADO
MAX 32 OR BELOW: 0 0.01 INCH OR MORE: 9
MAX 90 OR ABOVE: 0 0.10 INCH OR MORE: 4
MIN 32 OR BELOW: 0 0.50 INCH OR MORE: 1
MIN 0 OR BELOW: 0 1.00 INCH OR MORE: 1
[HDD (BASE 65) ]
TOTAL THIS MO. 82 CLEAR (SCALE 0-3) 20
DPTR FM NORMAL 7 PTCLDY (SCALE 4-7) 11
TOTAL FM JUL 1 82 CLOUDY (SCALE 8-10) 0
DPTR FM NORMAL -9
[CDD (BASE 65) ]
TOTAL THIS MO. 85
DPTR FM NORMAL -36 [PRESSURE DATA]
TOTAL FM JAN 1 4674 HIGHEST SLP 30.31 ON 18
DPTR FM NORMAL 690 LOWEST SLP 29.79 ON 7
[REMARKS]
#FINAL-12-20#