000
CXUS52 KMLB 010625
CF6FPR
PRELIMINARY LOCAL CLIMATOLOGICAL DATA (WS FORM: F-6)
STATION: FORT PIERCE
MONTH: OCTOBER
YEAR: 2022
LATITUDE: 27 30 N
LONGITUDE: 80 22 W
TEMPERATURE IN F: :PCPN: SNOW: WIND :SUNSHINE: SKY :PK WND
================================================================================
1 2 3 4 5 6A 6B 7 8 9 10 11 12 13 14 15 16 17 18
12Z AVG MX 2MIN
DY MAX MIN AVG DEP HDD CDD WTR SNW DPTH SPD SPD DIR MIN PSBL S-S WX SPD DR
================================================================================
1 82 63 73 -6 0 8 0.00 0.0 0 3.9 9 20 M M 6 14 30
2 85 68 77 -2 0 12 0.00 0.0 0 4.0 12 290 M M 8 15 300
3 85 64 75 -4 0 10 0.00 0.0 0 5.1 13 20 M M 1 20 20
4 83 66 75 -4 0 10 0.04 0.0 0 6.7 16 20 M M 4 1 24 20
5 82 66 74 -5 0 9 0.28 0.0 0 4.6 15 70 M M 5 1 20 80
6 83 63 73 -5 0 8 0.00 0.0 0 3.4 13 30 M M 0 19 30
7 84 60 72 -6 0 7 0.00 0.0 0 4.5 13 70 M M 1 19 20
8 84 63 74 -4 0 9 0.00 0.0 0 5.6 14 20 M M 5 23 30
9 87 75 81 3 0 16 0.04 0.0 0 6.0 16 90 M M 8 1 20 100
10 88 72 80 2 0 15 T 0.0 0 2.9 10 50 M M 5 13 16 30
11 87 73 80 2 0 15 0.00 0.0 0 4.1 10 70 M M 3 8 16 70
12 88 72 80 3 0 15 T 0.0 0 5.2 15 140 M M 2 1 18 130
13 87 73 80 3 0 15 0.01 0.0 0 3.9 13 160 M M 2 1 20 170
14 87 71 79 2 0 14 T 0.0 0 3.9 15 100 M M 4 123 18 70
15 87 72 80 3 0 15 0.14 0.0 0 7.1 18 80 M M 5 1 25 70
16 85 70 78 2 0 13 0.00 0.0 0 6.5 15 60 M M 2 19 100
17 87 67 77 1 0 12 0.84 0.0 0 5.3 21 140 M M 4 13 24 140
18 86 71 79 3 0 14 0.20 0.0 0 6.4 24 230 M M 5 1238 34 240
19 73 58 66 -10 0 1 T 0.0 0 8.1 14 320 M M 5 22 320
20 78 58 68 -8 0 3 0.00 0.0 0 7.9 13 310 M M 8 19 30
21 79 63 71 -4 0 6 0.00 0.0 0 9.0 18 350 M M 5 3 27 350
22 83 59 71 -4 0 6 T 0.0 0 5.5 13 30 M M 1 19 40
23 82 63 73 -2 0 8 0.01 0.0 0 6.0 14 10 M M 3 1 21 40
24 83 65 74 -1 0 9 0.03 0.0 0 3.5 13 70 M M 3 1 18 70
25 83 62 73 -1 0 8 0.00 0.0 0 2.9 10 30 M M 0 15 70
26 87 61 74 0 0 9 0.00 0.0 0 3.9 10 280 M M 1 1 14 280
27 86 64 75 1 0 10 0.00 0.0 0 2.0 10 90 M M 0 1 14 80
28 84 65 75 1 0 10 0.00 0.0 0 4.7 13 70 M M 2 12 16 90
29 85 68 77 3 0 12 0.47 0.0 0 5.6 15 50 M M 3 18 23 20
30 84 69 77 4 0 12 0.05 0.0 0 5.2 15 110 M M 3 1 19 100
31 86 68 77 4 0 12 0.00 0.0 0 4.5 16 120 M M 4 20 110
================================================================================
SM 2610 2052 0 323 2.11 0.0 157.9 M 108
================================================================================
AV 84.2 66.2 5.1 FASTST M M 3 MAX(MPH)
MISC ----> 24 230 34 240
================================================================================
NOTES:
# LAST OF SEVERAL OCCURRENCES
COLUMN 17 PEAK WIND IN M.P.H.
PRELIMINARY LOCAL CLIMATOLOGICAL DATA (WS FORM: F-6) , PAGE 2
STATION: FORT PIERCE
MONTH: OCTOBER
YEAR: 2022
LATITUDE: 27 30 N
LONGITUDE: 80 22 W
[TEMPERATURE DATA] [PRECIPITATION DATA] SYMBOLS USED IN COLUMN 16
AVERAGE MONTHLY: 75.2 TOTAL FOR MONTH: 2.11 1 = FOG OR MIST
DPTR FM NORMAL: -1.2 DPTR FM NORMAL: -3.14 2 = FOG REDUCING VISIBILITY
HIGHEST: 88 ON 12,10 GRTST 24HR 1.04 ON 17-18 TO 1/4 MILE OR LESS
LOWEST: 58 ON 20,19 3 = THUNDER
SNOW, ICE PELLETS, HAIL 4 = ICE PELLETS
TOTAL MONTH: 0.0 INCH 5 = HAIL
GRTST 24HR 0.0 6 = FREEZING RAIN OR DRIZZLE
GRTST DEPTH: 0 7 = DUSTSTORM OR SANDSTORM:
VSBY 1/2 MILE OR LESS
8 = SMOKE OR HAZE
[NO. OF DAYS WITH] [WEATHER - DAYS WITH] 9 = BLOWING SNOW
X = TORNADO
MAX 32 OR BELOW: 0 0.01 INCH OR MORE: 11
MAX 90 OR ABOVE: 0 0.10 INCH OR MORE: 5
MIN 32 OR BELOW: 0 0.50 INCH OR MORE: 1
MIN 0 OR BELOW: 0 1.00 INCH OR MORE: 0
[HDD (BASE 65) ]
TOTAL THIS MO. 0 CLEAR (SCALE 0-3) 15
DPTR FM NORMAL -4 PTCLDY (SCALE 4-7) 15
TOTAL FM JUL 1 0 CLOUDY (SCALE 8-10) 1
DPTR FM NORMAL 0
[CDD (BASE 65) ]
TOTAL THIS MO. 323
DPTR FM NORMAL -32 [PRESSURE DATA]
TOTAL FM JAN 1 3399 HIGHEST SLP M ON M
DPTR FM NORMAL 291 LOWEST SLP 29.77 ON 18
[REMARKS]
#FINAL-10-22#
USED FPCF1 FOR MIN TEMP ON 10/01 DUE TO ASOS OUTAGE