000
CXUS54 KMAF 011110
CF6FST
PRELIMINARY LOCAL CLIMATOLOGICAL DATA (WS FORM: F-6)
STATION: FORT STOCKTON
MONTH: APRIL
YEAR: 2021
LATITUDE: 30 55 N
LONGITUDE: 102 55 W
TEMPERATURE IN F: :PCPN: SNOW: WIND :SUNSHINE: SKY :PK WND
================================================================================
1 2 3 4 5 6A 6B 7 8 9 10 11 12 13 14 15 16 17 18
12Z AVG MX 2MIN
DY MAX MIN AVG DEP HDD CDD WTR SNW DPTH SPD SPD DIR MIN PSBL S-S WX SPD DR
================================================================================
1 67 41 54 -10 11 0 0.00 M M 14.3 24 120 M M 0 32 140
2 76 50 63 -1 2 0 0.00 M M 19.9 28 130 M M 0 38 140
3 77 55 66 2 0 1 T M M 14.9 29 110 M M 4 3 41 110
4 67 57 62 -3 3 0 0.00 M M 12.8 23 150 M M 7 29 150
5 88 51 70 5 0 5 0.00 M M 13.9 28 150 M M 0 36 160
6 93 59 76 11 0 11 0.00 M M 14.4 26 160 M M 0 36 150
7 83 55 69 3 0 4 0.00 M M 9.3 28 330 M M 0 37 330
8 91 59 75 9 0 10 0.00 M M 11.0 22 280 M M 0 29 300
9 89 61 75 9 0 10 0.00 M M 16.3 30 280 M M 0 40 310
10 77 46 62 -4 3 0 0.00 M M 6.9 15 50 M M 0 20 60
11 92 59 76 9 0 11 0.00 M M 12.0 21 290 M M 0 27 290
12 80 59 70 3 0 5 0.00 M M 12.7 25 300 M M 0 8 30 290
13 64 53 59 -8 6 0 0.00 M M 9.8 15 30 M M 8 20 40
14 71 53 62 -5 3 0 0.00 M M 7.9 15 70 M M 6 19 80
15 67 52 60 -8 5 0 0.00 M M 7.3 15 120 M M 7 1 18 90
16 74 49 62 -6 3 0 0.00 M M 11.8 21 80 M M 1 1 34 360
17 57 43 50 -18 15 0 T M M 10.9 22 50 M M 7 27 40
18 62 44 53 -15 12 0 T M M 6.2 14 60 M M 6 20 80
19 71 49 60 -9 5 0 0.00 M M 6.3 14 130 M M 5 18 130
20 68 46 57 -12 8 0 0.00 M M 13.3 30 330 M M 0 36 330
21 63 38 51 -18 14 0 0.00 M M 13.2 23 110 M M 0 29 110
22 74 39 57 -12 8 0 0.00 M M 12.4 26 160 M M 0 36 160
23 84 54 69 -1 0 4 0.00 M M 15.7 31 270 M M 0 8 42 270
24 82 49 66 -4 0 1 0.00 M M 7.0 16 360 M M 0 24 360
25 95 55 75 5 0 10 0.00 M M 16.4 25 150 M M 0 33 160
26 94 64 79 9 0 14 0.00 M M 12.7 25 230 M M 0 36 210
27 96 68 82 11 0 17 0.25 M M 15.2 30 220 M M 1 13 36 200
28 84 54 69 -2 0 4 0.14 M M 12.9 35 330 M M 3 138 43 330
29 66 50 58 -13 7 0 0.30 M M 10.0 18 10 M M 6 1 24 10
30 63 52 58 -14 7 0 0.05 M M 7.5 15 20 M M 8 1 21 20
================================================================================
SM 2315 1564 112 107 0.74 M 354.9 M 69
================================================================================
AV 77.2 52.1 11.8 FASTST M M 2 MAX(MPH)
MISC ----> 35 330 43 330
================================================================================
NOTES:
# LAST OF SEVERAL OCCURRENCES
COLUMN 17 PEAK WIND IN M.P.H.
PRELIMINARY LOCAL CLIMATOLOGICAL DATA (WS FORM: F-6) , PAGE 2
STATION: FORT STOCKTON
MONTH: APRIL
YEAR: 2021
LATITUDE: 30 55 N
LONGITUDE: 102 55 W
[TEMPERATURE DATA] [PRECIPITATION DATA] SYMBOLS USED IN COLUMN 16
AVERAGE MONTHLY: 64.7 TOTAL FOR MONTH: 0.74 1 = FOG OR MIST
DPTR FM NORMAL: -3.0 DPTR FM NORMAL: -0.01 2 = FOG REDUCING VISIBILITY
HIGHEST: 96 ON 27 GRTST 24HR 0.44 ON 28-29 TO 1/4 MILE OR LESS
LOWEST: 38 ON 21 3 = THUNDER
SNOW, ICE PELLETS, HAIL 4 = ICE PELLETS
TOTAL MONTH: M 5 = HAIL
GRTST 24HR M ON M 6 = FREEZING RAIN OR DRIZZLE
GRTST DEPTH: M ON M 7 = DUSTSTORM OR SANDSTORM:
VSBY 1/2 MILE OR LESS
8 = SMOKE OR HAZE
[NO. OF DAYS WITH] [WEATHER - DAYS WITH] 9 = BLOWING SNOW
X = TORNADO
MAX 32 OR BELOW: 0 0.01 INCH OR MORE: 4
MAX 90 OR ABOVE: 6 0.10 INCH OR MORE: 3
MIN 32 OR BELOW: 0 0.50 INCH OR MORE: 0
MIN 0 OR BELOW: 0 1.00 INCH OR MORE: 0
[HDD (BASE 65) ]
TOTAL THIS MO. 112 CLEAR (SCALE 0-3) 20
DPTR FM NORMAL 44 PTCLDY (SCALE 4-7) 8
TOTAL FM JUL 1 2144 CLOUDY (SCALE 8-10) 2
DPTR FM NORMAL 211
[CDD (BASE 65) ]
TOTAL THIS MO. 107
DPTR FM NORMAL -42 [PRESSURE DATA]
TOTAL FM JAN 1 150 HIGHEST SLP 30.46 ON 1
DPTR FM NORMAL -48 LOWEST SLP 29.46 ON 27
[REMARKS]
#FINAL-04-21#