000
CXUS51 KCAR 010600
CF6FVE
PRELIMINARY LOCAL CLIMATOLOGICAL DATA (WS FORM: F-6)
STATION: FRENCHVILLE ME
MONTH: JUNE
YEAR: 2020
LATITUDE: 47 16 N
LONGITUDE: 68 19 W
TEMPERATURE IN F: :PCPN: SNOW: WIND :SUNSHINE: SKY :PK WND
================================================================================
1 2 3 4 5 6A 6B 7 8 9 10 11 12 13 14 15 16 17 18
12Z AVG MX 2MIN
DY MAX MIN AVG DEP HDD CDD WTR SNW DPTH SPD SPD DIR MIN PSBL S-S WX SPD DR
================================================================================
1 48 31 40 -15 25 0 0.00 M M 10.4 18 340 M M 6 24 320
2 59 32 46 -10 19 0 0.00 M M 12.5 23 320 M M 0 34 330
3 66 36 51 -5 14 0 0.00 M M 9.1 22 270 M M 3 29 280
4 71 46 59 3 6 0 T M M 10.6 25 250 M M 7 36 280
5 80 51 66 10 0 1 T M M 9.1 23 350 M M 3 33 280
6 59 48 54 -3 11 0 0.10 M M 7.2 17 40 M M 8 1 25 40
7 63 46 55 -2 10 0 0.04 M M 8.4 22 330 M M 8 1 31 330
8 66 50 58 1 7 0 0.00 M M 12.6 23 340 M M 7 31 350
9 65 45 55 -3 10 0 0.00 M M 7.7 21 350 M M 1 27 340
10 71 43 57 -1 8 0 0.00 M M 13.3 26 170 M M 2 34 180
11 66 44 55 -3 10 0 0.74 M M 13.9 23 170 M M 10 123 33 160
12 76 46 61 3 4 0 0.04 M M 9.4 20 260 M M 2 29 210
13 60 41 51 -8 14 0 T M M 7.9 18 350 M M 5 24 340
14 65 39 52 -7 13 0 0.00 M M 5.2 13 50 M M 5 16 40
15 72 49 61 2 4 0 0.00 M M 3.8 14 340 M M 2 20 330
16 82 48 65 5 0 0 0.00 M M 6.7 15 220 M M 0 19 220
17 85 57 71 11 0 6 0.00 M M 8.5 17 250 M M 0 23 250
18 93 63 78 18 0 13 0.00 M M 7.9 17 280 M M 0 23 250
19 93 69 81 21 0 16 0.00 M M 9.4 18 250 M M 0 24 220
20 87 61 74 14 0 9 0.00 M M 6.8 13 110 M M 0 17 90
21 82 55 69 8 0 4 0.00 M M 7.7 15 270 M M 2 19 250
22 84 63 74 13 0 9 0.00 M M 7.3 14 210 M M 4 1 19 210
23 90 65 78 17 0 13 0.02 M M 6.6 28 260 M M 0 3 42 230
24 83 64 74 12 0 9 0.20 M M 10.9 21 190 M M 7 1 31 190
25 75 56 66 4 0 1 0.00 M M 8.9 23 230 M M 5 31 230
26 81 56 69 7 0 4 0.00 M M 7.4 17 230 M M 2 3 26 200
27 76 59 68 6 0 3 0.01 M M 5.5 18 190 M M 5 23 200
28 78 60 69 7 0 4 T M M 5.5 14 80 M M 9 22 90
29 71 61 66 3 0 1 0.01 M M 11.2 22 70 M M 9 31 50
30 71 60 66 3 0 1 0.00 M M 6.5 13 40 M M 8 18 50
================================================================================
SM 2218 1544 155 94 1.16 M 257.9 M 120
================================================================================
AV 73.9 51.5 8.6 FASTST M M 4 MAX(MPH)
MISC ----> # 28 260 # 42 230
================================================================================
NOTES:
# LAST OF SEVERAL OCCURRENCES
COLUMN 17 PEAK WIND IN M.P.H.
PRELIMINARY LOCAL CLIMATOLOGICAL DATA (WS FORM: F-6) , PAGE 2
STATION: FRENCHVILLE ME
MONTH: JUNE
YEAR: 2020
LATITUDE: 47 16 N
LONGITUDE: 68 19 W
[TEMPERATURE DATA] [PRECIPITATION DATA] SYMBOLS USED IN COLUMN 16
AVERAGE MONTHLY: 62.7 TOTAL FOR MONTH: 1.16 1 = FOG OR MIST
DPTR FM NORMAL: 3.4 DPTR FM NORMAL: -2.69 2 = FOG REDUCING VISIBILITY
HIGHEST: 93 ON 19,18 GRTST 24HR 0.74 ON 11-11 TO 1/4 MILE OR LESS
LOWEST: 31 ON 1 3 = THUNDER
SNOW, ICE PELLETS, HAIL 4 = ICE PELLETS
TOTAL MONTH: M 5 = HAIL
GRTST 24HR M ON M 6 = FREEZING RAIN OR DRIZZLE
GRTST DEPTH: M ON M 7 = DUSTSTORM OR SANDSTORM:
VSBY 1/2 MILE OR LESS
8 = SMOKE OR HAZE
[NO. OF DAYS WITH] [WEATHER - DAYS WITH] 9 = BLOWING SNOW
X = TORNADO
MAX 32 OR BELOW: 0 0.01 INCH OR MORE: 8
MAX 90 OR ABOVE: 3 0.10 INCH OR MORE: 3
MIN 32 OR BELOW: 2 0.50 INCH OR MORE: 1
MIN 0 OR BELOW: 0 1.00 INCH OR MORE: 0
[HDD (BASE 65) ]
TOTAL THIS MO. 155 CLEAR (SCALE 0-3) 14
DPTR FM NORMAL -42 PTCLDY (SCALE 4-7) 13
TOTAL FM JUL 1 9479 CLOUDY (SCALE 8-10) 3
DPTR FM NORMAL -305
[CDD (BASE 65) ]
TOTAL THIS MO. 94
DPTR FM NORMAL 70 [PRESSURE DATA]
TOTAL FM JAN 1 135 HIGHEST SLP 30.51 ON 14
DPTR FM NORMAL 107 LOWEST SLP 29.43 ON 3
[REMARKS]
#FINAL-06-20#