000
CXUS53 KIWX 160810
CF6FWA
PRELIMINARY LOCAL CLIMATOLOGICAL DATA (WS FORM: F-6)
STATION: FORT WAYNE
MONTH: APRIL
YEAR: 2024
LATITUDE: 41 0 N
LONGITUDE: 85 12 W
TEMPERATURE IN F: :PCPN: SNOW: WIND :SUNSHINE: SKY :PK WND
================================================================================
1 2 3 4 5 6A 6B 7 8 9 10 11 12 13 14 15 16 17 18
12Z AVG MX 2MIN
DY MAX MIN AVG DEP HDD CDD WTR SNW DPTH SPD SPD DIR MIN PSBL S-S WX SPD DR
================================================================================
1 48 42 45 1 20 0 1.81 0.0 0 13.0 25 300 M M 10 138 40 280
2 57 39 48 3 17 0 0.72 0.0 0 13.5 31 250 M M 10 1 43 270
3 44 35 40 -5 25 0 0.11 T 0 18.4 31 220 M M 10 14 40 220
4 46 35 41 -5 24 0 0.03 T 0 11.2 22 270 M M 9 1 31 290
5 50 38 44 -2 21 0 0.01 0.0 0 8.8 17 320 M M 7 25 340
6 58 30 44 -2 21 0 0.00 0.0 0 3.9 13 40 M M 2 18 360
7 60 32 46 -1 19 0 0.12 0.0 0 11.2 25 120 M M 6 35 110
8 73 41 57 10 8 0 0.00 0.0 0 7.7 18 250 M M 5 26 230
9 72 49 61 13 4 0 0.00 0.0 0 10.2 22 240 M M 6 29 240
10 66 45 56 8 9 0 0.37 0.0 0 7.6 20 60 M M 10 1 27 60
11 56 48 52 4 13 0 1.21 0.0 0 12.2 24 320 M M 10 1 33 310
12 60 46 53 4 12 0 T 0.0 0 16.8 31 290 M M 8 44 290
13 65 40 53 4 12 0 0.00 0.0 0 11.3 23 260 M M 1 33 260
14 80 51 66 16 0 1 0.00 0.0 0 15.4 29 240 M M 4 38 270
15 75 49 62 12 3 0 0.00 0.0 0 7.1 20 70 M M 3 26 70
================================================================================
SM 910 620 208 1 4.38 T 168.3 M 101
================================================================================
AV 60.7 41.3 11.2 FASTST M M 7 MAX(MPH)
MISC ----> # 31 250 44 290
================================================================================
NOTES:
# LAST OF SEVERAL OCCURRENCES
COLUMN 17 PEAK WIND IN M.P.H.
PRELIMINARY LOCAL CLIMATOLOGICAL DATA (WS FORM: F-6) , PAGE 2
STATION: FORT WAYNE
MONTH: APRIL
YEAR: 2024
LATITUDE: 41 0 N
LONGITUDE: 85 12 W
[TEMPERATURE DATA] [PRECIPITATION DATA] SYMBOLS USED IN COLUMN 16
AVERAGE MONTHLY: 51.0 TOTAL FOR MONTH: 4.38 1 = FOG OR MIST
DPTR FM NORMAL: 3.8 DPTR FM NORMAL: 2.54 2 = FOG REDUCING VISIBILITY
HIGHEST: 80 ON 14 GRTST 24HR 1.90 ON 31- 1 TO 1/4 MILE OR LESS
LOWEST: 30 ON 6 3 = THUNDER
SNOW, ICE PELLETS, HAIL 4 = ICE PELLETS
TOTAL MONTH: T 5 = HAIL
GRTST 24HR T ON 3- 3 6 = FREEZING RAIN OR DRIZZLE
GRTST DEPTH: 0 7 = DUSTSTORM OR SANDSTORM:
VSBY 1/2 MILE OR LESS
8 = SMOKE OR HAZE
[NO. OF DAYS WITH] [WEATHER - DAYS WITH] 9 = BLOWING SNOW
X = TORNADO
MAX 32 OR BELOW: 0 0.01 INCH OR MORE: 8
MAX 90 OR ABOVE: 0 0.10 INCH OR MORE: 6
MIN 32 OR BELOW: 2 0.50 INCH OR MORE: 3
MIN 0 OR BELOW: 0 1.00 INCH OR MORE: 2
[HDD (BASE 65) ]
TOTAL THIS MO. 208 CLEAR (SCALE 0-3) 3
DPTR FM NORMAL -61 PTCLDY (SCALE 4-7) 6
TOTAL FM JUL 1 4640 CLOUDY (SCALE 8-10) 6
DPTR FM NORMAL -944
[CDD (BASE 65) ]
TOTAL THIS MO. 1
DPTR FM NORMAL 1 [PRESSURE DATA]
TOTAL FM JAN 1 1 HIGHEST SLP M ON M
DPTR FM NORMAL 0 LOWEST SLP 29.27 ON 2
[REMARKS]