000
CXUS54 KOUN 010810
CF6GAG
PRELIMINARY LOCAL CLIMATOLOGICAL DATA (WS FORM: F-6)
STATION: GAGE
MONTH: MARCH
YEAR: 2023
LATITUDE: 36 17 N
LONGITUDE: 99 46 W
TEMPERATURE IN F: :PCPN: SNOW: WIND :SUNSHINE: SKY :PK WND
================================================================================
1 2 3 4 5 6A 6B 7 8 9 10 11 12 13 14 15 16 17 18
12Z AVG MX 2MIN
DY MAX MIN AVG DEP HDD CDD WTR SNW DPTH SPD SPD DIR MIN PSBL S-S WX SPD DR
================================================================================
1 60 31 46 2 19 0 0.00 M M 10.7 26 340 M M 0 33 340
2 56 30 43 -1 22 0 0.00 M M 11.7 24 20 M M 1 30 20
3 65 30 48 3 17 0 0.00 M M 10.9 20 170 M M 2 24 170
4 64 33 49 4 16 0 0.00 M M 12.9 26 30 M M 0 8 35 50
5 84 31 58 12 7 0 0.00 M M 17.7 31 250 M M 0 38 230
6 67 43 55 9 10 0 0.00 M M 10.3 20 40 M M 0 25 40
7 43 35 39 -7 26 0 0.00 M M 11.5 18 360 M M 7 22 40
8 55 35 45 -2 20 0 0.00 M M 9.3 17 340 M M 5 21 350
9 53 32 43 -4 22 0 0.00 M M 7.7 21 360 M M 7 18 24 330
10 62 20 41 -7 24 0 0.00 M M 10.4 25 180 M M 0 1 32 180
11 70 44 57 9 8 0 M M M 16.1 25 10 M M 0 37 170
12 53 32 43 -5 22 0 M M M 10.1 16 10 M M 5 M M
13 43 22 33 -16 32 0 0.00 M M 5.7 13 60 M M 8 16 140
14 58 20 39 -10 26 0 0.00 M M 15.3 28 180 M M 2 33 180
15 70 42 56 6 9 0 0.00 M M 28.4 43 180 M M 0 52 170
16 62 35 49 -1 16 0 T M M 21.3 33 350 M M 6 8 44 350
17 53 19 36 -14 29 0 0.00 M M 9.2 23 340 M M 1 30 320
18 49 20 35 -16 30 0 0.00 M M 8.4 25 340 M M 1 32 350
19 56 9 33 -18 32 0 0.00 M M 12.9 24 170 M M 0 33 190
20 62 37 50 -1 15 0 T 0.0 0 25.0 38 170 M M 1 47 160
21 80 45 63 11 2 0 0.00 0.0 0 20.6 36 170 M M 3 45 180
22 81 44 63 11 2 0 0.00 0.0 0 14.8 33 220 M M 0 43 230
23 67 40 54 2 11 0 0.00 M M 11.5 17 40 M M 2 21 20
24 64 34 49 -3 16 0 0.00 M M 8.1 23 360 M M 4 30 340
25 65 26 46 -7 19 0 T M M 8.4 28 340 M M 1 18 36 350
26 58 28 43 -10 22 0 0.00 M M 8.2 16 360 M M 1 22 20
27 61 23 42 -11 23 0 0.00 0.0 M 8.5 36 350 M M 3 1 46 350
28 55 23 39 -15 26 0 0.00 0.0 M 9.4 22 10 M M 1 27 10
29 75 37 56 2 9 0 0.00 0.0 M 20.9 30 160 M M 0 40 190
30 67 48 58 4 7 0 0.00 M M 23.2 38 180 M M 3 1 47 200
31 73 45 59 5 6 0 0.00 M M 18.8 41 270 M M 3 8 52 270
================================================================================
SM 1931 993 545 0 T 0.0 417.8 M 67
================================================================================
AV 62.3 32.0 13.5 FASTST M M 2 MAX(MPH)
MISC ----> 43 180 # 52 170
================================================================================
NOTES:
# LAST OF SEVERAL OCCURRENCES
COLUMN 17 PEAK WIND IN M.P.H.
PRELIMINARY LOCAL CLIMATOLOGICAL DATA (WS FORM: F-6) , PAGE 2
STATION: GAGE
MONTH: MARCH
YEAR: 2023
LATITUDE: 36 17 N
LONGITUDE: 99 46 W
[TEMPERATURE DATA] [PRECIPITATION DATA] SYMBOLS USED IN COLUMN 16
AVERAGE MONTHLY: 47.2 TOTAL FOR MONTH: T 1 = FOG OR MIST
DPTR FM NORMAL: -2.5 DPTR FM NORMAL: -1.52 2 = FOG REDUCING VISIBILITY
HIGHEST: 84 ON 5 GRTST 24HR T ON 16-16 TO 1/4 MILE OR LESS
LOWEST: 9 ON 19 3 = THUNDER
SNOW, ICE PELLETS, HAIL 4 = ICE PELLETS
TOTAL MONTH: 0.0 INCH 5 = HAIL
GRTST 24HR 0.0 6 = FREEZING RAIN OR DRIZZLE
GRTST DEPTH: 0 7 = DUSTSTORM OR SANDSTORM:
VSBY 1/2 MILE OR LESS
8 = SMOKE OR HAZE
[NO. OF DAYS WITH] [WEATHER - DAYS WITH] 9 = BLOWING SNOW
X = TORNADO
MAX 32 OR BELOW: 0 0.01 INCH OR MORE: 0
MAX 90 OR ABOVE: 0 0.10 INCH OR MORE: 0
MIN 32 OR BELOW: 16 0.50 INCH OR MORE: 0
MIN 0 OR BELOW: 0 1.00 INCH OR MORE: 0
[HDD (BASE 65) ]
TOTAL THIS MO. 545 CLEAR (SCALE 0-3) 23
DPTR FM NORMAL 58 PTCLDY (SCALE 4-7) 8
TOTAL FM JUL 1 3655 CLOUDY (SCALE 8-10) 0
DPTR FM NORMAL -52
[CDD (BASE 65) ]
TOTAL THIS MO. 0
DPTR FM NORMAL -11 [PRESSURE DATA]
TOTAL FM JAN 1 0 HIGHEST SLP M ON M
DPTR FM NORMAL -12 LOWEST SLP 29.47 ON 16
[REMARKS]
#FINAL-03-23#