000
CXUS54 KOUN 061451
CF6GAG
PRELIMINARY LOCAL CLIMATOLOGICAL DATA (WS FORM: F-6)
STATION: GAGE
MONTH: DECEMBER
YEAR: 2021
LATITUDE: 36 17 N
LONGITUDE: 99 46 W
TEMPERATURE IN F: :PCPN: SNOW: WIND :SUNSHINE: SKY :PK WND
================================================================================
1 2 3 4 5 6A 6B 7 8 9 10 11 12 13 14 15 16 17 18
12Z AVG MX 2MIN
DY MAX MIN AVG DEP HDD CDD WTR SNW DPTH SPD SPD DIR MIN PSBL S-S WX SPD DR
================================================================================
1 73 29 51 10 14 0 0.00 0.0 0 4.9 10 240 M M 0 14 290
2 81 31 56 16 9 0 0.00 0.0 0 7.2 15 180 M M 0 18 180
3 71 32 52 12 13 0 0.00 0.0 0 7.4 16 40 M M 0 20 40
4 60 33 47 7 18 0 0.00 0.0 0 6.5 14 30 M M 1 23 220
5 75 38 57 17 8 0 0.00 0.0 0 14.2 38 20 M M 0 50 30
6 42 23 33 -6 32 0 0.00 0.0 0 9.2 20 360 M M 0 26 360
7 52 24 38 -1 27 0 0.00 0.0 0 8.4 21 170 M M 0 26 170
8 60 20 40 1 25 0 0.00 0.0 0 12.7 29 190 M M 0 36 180
9 74 40 57 19 8 0 0.00 0.0 0 10.1 22 210 M M 0 26 200
10 75 36 56 18 9 0 0.00 0.0 0 20.1 46 250 M M 2 57 240
11 50 22 36 -2 29 0 0.00 0.0 0 10.4 22 180 M M 0 28 170
12 69 33 51 13 14 0 0.00 0.0 0 18.6 28 180 M M 0 35 190
13 78 38 58 21 7 0 0.00 0.0 0 16.1 26 190 M M 0 35 200
14 84 38 61 24 4 0 0.00 0.0 0 16.7 24 190 M M 0 31 220
15 80 35 58 21 7 0 0.00 0.0 0 23.7 47 230 M M 2 8 65 230
16 54 21 38 1 27 0 0.00 0.0 0 6.2 13 160 M M 0 17 30
17 62 26 44 7 21 0 0.00 0.0 0 7.8 20 280 M M 1 24 270
18 40 12 26 -11 39 0 0.00 0.0 0 9.4 23 360 M M 1 30 350
19 51 7 29 -7 36 0 0.00 0.0 0 12.9 26 190 M M 0 31 190
20 60 21 41 5 24 0 0.00 0.0 0 5.7 17 180 M M 0 22 180
21 64 15 40 4 25 0 0.00 0.0 0 5.1 17 10 M M 0 20 40
22 65 16 41 5 24 0 0.00 0.0 0 9.9 21 210 M M 0 26 210
23 70 29 50 14 15 0 0.00 0.0 0 8.7 18 180 M M 0 23 200
24 79 50 65 29 0 0 0.00 0.0 0 18.9 31 240 M M 0 41 240
25 75 35 55 19 10 0 0.00 0.0 0 9.2 21 270 M M 0 26 270
26 82 44 63 27 2 0 0.00 0.0 0 14.7 37 240 M M 0 51 240
27 52 29 41 5 24 0 0.00 0.0 0 7.5 18 70 M M 0 22 60
28 65 33 49 13 16 0 T 0.0 0 14.7 30 270 M M 2 40 250
29 61 20 41 5 24 0 0.00 0.0 0 5.9 15 50 M M 0 20 270
30 62 16 39 3 26 0 0.00 0.0 0 10.8 21 200 M M 0 26 230
31 66 31 49 13 16 0 0.00 0.0 0 15.8 31 240 M M 0 8 39 240
================================================================================
SM 2032 877 553 0 T 0.0 349.4 M 9
================================================================================
AV 65.5 28.3 11.3 FASTST M M 0 MAX(MPH)
MISC ----> 47 230 65 230
================================================================================
NOTES:
# LAST OF SEVERAL OCCURRENCES
COLUMN 17 PEAK WIND IN M.P.H.
PRELIMINARY LOCAL CLIMATOLOGICAL DATA (WS FORM: F-6) , PAGE 2
STATION: GAGE
MONTH: DECEMBER
YEAR: 2021
LATITUDE: 36 17 N
LONGITUDE: 99 46 W
[TEMPERATURE DATA] [PRECIPITATION DATA] SYMBOLS USED IN COLUMN 16
AVERAGE MONTHLY: 46.9 TOTAL FOR MONTH: T 1 = FOG OR MIST
DPTR FM NORMAL: 9.5 DPTR FM NORMAL: -0.91 2 = FOG REDUCING VISIBILITY
HIGHEST: 84 ON 14 GRTST 24HR T ON 28-28 TO 1/4 MILE OR LESS
LOWEST: 7 ON 19 3 = THUNDER
SNOW, ICE PELLETS, HAIL 4 = ICE PELLETS
TOTAL MONTH: 0.0 INCH 5 = HAIL
GRTST 24HR 0.0 6 = FREEZING RAIN OR DRIZZLE
GRTST DEPTH: 0 7 = DUSTSTORM OR SANDSTORM:
VSBY 1/2 MILE OR LESS
8 = SMOKE OR HAZE
[NO. OF DAYS WITH] [WEATHER - DAYS WITH] 9 = BLOWING SNOW
X = TORNADO
MAX 32 OR BELOW: 0 0.01 INCH OR MORE: 0
MAX 90 OR ABOVE: 0 0.10 INCH OR MORE: 0
MIN 32 OR BELOW: 19 0.50 INCH OR MORE: 0
MIN 0 OR BELOW: 0 1.00 INCH OR MORE: 0
[HDD (BASE 65) ]
TOTAL THIS MO. 553 CLEAR (SCALE 0-3) 31
DPTR FM NORMAL -302 PTCLDY (SCALE 4-7) 0
TOTAL FM JUL 1 1142 CLOUDY (SCALE 8-10) 0
DPTR FM NORMAL -497
[CDD (BASE 65) ]
TOTAL THIS MO. 0
DPTR FM NORMAL 0 [PRESSURE DATA]
TOTAL FM JAN 1 1962 HIGHEST SLP 30.45 ON 18
DPTR FM NORMAL 46 LOWEST SLP 29.35 ON 10
[REMARKS]
#FINAL-12-21#