000
CXUS51 KPHI 010815
CF6GED
PRELIMINARY LOCAL CLIMATOLOGICAL DATA (WS FORM: F-6)
STATION: GEORGETOWN DE
MONTH: AUGUST
YEAR: 2020
LATITUDE: 38 41 N
LONGITUDE: 75 22 W
TEMPERATURE IN F: :PCPN: SNOW: WIND :SUNSHINE: SKY :PK WND
================================================================================
1 2 3 4 5 6A 6B 7 8 9 10 11 12 13 14 15 16 17 18
12Z AVG MX 2MIN
DY MAX MIN AVG DEP HDD CDD WTR SNW DPTH SPD SPD DIR MIN PSBL S-S WX SPD DR
================================================================================
1 88 74 81 4 0 16 T M M 4.7 13 100 M M 4 1 16 130
2 94 77 86 9 0 21 0.00 M M 10.6 21 220 M M 2 27 210
3 92 77 85 8 0 20 0.03 M M 5.4 17 240 M M 4 3 23 240
4 86 73 80 3 0 15 1.19 M M 12.9 41 160 M M 6 13 57 180
5 90 73 82 5 0 17 0.00 M M 3.2 12 150 M M 1 13 150
6 83 71 77 0 0 12 0.33 M M 5.6 15 100 M M 4 13 20 350
7 85 72 79 2 0 14 0.12 M M 5.2 18 20 M M 8 123 24 10
8 85 70 78 1 0 13 0.02 M M 3.5 12 180 M M 6 14 180
9 90 68 79 3 0 14 0.00 M M 4.2 15 190 M M 2 17 120
10 91 72 82 6 0 17 0.01 M M 5.9 22 70 M M 1 13 27 60
11 90 75 83 7 0 18 0.05 M M 6.3 13 200 M M 4 138 17 100
12 93 74 84 8 0 19 0.26 M M 4.0 18 190 M M 1 13 23 180
13 85 74 80 4 0 15 0.03 M M 4.3 14 50 M M 8 123 17 50
14 85 71 78 2 0 13 0.06 M M 8.5 20 60 M M 5 1 27 60
15 80 70 75 -1 0 10 T M M 8.8 17 70 M M 6 21 70
16 78 70 74 -2 0 9 0.39 M M 10.4 23 40 M M 10 1 31 40
17 84 66 75 -1 0 10 0.06 M M 3.9 14 210 M M 5 13 18 180
18 87 66 77 1 0 12 0.00 M M 3.6 9 80 M M 1 1 13 290
19 81 67 74 -2 0 9 0.32 M M 1.6 13 180 M M 2 13 17 170
20 81 64 73 -2 0 8 0.00 M M 4.6 13 60 M M 2 1 20 70
21 85 62 74 -1 0 9 0.00 M M 3.9 13 190 M M 1 16 180
22 84 72 78 3 0 13 0.05 M M 3.1 10 200 M M 5 1 13 190
23 91 70 81 6 0 16 T M M 4.2 16 220 M M 4 12 20 210
24 91 76 84 9 0 19 T M M 7.5 14 230 M M 1 19 230
25 91 74 83 8 0 18 0.01 M M 8.2 20 270 M M 0 32 270
26 85 67 76 2 0 11 0.00 M M 5.1 13 300 M M 0 19 300
27 94 73 84 10 0 19 T M M 8.2 17 240 M M 1 26 240
28 93 75 84 10 0 19 0.03 M M 6.2 22 20 M M 2 13 29 30
29 87 73 80 6 0 15 0.60 M M 8.9 23 220 M M 5 13 31 240
30 82 63 73 -1 0 8 0.00 M M 4.3 13 290 M M 1 19 300
31 82 60 71 -2 0 6 T M M 3.2 14 120 M M 3 17 120
================================================================================
SM 2693 2189 0 435 3.56 M 180.0 M 105
================================================================================
AV 86.9 70.6 5.8 FASTST M M 3 MAX(MPH)
MISC ----> 41 160 57 180
================================================================================
NOTES:
# LAST OF SEVERAL OCCURRENCES
COLUMN 17 PEAK WIND IN M.P.H.
PRELIMINARY LOCAL CLIMATOLOGICAL DATA (WS FORM: F-6) , PAGE 2
STATION: GEORGETOWN DE
MONTH: AUGUST
YEAR: 2020
LATITUDE: 38 41 N
LONGITUDE: 75 22 W
[TEMPERATURE DATA] [PRECIPITATION DATA] SYMBOLS USED IN COLUMN 16
AVERAGE MONTHLY: 78.7 TOTAL FOR MONTH: 3.56 1 = FOG OR MIST
DPTR FM NORMAL: 3.1 DPTR FM NORMAL: 0.03 2 = FOG REDUCING VISIBILITY
HIGHEST: 94 ON 27, 2 GRTST 24HR 1.22 ON 3- 4 TO 1/4 MILE OR LESS
LOWEST: 60 ON 31 3 = THUNDER
SNOW, ICE PELLETS, HAIL 4 = ICE PELLETS
TOTAL MONTH: M 5 = HAIL
GRTST 24HR M ON M 6 = FREEZING RAIN OR DRIZZLE
GRTST DEPTH: M ON M 7 = DUSTSTORM OR SANDSTORM:
VSBY 1/2 MILE OR LESS
8 = SMOKE OR HAZE
[NO. OF DAYS WITH] [WEATHER - DAYS WITH] 9 = BLOWING SNOW
X = TORNADO
MAX 32 OR BELOW: 0 0.01 INCH OR MORE: 17
MAX 90 OR ABOVE: 12 0.10 INCH OR MORE: 7
MIN 32 OR BELOW: 0 0.50 INCH OR MORE: 2
MIN 0 OR BELOW: 0 1.00 INCH OR MORE: 1
[HDD (BASE 65) ]
TOTAL THIS MO. 0 CLEAR (SCALE 0-3) 16
DPTR FM NORMAL -1 PTCLDY (SCALE 4-7) 13
TOTAL FM JUL 1 0 CLOUDY (SCALE 8-10) 2
DPTR FM NORMAL 0
[CDD (BASE 65) ]
TOTAL THIS MO. 435
DPTR FM NORMAL 106 [PRESSURE DATA]
TOTAL FM JAN 1 1352 HIGHEST SLP 30.16 ON 9
DPTR FM NORMAL 323 LOWEST SLP 29.44 ON 4
[REMARKS]
#FINAL-08-20#