000
CXUS55 KRIW 011110
CF6GEY
PRELIMINARY LOCAL CLIMATOLOGICAL DATA (WS FORM: F-6)
STATION: GREYBULL WY
MONTH: NOVEMBER
YEAR: 2022
LATITUDE: 44 30 N
LONGITUDE: 108 4 W
TEMPERATURE IN F: :PCPN: SNOW: WIND :SUNSHINE: SKY :PK WND
================================================================================
1 2 3 4 5 6A 6B 7 8 9 10 11 12 13 14 15 16 17 18
12Z AVG MX 2MIN
DY MAX MIN AVG DEP HDD CDD WTR SNW DPTH SPD SPD DIR MIN PSBL S-S WX SPD DR
================================================================================
1 66 32 49 10 16 0 0.00 M M 9.1 26 150 M M 0 39 160
2 61 39 50 12 15 0 T M M 13.7 24 330 M M 4 36 160
3 43 27 35 -3 30 0 T M M 9.1 22 320 M M 8 26 310
4 43 21 32 -5 33 0 0.00 M M 6.2 15 150 M M 1 21 160
5 51 27 39 2 26 0 0.01 M M 9.9 30 330 M M 1 40 330
6 43 17 30 -6 35 0 0.00 M M 4.4 12 160 M M 0 19 140
7 51 21 36 0 29 0 0.00 M M 7.1 28 310 M M 5 33 310
8 27 17 22 -13 43 0 T M M 11.0 22 310 M M 8 28 320
9 19 11 15 -20 50 0 0.07 M M 11.2 20 320 M M 10 1 24 310
10 17 -4 7 -27 58 0 0.05 M M 4.1 12 320 M M 8 18 15 320
11 14 -14 0 -34 65 0 0.00 M M 2.8 7 320 M M 0 18 8 340
12 15 -10 3 -30 62 0 0.00 M M 2.2 10 320 M M 2 128 11 320
13 23 -8 8 -24 57 0 0.00 M M 3.7 10 130 M M 3 13 130
14 22 -2 10 -22 55 0 0.02 M M 2.2 9 120 M M 8 18 12 120
15 28 12 20 -11 45 0 0.03 M M 5.7 15 290 M M 6 1 19 310
16 32 16 24 -7 41 0 0.04 M M 5.1 37 330 M M 9 19 47 340
17 27 -1 13 -17 52 0 T M M 18.4 37 340 M M 2 9 48 330
18 14 -13 1 -29 64 0 0.00 M M 1.4 7 260 M M 1 9 120
19 20 -10 5 -24 60 0 0.00 M M 2.0 7 240 M M 0 9 260
20 24 -6 9 -20 56 0 0.00 M M 2.5 9 260 M M 0 10 260
21 28 -3 13 -15 52 0 0.00 M M 2.2 9 350 M M 0 9 320
22 32 3 18 -10 47 0 0.00 M M 1.8 8 310 M M 0 9 260
23 38 8 23 -4 42 0 0.01 M M 10.9 33 330 M M 7 1 44 330
24 39 14 27 0 38 0 0.00 M M 4.3 22 330 M M 0 31 320
25 42 9 26 0 39 0 0.00 M M 2.0 9 310 M M 0 11 100
26 38 22 30 4 35 0 T M M 3.9 13 290 M M 7 12 16 300
27 32 19 26 1 39 0 0.00 M M 4.9 16 320 M M 5 12 20 310
28 29 7 18 -7 47 0 0.01 M M 10.0 33 340 M M 6 1 43 340
29 19 2 11 -13 54 0 0.00 M M 5.7 14 300 M M 5 18 320
30 23 -3 10 -14 55 0 0.00 M M 3.5 8 310 M M 0 11 140
================================================================================
SM 960 250 1340 0 0.24 M 181.0 M 106
================================================================================
AV 32.0 8.3 6.0 FASTST M M 4 MAX(MPH)
MISC ----> # 37 330 48 330
================================================================================
NOTES:
# LAST OF SEVERAL OCCURRENCES
COLUMN 17 PEAK WIND IN M.P.H.
PRELIMINARY LOCAL CLIMATOLOGICAL DATA (WS FORM: F-6) , PAGE 2
STATION: GREYBULL WY
MONTH: NOVEMBER
YEAR: 2022
LATITUDE: 44 30 N
LONGITUDE: 108 4 W
[TEMPERATURE DATA] [PRECIPITATION DATA] SYMBOLS USED IN COLUMN 16
AVERAGE MONTHLY: 20.2 TOTAL FOR MONTH: 0.24 1 = FOG OR MIST
DPTR FM NORMAL: -11.0 DPTR FM NORMAL: 0.05 2 = FOG REDUCING VISIBILITY
HIGHEST: 66 ON 1 GRTST 24HR 0.12 ON 9-10 TO 1/4 MILE OR LESS
LOWEST: -14 ON 11 3 = THUNDER
SNOW, ICE PELLETS, HAIL 4 = ICE PELLETS
TOTAL MONTH: M 5 = HAIL
GRTST 24HR M ON M 6 = FREEZING RAIN OR DRIZZLE
GRTST DEPTH: M ON M 7 = DUSTSTORM OR SANDSTORM:
VSBY 1/2 MILE OR LESS
8 = SMOKE OR HAZE
[NO. OF DAYS WITH] [WEATHER - DAYS WITH] 9 = BLOWING SNOW
X = TORNADO
MAX 32 OR BELOW: 19 0.01 INCH OR MORE: 8
MAX 90 OR ABOVE: 0 0.10 INCH OR MORE: 0
MIN 32 OR BELOW: 29 0.50 INCH OR MORE: 0
MIN 0 OR BELOW: 11 1.00 INCH OR MORE: 0
[HDD (BASE 65) ]
TOTAL THIS MO. 1340 CLEAR (SCALE 0-3) 16
DPTR FM NORMAL 326 PTCLDY (SCALE 4-7) 10
TOTAL FM JUL 1 1932 CLOUDY (SCALE 8-10) 4
DPTR FM NORMAL 156
[CDD (BASE 65) ]
TOTAL THIS MO. 0
DPTR FM NORMAL 0 [PRESSURE DATA]
TOTAL FM JAN 1 943 HIGHEST SLP 30.74 ON 18
DPTR FM NORMAL 199 LOWEST SLP 29.32 ON 5
[REMARKS]
#FINAL-11-22#