000
CXUS53 KIND 010700
CF6GEZ
PRELIMINARY LOCAL CLIMATOLOGICAL DATA (WS FORM: F-6)
STATION: SHELBYVILLE IN
MONTH: JANUARY
YEAR: 2022
LATITUDE: 39 35 N
LONGITUDE: 85 48 W
TEMPERATURE IN F: :PCPN: SNOW: WIND :SUNSHINE: SKY :PK WND
================================================================================
1 2 3 4 5 6A 6B 7 8 9 10 11 12 13 14 15 16 17 18
12Z AVG MX 2MIN
DY MAX MIN AVG DEP HDD CDD WTR SNW DPTH SPD SPD DIR MIN PSBL S-S WX SPD DR
================================================================================
1 65 43 54 23 11 0 0.89 M M 8.7 18 230 M M 10 1 27 220
2 43 25 34 3 31 0 0.07 M M 11.9 20 340 M M 9 18 25 360
3 32 22 27 -3 38 0 0.00 M M 5.9 14 340 M M 2 17 340
4 42 25 34 4 31 0 0.00 M M 12.3 23 180 M M 0 18 36 180
5 42 17 30 0 35 0 0.00 M M 19.6 28 270 M M 3 37 230
6 21 14 18 -12 47 0 T M M 11.0 17 320 M M 7 23 270
7 21 8 15 -15 50 0 T M M 7.6 15 290 M M 3 21 300
8 40 16 28 -2 37 0 0.23 M M 12.8 21 170 M M 5 16 27 170
9 43 22 33 3 32 0 0.66 M M 13.0 24 320 M M 5 1 33 310
10 30 17 24 -6 41 0 0.00 M M 10.4 20 270 M M 3 26 250
11 33 13 23 -7 42 0 0.00 M M 9.5 21 180 M M 0 29 170
12 49 30 40 10 25 0 0.00 M M 9.4 16 220 M M 1 20 220
13 47 32 40 11 25 0 0.00 M M 7.2 13 330 M M 2 18 16 350
14 36 29 33 4 32 0 0.00 M M 7.6 15 70 M M 9 18 19 100
15 34 22 28 -1 37 0 T M M 13.9 20 60 M M 5 8 26 40
16 40 19 30 1 35 0 0.00 M M 9.5 14 320 M M 0 18 310
17 30 26 28 -1 37 0 T M M 13.4 21 290 M M 9 8 26 310
18 44 24 34 5 31 0 0.00 M M 12.9 23 180 M M 6 30 180
19 48 24 36 7 29 0 0.00 M M 13.4 22 350 M M 5 27 340
20 28 17 23 -6 42 0 T M M 10.5 21 360 M M 8 28 10
21 27 14 21 -8 44 0 0.00 M M 6.6 17 100 M M 6 24 120
22 35 11 23 -6 42 0 0.00 M M 9.4 18 210 M M 2 23 210
23 37 16 27 -3 38 0 T M M 11.4 25 280 M M 7 1 35 290
24 40 21 31 1 34 0 T M M 13.2 23 230 M M 9 31 240
25 29 11 20 -10 45 0 0.00 M M 9.1 20 320 M M 3 23 320
26 22 3 13 -17 52 0 0.00 M M 5.0 10 330 M M 0 14 320
27 34 13 24 -6 41 0 T M M 9.4 17 230 M M 8 8 24 230
28 31 5 18 -12 47 0 T M M 7.9 18 350 M M 8 18 25 10
29 28 -2 13 -17 52 0 0.00 M M 6.0 14 210 M M 4 19 230
30 41 18 30 0 35 0 0.00 M M 7.4 16 310 M M 1 21 310
31 41 15 28 -2 37 0 0.00 M M 5.7 12 150 M M 1 18 20 180
================================================================================
SM 1133 570 1155 0 1.85 M 311.6 M 141
================================================================================
AV 36.5 18.4 10.1 FASTST M M 5 MAX(MPH)
MISC ----> 28 270 37 230
================================================================================
NOTES:
# LAST OF SEVERAL OCCURRENCES
COLUMN 17 PEAK WIND IN M.P.H.
PRELIMINARY LOCAL CLIMATOLOGICAL DATA (WS FORM: F-6) , PAGE 2
STATION: SHELBYVILLE IN
MONTH: JANUARY
YEAR: 2022
LATITUDE: 39 35 N
LONGITUDE: 85 48 W
[TEMPERATURE DATA] [PRECIPITATION DATA] SYMBOLS USED IN COLUMN 16
AVERAGE MONTHLY: 27.5 TOTAL FOR MONTH: 1.85 1 = FOG OR MIST
DPTR FM NORMAL: -2.2 DPTR FM NORMAL: -1.20 2 = FOG REDUCING VISIBILITY
HIGHEST: 65 ON 1 GRTST 24HR 1.22 ON 31- 1 TO 1/4 MILE OR LESS
LOWEST: -2 ON 29 3 = THUNDER
SNOW, ICE PELLETS, HAIL 4 = ICE PELLETS
TOTAL MONTH: M 5 = HAIL
GRTST 24HR M ON M 6 = FREEZING RAIN OR DRIZZLE
GRTST DEPTH: M ON M 7 = DUSTSTORM OR SANDSTORM:
VSBY 1/2 MILE OR LESS
8 = SMOKE OR HAZE
[NO. OF DAYS WITH] [WEATHER - DAYS WITH] 9 = BLOWING SNOW
X = TORNADO
MAX 32 OR BELOW: 11 0.01 INCH OR MORE: 4
MAX 90 OR ABOVE: 0 0.10 INCH OR MORE: 3
MIN 32 OR BELOW: 30 0.50 INCH OR MORE: 2
MIN 0 OR BELOW: 1 1.00 INCH OR MORE: 0
[HDD (BASE 65) ]
TOTAL THIS MO. 1155 CLEAR (SCALE 0-3) 14
DPTR FM NORMAL 63 PTCLDY (SCALE 4-7) 12
TOTAL FM JUL 1 2650 CLOUDY (SCALE 8-10) 5
DPTR FM NORMAL -389
[CDD (BASE 65) ]
TOTAL THIS MO. 0
DPTR FM NORMAL 0 [PRESSURE DATA]
TOTAL FM JAN 1 0 HIGHEST SLP M ON M
DPTR FM NORMAL 0 LOWEST SLP 29.58 ON 1
[REMARKS]
#FINAL-01-22#