000
CXUS51 KALY 020445
CLMGFL
CLIMATE REPORT
NATIONAL WEATHER SERVICE ALBANY NY
1245 AM EDT SUN APR 02 2023
...................................
...THE GLENS FALLS NY CLIMATE SUMMARY FOR THE MONTH OF MARCH 2023...
CLIMATE NORMAL PERIOD: 1991 TO 2020
CLIMATE RECORD PERIOD: 1893 TO 2023
WEATHER OBSERVED NORMAL DEPART LAST YEAR`S
VALUE DATE(S) VALUE FROM VALUE DATE(S)
NORMAL
................................................................
TEMPERATURE (F)
RECORD
HIGH 86 03/31/1998
LOW -24 03/07/1950
HIGHEST 54 03/21 65 03/18
LOWEST 12 03/12 -6 03/04
AVG. MAXIMUM 41.5 42.5 -1.0 44.5
AVG. MINIMUM 23.6 20.9 2.7 22.8
MEAN 32.6 31.7 0.9 33.6
DAYS MAX >= 90 0 0.0 0.0 0
DAYS MAX <= 32 1 4.5 -3.5 4
DAYS MIN <= 32 30 26.3 3.7 25
DAYS MIN <= 0 0 1.6 -1.6 1
PRECIPITATION (INCHES)
RECORD
MAXIMUM 8.29 1913
MINIMUM 0.04 1915
TOTALS 3.17 2.79 0.38 3.29
DAILY AVG. 0.10 0.11
DAYS >= .01 15 10.5 4.5 12
DAYS >= .10 7 6.0 1.0 8
DAYS >= .50 2 1.8 0.2 4
DAYS >= 1.00 0 0.5 -0.5 0
GREATEST
24 HR. TOTAL 1.13 03/13 TO 03/14
DEGREE DAYS
HEATING TOTAL 997 1032 -35 962
SINCE 7/1 5737 6437 -700 6079
COOLING TOTAL 0 0 0 0
SINCE 1/1 0 0 0 0
................................................................
WIND (MPH)
AVERAGE WIND SPEED 5.7
HIGHEST WIND SPEED/DIRECTION 25/260 DATE 03/19
HIGHEST GUST SPEED/DIRECTION 37/230 DATE 03/19
SKY COVER
AVERAGE SKY COVER 0.57
AVERAGE RH (PERCENT) 68
WEATHER CONDITIONS. NUMBER OF DAYS WITH
THUNDERSTORM 0 MIXED PRECIP 0
HEAVY RAIN 0 RAIN 0
LIGHT RAIN 10 FREEZING RAIN 0
LT FREEZING RAIN 0 HAIL 0
HEAVY SNOW 2 SNOW 3
LIGHT SNOW 12 SLEET 0
FOG 15 FOG W/VIS <= 1/4 MILE 5
HAZE 2
- INDICATES NEGATIVE NUMBERS.
R INDICATES RECORD WAS SET OR TIED.
MM INDICATES DATA IS MISSING.
T INDICATES TRACE AMOUNT.
$$