000
CXUS55 KGJT 011010
CF6GJT
PRELIMINARY LOCAL CLIMATOLOGICAL DATA (WS FORM: F-6)
STATION: GRAND JUNCTION CO
MONTH: NOVEMBER
YEAR: 2021
LATITUDE: 39 7 N
LONGITUDE: 108 32 W
TEMPERATURE IN F: :PCPN: SNOW: WIND :SUNSHINE: SKY :PK WND
================================================================================
1 2 3 4 5 6A 6B 7 8 9 10 11 12 13 14 15 16 17 18
12Z AVG MX 2MIN
DY MAX MIN AVG DEP HDD CDD WTR SNW DPTH SPD SPD DIR MIN PSBL S-S WX SPD DR
================================================================================
1 64 37 51 5 14 0 0.00 0.0 0 3.7 13 330 M M 2 16 330
2 57 41 49 3 16 0 0.12 0.0 0 4.2 12 20 M M 8 1 15 80
3 59 35 47 2 18 0 0.00 0.0 0 3.5 13 110 M M 1 16 110
4 60 35 48 3 17 0 0.00 0.0 0 6.7 14 120 M M 0 16 110
5 63 32 48 4 17 0 0.00 0.0 0 4.1 15 110 M M 0 17 110
6 65 36 51 7 14 0 0.00 0.0 0 7.4 20 110 M M 0 24 110
7 68 41 55 11 10 0 0.00 0.0 0 8.4 16 110 M M 0 20 120
8 61 39 50 7 15 0 0.00 0.0 0 4.7 15 110 M M 0 18 100
9 60 35 48 5 17 0 0.06 0.0 0 6.9 24 290 M M 4 8 34 290
10 54 33 44 2 21 0 0.04 0.0 0 5.8 15 290 M M 5 128 23 290
11 53 28 41 -1 24 0 0.00 0.0 0 4.7 13 130 M M 1 15 130
12 58 28 43 2 22 0 0.00 0.0 0 4.0 10 140 M M 0 13 150
13 58 30 44 3 21 0 0.00 0.0 0 4.5 14 120 M M 0 17 90
14 58 32 45 5 20 0 0.00 0.0 0 4.7 13 110 M M 0 15 110
15 61 33 47 7 18 0 0.00 0.0 0 4.4 14 120 M M 0 15 110
16 57 35 46 7 19 0 0.00 0.0 0 2.9 8 100 M M 0 10 140
17 52 25 39 0 26 0 0.00 0.0 0 3.4 16 300 M M 1 22 310
18 49 24 37 -1 28 0 0.00 0.0 0 6.3 15 120 M M 0 17 100
19 55 33 44 6 21 0 0.00 0.0 0 4.4 12 120 M M 4 13 110
20 56 36 46 8 19 0 T 0.0 0 5.3 13 360 M M 7 21 350
21 52 28 40 3 25 0 0.00 0.0 0 5.0 16 30 M M 0 23 40
22 52 22 37 0 28 0 0.00 0.0 0 5.7 13 150 M M 0 15 140
23 43 20 32 -4 33 0 0.00 0.0 0 2.6 13 110 M M 1 13 130
24 47 28 38 2 27 0 T T T 8.0 20 360 M M 4 29 20
25 47 21 34 -1 31 0 0.00 0.0 0 5.9 17 120 M M 0 20 110
26 49 20 35 0 30 0 0.00 0.0 0 5.3 14 120 M M 0 16 120
27 52 20 36 2 29 0 0.00 0.0 0 4.2 12 100 M M 0 13 110
28 56 22 39 5 26 0 0.00 0.0 0 3.8 12 110 M M 0 14 110
29 56 27 42 8 23 0 0.00 0.0 0 3.8 8 270 M M 0 12 260
30 57 24 41 8 24 0 0.00 0.0 0 3.8 14 110 M M 0 15 110
================================================================================
SM 1679 900 653 0 0.22 T 148.1 M 38
================================================================================
AV 56.0 30.0 4.9 FASTST M M 1 MAX(MPH)
MISC ----> 24 290 34 290
================================================================================
NOTES:
# LAST OF SEVERAL OCCURRENCES
COLUMN 17 PEAK WIND IN M.P.H.
PRELIMINARY LOCAL CLIMATOLOGICAL DATA (WS FORM: F-6) , PAGE 2
STATION: GRAND JUNCTION CO
MONTH: NOVEMBER
YEAR: 2021
LATITUDE: 39 7 N
LONGITUDE: 108 32 W
[TEMPERATURE DATA] [PRECIPITATION DATA] SYMBOLS USED IN COLUMN 16
AVERAGE MONTHLY: 43.0 TOTAL FOR MONTH: 0.22 1 = FOG OR MIST
DPTR FM NORMAL: 3.4 DPTR FM NORMAL: -0.39 2 = FOG REDUCING VISIBILITY
HIGHEST: 68 ON 7 GRTST 24HR 0.12 ON 2- 2 TO 1/4 MILE OR LESS
LOWEST: 20 ON 27,26 3 = THUNDER
SNOW, ICE PELLETS, HAIL 4 = ICE PELLETS
TOTAL MONTH: T 5 = HAIL
GRTST 24HR T ON 24-24 6 = FREEZING RAIN OR DRIZZLE
GRTST DEPTH: T 7 = DUSTSTORM OR SANDSTORM:
VSBY 1/2 MILE OR LESS
8 = SMOKE OR HAZE
[NO. OF DAYS WITH] [WEATHER - DAYS WITH] 9 = BLOWING SNOW
X = TORNADO
MAX 32 OR BELOW: 0 0.01 INCH OR MORE: 3
MAX 90 OR ABOVE: 0 0.10 INCH OR MORE: 1
MIN 32 OR BELOW: 17 0.50 INCH OR MORE: 0
MIN 0 OR BELOW: 0 1.00 INCH OR MORE: 0
[HDD (BASE 65) ]
TOTAL THIS MO. 653 CLEAR (SCALE 0-3) 24
DPTR FM NORMAL -107 PTCLDY (SCALE 4-7) 5
TOTAL FM JUL 1 1092 CLOUDY (SCALE 8-10) 1
DPTR FM NORMAL -99
[CDD (BASE 65) ]
TOTAL THIS MO. 0
DPTR FM NORMAL 0 [PRESSURE DATA]
TOTAL FM JAN 1 1498 HIGHEST SLP 30.71 ON 25
DPTR FM NORMAL 265 LOWEST SLP 29.84 ON 16
[REMARKS]
#FINAL-11-21#