000
CXUS55 KGJT 011000
CF6GJT
PRELIMINARY LOCAL CLIMATOLOGICAL DATA (WS FORM: F-6)
STATION: GRAND JUNCTION CO
MONTH: JULY
YEAR: 2020
LATITUDE: 39 7 N
LONGITUDE: 108 32 W
TEMPERATURE IN F: :PCPN: SNOW: WIND :SUNSHINE: SKY :PK WND
================================================================================
1 2 3 4 5 6A 6B 7 8 9 10 11 12 13 14 15 16 17 18
12Z AVG MX 2MIN
DY MAX MIN AVG DEP HDD CDD WTR SNW DPTH SPD SPD DIR MIN PSBL S-S WX SPD DR
================================================================================
1 89 49 69 -8 0 4 0.00 0.0 0 7.8 17 320 M M 0 24 310
2 94 66 80 3 0 15 0.00 0.0 0 11.3 22 130 M M 0 27 120
3 92 61 77 0 0 12 0.00 0.0 0 7.8 20 180 M M 0 25 180
4 96 63 80 3 0 15 0.00 0.0 0 10.4 29 70 M M 0 37 70
5 98 63 81 3 0 16 0.00 0.0 0 9.1 17 110 M M 0 22 310
6 100 69 85 7 0 20 0.00 0.0 0 9.3 21 300 M M 0 28 300
7 99 65 82 4 0 17 0.00 0.0 0 11.8 29 220 M M 0 37 300
8 98 59 79 1 0 14 0.00 0.0 0 9.4 24 310 M M 0 33 290
9 97 61 79 1 0 14 0.00 0.0 0 9.2 24 300 M M 0 34 310
10 98 60 79 1 0 14 0.00 0.0 0 9.8 22 320 M M 0 29 330
11 102 60 81 3 0 16 0.00 0.0 0 8.9 20 320 M M 0 26 310
12 101 69 85 7 0 20 0.01 0.0 0 9.1 33 40 M M 0 3 43 30
13 105 73 89 11 0 24 T 0.0 0 15.4 33 270 M M 0 46 220
14 101 70 86 7 0 21 T 0.0 0 13.7 29 340 M M 0 3 37 340
15 97 71 84 5 0 19 0.00 0.0 0 8.8 17 60 M M 0 22 60
16 93 69 81 2 0 16 T 0.0 0 13.1 32 160 M M 1 44 120
17 95 66 81 2 0 16 T 0.0 0 14.0 32 150 M M 0 40 160
18 99 68 84 5 0 19 0.00 0.0 0 10.6 30 320 M M 0 3 44 330
19 99 68 84 5 0 19 0.00 0.0 0 8.8 18 310 M M 0 26 260
20 100 63 82 3 0 17 T 0.0 0 6.8 18 260 M M 0 25 260
21 100 66 83 4 0 18 0.00 0.0 0 9.1 23 140 M M 0 30 140
22 82 65 74 -5 0 9 T 0.0 0 12.3 25 320 M M 1 31 320
23 89 61 75 -4 0 10 T 0.0 0 8.2 32 250 M M 1 44 250
24 81 63 72 -7 0 7 0.03 0.0 0 8.7 22 130 M M 2 27 130
25 86 68 77 -1 0 12 0.00 0.0 0 12.5 23 130 M M 1 31 290
26 95 60 78 0 0 13 0.00 0.0 0 8.3 22 120 M M 1 28 120
27 94 70 82 4 0 17 T 0.0 0 9.9 20 310 M M 1 28 150
28 94 66 80 2 0 15 T 0.0 0 7.8 25 350 M M 1 8 31 360
29 97 62 80 2 0 15 0.01 0.0 0 7.7 49 310 M M 0 3 63 300
30 99 60 80 2 0 15 0.00 0.0 0 7.8 25 330 M M 0 33 340
31 100 64 82 4 0 17 0.00 0.0 0 8.0 25 130 M M 0 37 140
================================================================================
SM 2970 1998 0 476 0.05 0.0 305.4 M 9
================================================================================
AV 95.8 64.5 9.9 FASTST M M 0 MAX(MPH)
MISC ----> # 49 310 # 63 300
================================================================================
NOTES:
# LAST OF SEVERAL OCCURRENCES
COLUMN 17 PEAK WIND IN M.P.H.
PRELIMINARY LOCAL CLIMATOLOGICAL DATA (WS FORM: F-6) , PAGE 2
STATION: GRAND JUNCTION CO
MONTH: JULY
YEAR: 2020
LATITUDE: 39 7 N
LONGITUDE: 108 32 W
[TEMPERATURE DATA] [PRECIPITATION DATA] SYMBOLS USED IN COLUMN 16
AVERAGE MONTHLY: 80.1 TOTAL FOR MONTH: 0.05 1 = FOG OR MIST
DPTR FM NORMAL: 1.9 DPTR FM NORMAL: -0.56 2 = FOG REDUCING VISIBILITY
HIGHEST: 105 ON 13 GRTST 24HR 0.07 ON 30- 1 TO 1/4 MILE OR LESS
LOWEST: 49 ON 1 3 = THUNDER
SNOW, ICE PELLETS, HAIL 4 = ICE PELLETS
TOTAL MONTH: 0.0 INCH 5 = HAIL
GRTST 24HR 0.0 6 = FREEZING RAIN OR DRIZZLE
GRTST DEPTH: 0 7 = DUSTSTORM OR SANDSTORM:
VSBY 1/2 MILE OR LESS
8 = SMOKE OR HAZE
[NO. OF DAYS WITH] [WEATHER - DAYS WITH] 9 = BLOWING SNOW
X = TORNADO
MAX 32 OR BELOW: 0 0.01 INCH OR MORE: 3
MAX 90 OR ABOVE: 26 0.10 INCH OR MORE: 0
MIN 32 OR BELOW: 0 0.50 INCH OR MORE: 0
MIN 0 OR BELOW: 0 1.00 INCH OR MORE: 0
[HDD (BASE 65) ]
TOTAL THIS MO. 0 CLEAR (SCALE 0-3) 31
DPTR FM NORMAL -1 PTCLDY (SCALE 4-7) 0
TOTAL FM JUL 1 0 CLOUDY (SCALE 8-10) 0
DPTR FM NORMAL -1
[CDD (BASE 65) ]
TOTAL THIS MO. 476
DPTR FM NORMAL 66 [PRESSURE DATA]
TOTAL FM JAN 1 852 HIGHEST SLP 30.04 ON 11
DPTR FM NORMAL 160 LOWEST SLP 29.60 ON 13
[REMARKS]
#FINAL-07-20#