000
CXUS54 KJAN 012255
CF6GLH
PRELIMINARY LOCAL CLIMATOLOGICAL DATA (WS FORM: F-6)
STATION: GREENVILLE
MONTH: FEBRUARY
YEAR: 2024
LATITUDE: 33 29 N
LONGITUDE: 90 59 W
TEMPERATURE IN F: :PCPN: SNOW: WIND :SUNSHINE: SKY :PK WND
================================================================================
1 2 3 4 5 6A 6B 7 8 9 10 11 12 13 14 15 16 17 18
12Z AVG MX 2MIN
DY MAX MIN AVG DEP HDD CDD WTR SNW DPTH SPD SPD DIR MIN PSBL S-S WX SPD DR
================================================================================
1 65 33 49 4 16 0 0.00 0.0 0 4.0 10 180 M M 2 12 15 190
2 72 43 58 13 7 0 0.00 0.0 0 4.5 12 170 M M 0 19 220
3 60 49 55 9 10 0 0.74 0.0 0 8.1 18 70 M M 6 1 27 70
4 56 48 52 6 13 0 0.16 0.0 0 8.5 21 40 M M 10 1 26 40
5 61 44 53 7 12 0 T 0.0 0 13.3 21 350 M M 2 28 360
6 63 37 50 4 15 0 0.00 0.0 0 7.1 13 350 M M 0 17 360
7 67 37 52 6 13 0 0.00 0.0 0 5.8 14 150 M M 0 19 160
8 67 52 60 14 5 0 0.00 0.0 0 12.7 22 180 M M 6 27 160
9 68 61 65 18 0 0 0.00 0.0 0 11.9 21 180 M M 6 26 180
10 66 57 62 15 3 0 1.71 0.0 0 9.1 23 70 M M 7 1 34 70
11 58 50 54 7 11 0 0.48 0.0 0 12.6 20 30 M M 9 13 26 40
12 53 42 48 1 17 0 0.04 0.0 0 11.7 22 320 M M 10 18 30 300
13 60 36 48 1 17 0 0.00 0.0 0 3.9 9 320 M M 0 8 14 330
14 63 38 51 3 14 0 0.00 0.0 0 4.3 13 140 M M 0 16 150
15 69 41 55 7 10 0 0.00 0.0 0 6.5 16 210 M M 2 19 200
16 69 41 55 7 10 0 0.47 0.0 0 13.8 39 340 M M 4 1 50 340
17 42 32 37 -11 28 0 0.00 0.0 0 15.9 30 10 M M 5 40 360
18 50 30 40 -9 25 0 0.00 0.0 0 3.3 9 360 M M 0 14 30
19 59 30 45 -4 20 0 0.00 0.0 0 4.6 14 170 M M 0 18 200
20 70 39 55 6 10 0 0.00 0.0 0 6.2 10 250 M M 0 15 210
21 73 46 60 11 5 0 0.00 0.0 0 14.3 25 190 M M 2 32 190
22 77 59 68 18 0 3 0.94 0.0 0 14.9 31 300 M M 8 13 47 290
23 70 50 60 10 5 0 0.00 0.0 0 10.1 21 340 M M 1 27 330
24 68 48 58 8 7 0 0.00 0.0 0 9.1 21 320 M M 0 26 320
25 80 42 61 11 4 0 0.00 0.0 0 13.8 24 190 M M 0 35 210
26 77 61 69 18 0 4 0.00 0.0 0 16.9 26 200 M M 5 35 210
27 85 68 77 26 0 12 0.00 0.0 0 22.1 32 200 M M 0 43 180
28 74 45 60 9 5 0 T 0.0 0 16.1 33 200 M M 4 42 190
29 53 44 49 -2 16 0 0.15 0.0 M 10.5 18 60 M M 5 24 60
================================================================================
SM 1895 1303 298 19 4.69 0.0 295.6 M 94
================================================================================
AV 65.3 44.9 10.2 FASTST M M 3 MAX(MPH)
MISC ----> 39 340 50 340
================================================================================
NOTES:
# LAST OF SEVERAL OCCURRENCES
COLUMN 17 PEAK WIND IN M.P.H.
PRELIMINARY LOCAL CLIMATOLOGICAL DATA (WS FORM: F-6) , PAGE 2
STATION: GREENVILLE
MONTH: FEBRUARY
YEAR: 2024
LATITUDE: 33 29 N
LONGITUDE: 90 59 W
[TEMPERATURE DATA] [PRECIPITATION DATA] SYMBOLS USED IN COLUMN 16
AVERAGE MONTHLY: 55.1 TOTAL FOR MONTH: 4.69 1 = FOG OR MIST
DPTR FM NORMAL: 7.2 DPTR FM NORMAL: -0.03 2 = FOG REDUCING VISIBILITY
HIGHEST: 85 ON 27 GRTST 24HR 1.85 ON 10-11 TO 1/4 MILE OR LESS
LOWEST: 30 ON 19,18 3 = THUNDER
SNOW, ICE PELLETS, HAIL 4 = ICE PELLETS
TOTAL MONTH: 0.0 INCH 5 = HAIL
GRTST 24HR 0.0 6 = FREEZING RAIN OR DRIZZLE
GRTST DEPTH: 0 7 = DUSTSTORM OR SANDSTORM:
VSBY 1/2 MILE OR LESS
8 = SMOKE OR HAZE
[NO. OF DAYS WITH] [WEATHER - DAYS WITH] 9 = BLOWING SNOW
X = TORNADO
MAX 32 OR BELOW: 0 0.01 INCH OR MORE: 8
MAX 90 OR ABOVE: 0 0.10 INCH OR MORE: 7
MIN 32 OR BELOW: 3 0.50 INCH OR MORE: 3
MIN 0 OR BELOW: 0 1.00 INCH OR MORE: 1
[HDD (BASE 65) ]
TOTAL THIS MO. 298 CLEAR (SCALE 0-3) 16
DPTR FM NORMAL -186 PTCLDY (SCALE 4-7) 10
TOTAL FM JUL 1 1820 CLOUDY (SCALE 8-10) 3
DPTR FM NORMAL -397
[CDD (BASE 65) ]
TOTAL THIS MO. 19
DPTR FM NORMAL 14 [PRESSURE DATA]
TOTAL FM JAN 1 19 HIGHEST SLP 30.51 ON 29
DPTR FM NORMAL 12 LOWEST SLP 29.57 ON 4
[REMARKS]
#FINAL-02-24#