000
CXUS54 KJAN 011410
CF6GLH
PRELIMINARY LOCAL CLIMATOLOGICAL DATA (WS FORM: F-6)
STATION: GREENVILLE
MONTH: JULY
YEAR: 2021
LATITUDE: 33 29 N
LONGITUDE: 90 59 W
TEMPERATURE IN F: :PCPN: SNOW: WIND :SUNSHINE: SKY :PK WND
================================================================================
1 2 3 4 5 6A 6B 7 8 9 10 11 12 13 14 15 16 17 18
12Z AVG MX 2MIN
DY MAX MIN AVG DEP HDD CDD WTR SNW DPTH SPD SPD DIR MIN PSBL S-S WX SPD DR
================================================================================
1 94 71 83 1 0 18 T 0.0 0 3.4 17 260 M M 2 1 23 280
2 90 65 78 -4 0 13 T 0.0 0 7.0 18 360 M M 4 1 25 350
3 88 62 75 -7 0 10 0.00 0.0 0 7.4 16 20 M M 1 20 20
4 89 61 75 -7 0 10 0.00 0.0 0 3.4 10 50 M M 0 14 60
5 93 64 79 -3 0 14 0.00 0.0 0 3.5 9 160 M M 2 8 11 10
6 91 72 82 0 0 17 0.00 0.0 0 4.9 14 130 M M 4 18 140
7 94 71 83 1 0 18 0.00 0.0 0 4.6 20 130 M M 1 1 27 120
8 94 69 82 0 0 17 0.00 0.0 0 7.3 14 200 M M 1 1 18 210
9 94 73 84 2 0 19 0.00 0.0 0 8.7 21 210 M M 2 26 220
10 90 75 83 1 0 18 0.01 0.0 0 9.5 23 190 M M 4 3 29 180
11 87 71 79 -3 0 14 0.05 0.0 0 10.1 25 300 M M 2 1 34 300
12 88 74 81 -1 0 16 0.05 0.0 0 9.2 17 290 M M 5 3 24 280
13 93 72 83 1 0 18 0.00 0.0 0 7.1 13 230 M M 1 20 260
14 93 74 84 2 0 19 0.37 0.0 0 6.0 26 260 M M 2 8 32 240
15 92 73 83 0 0 18 T 0.0 0 6.5 22 250 M M 1 138 29 270
16 92 71 82 -1 0 17 0.07 0.0 0 8.2 20 170 M M 2 13 27 150
17 86 72 79 -4 0 14 2.99 0.0 0 5.6 16 30 M M 5 13 22 20
18 90 73 82 -1 0 17 0.14 0.0 0 6.1 28 330 M M 5 13 38 320
19 84 74 79 -4 0 14 0.25 0.0 0 4.8 10 250 M M 5 13 14 280
20 88 71 80 -3 0 15 0.18 0.0 0 4.6 14 20 M M 6 1238 21 40
21 89 71 80 -3 0 15 0.00 0.0 0 3.6 10 30 M M 4 1 13 10
22 93 71 82 -1 0 17 0.00 0.0 0 2.5 15 270 M M 3 12 23 270
23 95 74 85 2 0 20 T 0.0 0 4.1 12 230 M M 2 1 15 260
24 97 75 86 3 0 21 0.00 0.0 0 3.3 16 140 M M 1 123 24 150
25 96 75 86 3 0 21 T 0.0 0 1.9 9 260 M M 1 1 15 280
26 98 75 87 4 0 22 1.06 0.0 0 2.1 24 190 M M 1 13 34 180
27 96 75 86 3 0 21 0.52 0.0 0 3.4 21 50 M M 2 13 28 50
28 97 77 87 4 0 22 T 0.0 0 3.2 10 30 M M 0 1 13 20
29 98 76 87 4 0 22 0.00 0.0 0 1.8 7 30 M M 0 1 9 70
30 98 75 87 4 0 22 0.00 0.0 0 1.9 9 280 M M 1 12 16 330
31 98 76 87 4 0 22 0.00 0.0 0 3.6 12 290 M M 0 1 15 280
================================================================================
SM 2865 2228 0 541 5.69 0.0 159.3 M 70
================================================================================
AV 92.4 71.9 5.1 FASTST M M 2 MAX(MPH)
MISC ----> 28 330 38 320
================================================================================
NOTES:
# LAST OF SEVERAL OCCURRENCES
COLUMN 17 PEAK WIND IN M.P.H.
PRELIMINARY LOCAL CLIMATOLOGICAL DATA (WS FORM: F-6) , PAGE 2
STATION: GREENVILLE
MONTH: JULY
YEAR: 2021
LATITUDE: 33 29 N
LONGITUDE: 90 59 W
[TEMPERATURE DATA] [PRECIPITATION DATA] SYMBOLS USED IN COLUMN 16
AVERAGE MONTHLY: 82.1 TOTAL FOR MONTH: 5.69 1 = FOG OR MIST
DPTR FM NORMAL: -0.3 DPTR FM NORMAL: 2.51 2 = FOG REDUCING VISIBILITY
HIGHEST: 98 ON 31,30 GRTST 24HR 3.06 ON 16-17 TO 1/4 MILE OR LESS
LOWEST: 61 ON 4 3 = THUNDER
SNOW, ICE PELLETS, HAIL 4 = ICE PELLETS
TOTAL MONTH: 0.0 INCH 5 = HAIL
GRTST 24HR 0.0 6 = FREEZING RAIN OR DRIZZLE
GRTST DEPTH: 0 7 = DUSTSTORM OR SANDSTORM:
VSBY 1/2 MILE OR LESS
8 = SMOKE OR HAZE
[NO. OF DAYS WITH] [WEATHER - DAYS WITH] 9 = BLOWING SNOW
X = TORNADO
MAX 32 OR BELOW: 0 0.01 INCH OR MORE: 11
MAX 90 OR ABOVE: 23 0.10 INCH OR MORE: 7
MIN 32 OR BELOW: 0 0.50 INCH OR MORE: 3
MIN 0 OR BELOW: 0 1.00 INCH OR MORE: 2
[HDD (BASE 65) ]
TOTAL THIS MO. 0 CLEAR (SCALE 0-3) 22
DPTR FM NORMAL 0 PTCLDY (SCALE 4-7) 9
TOTAL FM JUL 1 0 CLOUDY (SCALE 8-10) 0
DPTR FM NORMAL 0
[CDD (BASE 65) ]
TOTAL THIS MO. 541
DPTR FM NORMAL 0 [PRESSURE DATA]
TOTAL FM JAN 1 1293 HIGHEST SLP 30.25 ON 14
DPTR FM NORMAL -30 LOWEST SLP 29.88 ON 26
[REMARKS]
#FINAL-07-21#