000
CXUS52 KJAX 152016
CF6GNV
PRELIMINARY LOCAL CLIMATOLOGICAL DATA (WS FORM: F-6)
STATION: GAINESVILLE
MONTH: FEBRUARY
YEAR: 2020
LATITUDE: 29 40 N
LONGITUDE: 82 16 W
TEMPERATURE IN F: :PCPN: SNOW: WIND :SUNSHINE: SKY :PK WND
================================================================================
1 2 3 4 5 6A 6B 7 8 9 10 11 12 13 14 15 16 17 18
12Z AVG MX 2MIN
DY MAX MIN AVG DEP HDD CDD WTR SNW DPTH SPD SPD DIR MIN PSBL S-S WX SPD DR
================================================================================
1 61 47 54 -2 11 0 0.00 0.0 0 6.8 17 320 M M 8 1 25 300
2 64 41 53 -3 12 0 0.00 0.0 0 8.2 17 280 M M 0 21 280
3 75 37 56 0 9 0 0.00 0.0 0 3.9 13 320 M M 0 17 320
4 73 40 57 1 8 0 0.00 0.0 0 2.8 12 190 M M 1 1 17 170
5 81 50 66 10 0 1 0.00 0.0 0 4.9 16 190 M M 4 1 23 200
6 85 62 74 18 0 9 0.93 0.0 0 15.5 35 260 M M 7 13 46 220
7 63 36 50 -6 15 0 0.00 0.0 0 12.9 28 260 M M 3 36 260
8 69 33 51 -5 14 0 0.00 0.0 0 3.1 10 160 M M 0 14 120
9 74 38 56 0 9 0 0.00 0.0 0 5.6 16 50 M M 0 22 50
10 81 47 64 7 1 0 0.00 0.0 0 3.3 17 140 M M 1 1 20 130
11 83 60 72 15 0 7 0.00 0.0 0 6.9 16 200 M M 4 1 22 220
12 84 63 74 17 0 9 0.00 0.0 0 4.9 14 240 M M 6 12 18 250
13 85 60 73 16 0 8 0.02 0.0 0 8.1 26 240 M M 6 12 35 240
14 67 47 57 0 8 0 0.03 0.0 0 6.5 23 350 M M 8 1 31 360
15 72 43 58 0 7 0 0.00 0.0 0 9.4 21 50 M M 2 26 50
16 78 48 63 5 2 0 0.04 0.0 0 5.0 20 340 M M 5 1 29 330
17 71 56 64 6 1 0 T 0.0 0 4.5 9 10 M M 9 12 11 130
18 85 60 73 15 0 8 0.00 0.0 0 5.1 14 210 M M 6 12 18 210
19 81 62 72 14 0 7 0.00 0.0 0 3.2 14 60 M M 5 12 17 50
20 74 49 62 4 3 0 0.04 0.0 0 8.1 17 40 M M 10 1 22 40
21 49 37 43 -15 22 0 0.03 0.0 0 12.5 23 20 M M 8 1 29 30
22 63 33 48 -11 17 0 0.00 0.0 0 9.1 18 40 M M 0 23 60
23 73 39 56 -3 9 0 0.00 0.0 0 3.3 9 140 M M 3 16 140
24 78 49 64 5 1 0 0.00 0.0 0 5.4 17 180 M M 5 22 210
25 69 61 65 6 0 0 0.66 0.0 0 7.3 21 210 M M 9 1 29 220
26 72 53 63 4 2 0 0.69 0.0 0 7.1 21 320 M M 8 1 26 320
27 57 36 47 -13 18 0 0.00 0.0 0 7.6 18 340 M M 0 25 340
28 61 31 46 -14 19 0 0.00 0.0 0 6.9 17 260 M M 0 23 270
29 65 38 52 -8 13 0 0.00 0.0 0 8.6 18 300 M M 0 38 300
================================================================================
SM 2093 1356 201 49 2.44 0.0 196.5 M 118
================================================================================
AV 72.2 46.8 6.8 FASTST M M 4 MAX(MPH)
MISC ----> 35 260 46 220
================================================================================
NOTES:
# LAST OF SEVERAL OCCURRENCES
COLUMN 17 PEAK WIND IN M.P.H.
PRELIMINARY LOCAL CLIMATOLOGICAL DATA (WS FORM: F-6) , PAGE 2
STATION: GAINESVILLE
MONTH: FEBRUARY
YEAR: 2020
LATITUDE: 29 40 N
LONGITUDE: 82 16 W
[TEMPERATURE DATA] [PRECIPITATION DATA] SYMBOLS USED IN COLUMN 16
AVERAGE MONTHLY: 59.5 TOTAL FOR MONTH: 2.44 1 = FOG OR MIST
DPTR FM NORMAL: 2.0 DPTR FM NORMAL: -0.76 2 = FOG REDUCING VISIBILITY
HIGHEST: 85 ON 18,13 GRTST 24HR 0.93 ON 6- 6 TO 1/4 MILE OR LESS
LOWEST: 31 ON 28 3 = THUNDER
SNOW, ICE PELLETS, HAIL 4 = ICE PELLETS
TOTAL MONTH: 0.0 INCH 5 = HAIL
GRTST 24HR 0.0 6 = FREEZING RAIN OR DRIZZLE
GRTST DEPTH: 0 7 = DUSTSTORM OR SANDSTORM:
VSBY 1/2 MILE OR LESS
8 = SMOKE OR HAZE
[NO. OF DAYS WITH] [WEATHER - DAYS WITH] 9 = BLOWING SNOW
X = TORNADO
MAX 32 OR BELOW: 0 0.01 INCH OR MORE: 8
MAX 90 OR ABOVE: 0 0.10 INCH OR MORE: 3
MIN 32 OR BELOW: 1 0.50 INCH OR MORE: 3
MIN 0 OR BELOW: 0 1.00 INCH OR MORE: 0
[HDD (BASE 65) ]
TOTAL THIS MO. 201 CLEAR (SCALE 0-3) 13
DPTR FM NORMAL -31 PTCLDY (SCALE 4-7) 13
TOTAL FM JUL 1 746 CLOUDY (SCALE 8-10) 3
DPTR FM NORMAL -301
[CDD (BASE 65) ]
TOTAL THIS MO. 49
DPTR FM NORMAL 29 [PRESSURE DATA]
TOTAL FM JAN 1 96 HIGHEST SLP 30.48 ON 9
DPTR FM NORMAL 64 LOWEST SLP 29.51 ON 6
[REMARKS]
#FINAL-02-20#