000
CXUS55 KMSO 021446
CF6GPI
PRELIMINARY LOCAL CLIMATOLOGICAL DATA (WS FORM: F-6)
STATION: KALISPELL MT
MONTH: AUGUST
YEAR: 2022
LATITUDE: 48 17 N
LONGITUDE: 114 16 W
TEMPERATURE IN F: :PCPN: SNOW: WIND :SUNSHINE: SKY :PK WND
================================================================================
1 2 3 4 5 6A 6B 7 8 9 10 11 12 13 14 15 16 17 18
12Z AVG MX 2MIN
DY MAX MIN AVG DEP HDD CDD WTR SNW DPTH SPD SPD DIR MIN PSBL S-S WX SPD DR
================================================================================
1 96 44 70 3 0 5 0.00 0.0 0 4.7 20 280 M M 0 26 280
2 88 54 71 4 0 6 0.00 0.0 0 8.2 20 260 M M 0 30 250
3 89 45 67 0 0 2 0.00 0.0 0 5.9 22 230 M M 0 33 190
4 84 49 67 0 0 2 0.00 0.0 0 9.3 24 230 M M 1 36 260
5 80 39 60 -6 5 0 0.00 0.0 0 4.8 20 30 M M 0 26 40
6 82 49 66 0 0 1 0.00 0.0 0 5.5 17 70 M M 1 22 70
7 86 42 64 -2 1 0 0.00 0.0 0 3.6 13 150 M M 0 22 140
8 90 43 67 1 0 2 0.00 0.0 0 4.4 14 160 M M 0 21 130
9 93 50 72 6 0 7 0.00 0.0 0 4.2 16 30 M M 0 20 30
10 84 60 72 6 0 7 0.00 0.0 0 3.7 10 40 M M 2 14 350
11 92 51 72 7 0 7 T 0.0 0 4.3 29 250 M M 1 123 41 250
12 89 51 70 5 0 5 0.08 0.0 0 4.7 30 250 M M 1 3 42 250
13 89 52 71 6 0 6 0.01 0.0 0 5.4 17 250 M M 1 3 23 250
14 85 41 63 -1 2 0 0.00 0.0 0 2.5 12 140 M M 0 20 230
15 88 43 66 2 0 1 0.00 0.0 0 3.2 10 160 M M 0 16 140
16 90 46 68 4 0 3 0.00 0.0 0 4.0 10 20 M M 0 M M
17 94 50 72 8 0 7 0.00 0.0 0 4.4 17 20 M M 0 23 20
18 95 54 75 12 0 10 0.00 0.0 0 4.1 15 10 M M 0 21 20
19 95 51 73 10 0 8 0.00 0.0 0 3.1 16 20 M M 0 21 20
20 92 54 73 10 0 8 T 0.0 0 3.4 20 150 M M 2 3 27 150
21 88 54 71 9 0 6 T 0.0 0 2.8 16 220 M M 1 3 22 220
22 90 54 72 10 0 7 0.00 0.0 0 3.9 10 220 M M 1 1 17 110
23 88 49 69 7 0 4 0.00 0.0 0 7.1 25 30 M M 1 33 20
24 79 62 71 9 0 6 0.01 0.0 0 8.9 21 30 M M 2 29 20
25 80 55 68 7 0 3 T 0.0 0 4.1 16 280 M M 3 3 24 280
26 77 52 65 4 0 0 0.01 0.0 0 5.4 18 160 M M 5 13 25 170
27 75 42 59 -2 6 0 0.03 0.0 0 8.0 26 210 M M 4 13 37 200
28 75 35 55 -5 10 0 0.00 0.0 0 3.6 15 230 M M 3 12 27 240
29 81 37 59 -1 6 0 0.00 0.0 0 2.5 12 160 M M 0 1 16 180
30 88 43 66 6 0 1 0.00 0.0 0 3.6 9 160 M M 0 14 190
31 91 44 68 8 0 3 0.00 0.0 0 3.5 15 350 M M 0 3 24 340
================================================================================
SM 2693 1495 30 117 0.14 0.0 146.8 M 29
================================================================================
AV 86.9 48.2 4.7 FASTST M M 1 MAX(MPH)
MISC ----> 30 250 42 250
================================================================================
NOTES:
# LAST OF SEVERAL OCCURRENCES
COLUMN 17 PEAK WIND IN M.P.H.
PRELIMINARY LOCAL CLIMATOLOGICAL DATA (WS FORM: F-6) , PAGE 2
STATION: KALISPELL MT
MONTH: AUGUST
YEAR: 2022
LATITUDE: 48 17 N
LONGITUDE: 114 16 W
[TEMPERATURE DATA] [PRECIPITATION DATA] SYMBOLS USED IN COLUMN 16
AVERAGE MONTHLY: 67.5 TOTAL FOR MONTH: 0.14 1 = FOG OR MIST
DPTR FM NORMAL: 3.8 DPTR FM NORMAL: -0.62 2 = FOG REDUCING VISIBILITY
HIGHEST: 96 ON 1 GRTST 24HR 0.09 ON 12-13 TO 1/4 MILE OR LESS
LOWEST: 35 ON 28 3 = THUNDER
SNOW, ICE PELLETS, HAIL 4 = ICE PELLETS
TOTAL MONTH: 0.0 INCH 5 = HAIL
GRTST 24HR 0.0 6 = FREEZING RAIN OR DRIZZLE
GRTST DEPTH: 0 7 = DUSTSTORM OR SANDSTORM:
VSBY 1/2 MILE OR LESS
8 = SMOKE OR HAZE
[NO. OF DAYS WITH] [WEATHER - DAYS WITH] 9 = BLOWING SNOW
X = TORNADO
MAX 32 OR BELOW: 0 0.01 INCH OR MORE: 5
MAX 90 OR ABOVE: 11 0.10 INCH OR MORE: 0
MIN 32 OR BELOW: 0 0.50 INCH OR MORE: 0
MIN 0 OR BELOW: 0 1.00 INCH OR MORE: 0
[HDD (BASE 65) ]
TOTAL THIS MO. 30 CLEAR (SCALE 0-3) 29
DPTR FM NORMAL -65 PTCLDY (SCALE 4-7) 2
TOTAL FM JUL 1 46 CLOUDY (SCALE 8-10) 0
DPTR FM NORMAL -123
[CDD (BASE 65) ]
TOTAL THIS MO. 117
DPTR FM NORMAL 63 [PRESSURE DATA]
TOTAL FM JAN 1 237 HIGHEST SLP 30.19 ON 30
DPTR FM NORMAL 98 LOWEST SLP 29.65 ON 27
[REMARKS]
#FINAL-08-22#