000
CXUS53 KGRB 241320
CF6GRB
PRELIMINARY LOCAL CLIMATOLOGICAL DATA (WS FORM: F-6)
STATION: GREEN BAY WI
MONTH: JUNE
YEAR: 2022
LATITUDE: 44 28 N
LONGITUDE: 88 8 W
TEMPERATURE IN F: :PCPN: SNOW: WIND :SUNSHINE: SKY :PK WND
================================================================================
1 2 3 4 5 6A 6B 7 8 9 10 11 12 13 14 15 16 17 18
12Z AVG MX 2MIN
DY MAX MIN AVG DEP HDD CDD WTR SNW DPTH SPD SPD DIR MIN PSBL S-S WX SPD DR
================================================================================
1 76 58 67 5 0 2 0.00 0.0 0 8.4 16 310 M M 0 23 290
2 80 50 65 2 0 0 T 0.0 0 7.1 21 330 M M 2 33 350
3 73 51 62 -1 3 0 0.00 0.0 0 10.1 28 310 M M 0 36 290
4 75 45 60 -3 5 0 0.00 0.0 0 6.2 16 250 M M 0 25 180
5 68 50 59 -5 6 0 0.07 0.0 0 4.8 10 170 M M 7 14 200
6 64 56 60 -4 5 0 0.73 0.0 0 9.1 23 40 M M 8 18 29 50
7 76 53 65 1 0 0 0.00 0.0 0 4.9 10 160 M M 2 16 300
8 64 56 60 -4 5 0 0.10 0.0 0 4.4 14 180 M M 7 1 19 190
9 79 55 67 2 0 2 0.01 0.0 0 7.4 20 310 M M 3 1 28 280
10 83 51 67 2 0 2 0.00 0.0 0 4.3 15 280 M M 2 21 270
11 70 57 64 -1 1 0 0.22 0.0 0 6.0 16 10 M M 8 1 22 360
12 70 52 61 -5 4 0 0.00 0.0 0 7.7 15 40 M M 2 20 40
13 75 53 64 -2 1 0 0.34 0.0 0 6.3 16 360 M M 4 138 22 50
14 90 66 78 12 0 13 0.00 0.0 0 8.1 20 150 M M 5 18 25 150
15 94 70 82 16 0 17 0.92 0.0 0 9.2 26 250 M M 3 138 41 240
16 85 66 76 9 0 11 0.00 0.0 0 14.1 32 270 M M 1 46 230
17 84 57 71 4 0 6 0.00 0.0 0 10.6 23 310 M M 0 32 300
18 73 52 63 -4 2 0 0.00 0.0 0 6.3 13 30 M M 0 18 50
19 83 51 67 -1 0 2 0.00 0.0 0 6.7 15 210 M M 2 22 210
20 95 67 81 13 0 16 0.00 0.0 0 9.0 18 210 M M 0 26 210
21 96 75 86 18 0 21 0.00 0.0 0 10.1 20 250 M M 1 30 250
22 87 63 75 7 0 10 0.00 0.0 0 9.6 18 290 M M 0 30 320
23 87 57 72 4 0 7 0.00 0.0 0 6.4 12 180 M M 0 18 180
24 94 68 81 12 0 16 0.00 0.0 0 8.8 17 240 M M 0 25 240
25 80 66 73 4 0 8 0.01 0.0 0 7.0 18 200 M M 5 18 27 210
26 78 57 68 -1 0 3 0.00 0.0 0 13.9 29 280 M M 2 1 42 300
27 78 53 66 -3 0 1 0.00 0.0 0 8.0 17 320 M M 0 25 330
28 82 58 70 1 0 5 0.42 0.0 0 8.2 20 160 M M 4 138 28 270
29 79 61 70 0 0 5 0.00 0.0 0 5.8 14 130 M M 5 12 20 100
30 83 65 74 4 0 9 0.00 0.0 0 8.3 16 210 M M 2 26 210
================================================================================
SM 2401 1739 32 156 2.82 0.0 236.8 M 75
================================================================================
AV 80.0 58.0 7.9 FASTST M M 3 MAX(MPH)
MISC ----> 32 270 46 230
================================================================================
NOTES:
# LAST OF SEVERAL OCCURRENCES
COLUMN 17 PEAK WIND IN M.P.H.
PRELIMINARY LOCAL CLIMATOLOGICAL DATA (WS FORM: F-6) , PAGE 2
STATION: GREEN BAY WI
MONTH: JUNE
YEAR: 2022
LATITUDE: 44 28 N
LONGITUDE: 88 8 W
[TEMPERATURE DATA] [PRECIPITATION DATA] SYMBOLS USED IN COLUMN 16
AVERAGE MONTHLY: 69.0 TOTAL FOR MONTH: 2.82 1 = FOG OR MIST
DPTR FM NORMAL: 2.6 DPTR FM NORMAL: -1.28 2 = FOG REDUCING VISIBILITY
HIGHEST: 96 ON 21 GRTST 24HR 0.92 ON 15-15 TO 1/4 MILE OR LESS
LOWEST: 45 ON 4 3 = THUNDER
SNOW, ICE PELLETS, HAIL 4 = ICE PELLETS
TOTAL MONTH: 0.0 INCH 5 = HAIL
GRTST 24HR 0.0 6 = FREEZING RAIN OR DRIZZLE
GRTST DEPTH: 0 7 = DUSTSTORM OR SANDSTORM:
VSBY 1/2 MILE OR LESS
8 = SMOKE OR HAZE
[NO. OF DAYS WITH] [WEATHER - DAYS WITH] 9 = BLOWING SNOW
X = TORNADO
MAX 32 OR BELOW: 0 0.01 INCH OR MORE: 9
MAX 90 OR ABOVE: 5 0.10 INCH OR MORE: 6
MIN 32 OR BELOW: 0 0.50 INCH OR MORE: 2
MIN 0 OR BELOW: 0 1.00 INCH OR MORE: 0
[HDD (BASE 65) ]
TOTAL THIS MO. 32 CLEAR (SCALE 0-3) 20
DPTR FM NORMAL -33 PTCLDY (SCALE 4-7) 9
TOTAL FM JUL 1 7164 CLOUDY (SCALE 8-10) 1
DPTR FM NORMAL -341
[CDD (BASE 65) ]
TOTAL THIS MO. 156
DPTR FM NORMAL 49 [PRESSURE DATA]
TOTAL FM JAN 1 235 HIGHEST SLP 30.33 ON 18
DPTR FM NORMAL 101 LOWEST SLP 29.62 ON 15
[REMARKS]
#FINAL-06-22#