000
CXUS53 KGID 010930
CF6GRI
PRELIMINARY LOCAL CLIMATOLOGICAL DATA (WS FORM: F-6)
STATION: GRAND ISLAND NE
MONTH: JANUARY
YEAR: 2024
LATITUDE: 40 58 N
LONGITUDE: 98 19 W
TEMPERATURE IN F: :PCPN: SNOW: WIND :SUNSHINE: SKY :PK WND
================================================================================
1 2 3 4 5 6A 6B 7 8 9 10 11 12 13 14 15 16 17 18
12Z AVG MX 2MIN
DY MAX MIN AVG DEP HDD CDD WTR SNW DPTH SPD SPD DIR MIN PSBL S-S WX SPD DR
================================================================================
1 30 13 22 -4 43 0 0.00 0.0 T 7.2 16 210 M M 4 1 21 210
2 42 24 33 7 32 0 0.00 0.0 T 6.9 13 330 M M 0 15 330
3 40 21 31 5 34 0 0.00 0.0 0 7.8 20 40 M M 3 1 24 30
4 31 25 28 2 37 0 0.00 0.0 0 9.8 16 170 M M 10 1 22 170
5 32 29 31 5 34 0 0.01 0.2 0 5.1 16 170 M M 10 18 21 160
6 34 27 31 5 34 0 0.02 0.2 T 11.5 23 320 M M 10 1 29 330
7 33 14 24 -2 41 0 0.00 0.0 0 10.3 24 130 M M 3 33 130
8 34 18 26 0 39 0 0.60 7.0 0 18.6 32 340 M M 8 128 43 350
9 26 11 19 -7 46 0 0.02 0.5 7 17.6 35 340 M M 4 189 48 340
10 38 19 29 3 36 0 0.03 T 6 10.1 25 280 M M 2 1 31 290
11 22 3 13 -13 52 0 0.32 3.7 4 17.8 29 20 M M 5 18 37 350
12 4 -7 -1 -27 66 0 0.20 3.0 9 21.7 29 330 M M 7 189 38 340
13 -1 -16 -8 -34 73 0 0.02 0.4 10 20.7 32 320 M M 5 89 42 320
14 -3 -17 -10 -36 75 0 0.00 0.0 9 11.1 21 310 M M 2 25 310
15 0 -11 -5 -31 70 0 0.03 0.4 8 14.2 25 330 M M 5 8 31 330
16 15 -10 3 -23 62 0 0.00 0.0 8 13.0 20 250 M M 0 8 26 240
17 24 4 14 -12 51 0 0.00 0.0 7 6.3 15 250 M M 3 20 250
18 20 1 11 -15 54 0 0.10 2.0 7 13.4 37 340 M M 4 1289 47 330
19 9 -7 1 -25 64 0 0.00 0.0 9 11.5 22 320 M M 0 8 28 330
20 5 -14 -4 -30 69 0 0.00 0.0 9 9.5 21 160 M M 0 27 160
21 31 4 18 -8 47 0 0.00 0.0 8 18.4 28 180 M M 1 8 40 210
22 34 22 28 2 37 0 0.00 0.0 8 8.7 16 190 M M 4 1 21 210
23 32 31 32 6 33 0 0.00 0.0 7 4.8 9 140 M M 10 1 12 140
24 33 31 32 6 33 0 0.00 0.0 6 7.8 15 250 M M 10 1 21 270
25 35 31 33 7 32 0 0.00 0.0 5 6.4 13 240 M M 10 12 17 250
26 31 27 29 3 36 0 0.00 0.0 5 5.8 12 350 M M 10 12 14 340
27 43 21 32 6 33 0 0.00 0.0 5 5.9 12 310 M M 2 12 14 300
28 49 19 34 8 31 0 0.00 0.0 4 5.5 12 220 M M 0 15 230
29 52 30 41 15 24 0 0.00 0.0 3 8.1 16 330 M M 0 21 330
30 55 28 42 16 23 0 0.00 0.0 2 6.9 13 270 M M 0 15 270
31 62 33 48 21 17 0 0.00 0.0 1 7.2 12 190 M M 0 14 190
================================================================================
SM 892 404 1358 0 1.35 17.4 329.6 M 132
================================================================================
AV 28.8 13.0 10.6 FASTST M M 4 MAX(MPH)
MISC ----> 37 340 48 340
================================================================================
NOTES:
# LAST OF SEVERAL OCCURRENCES
COLUMN 17 PEAK WIND IN M.P.H.
PRELIMINARY LOCAL CLIMATOLOGICAL DATA (WS FORM: F-6) , PAGE 2
STATION: GRAND ISLAND NE
MONTH: JANUARY
YEAR: 2024
LATITUDE: 40 58 N
LONGITUDE: 98 19 W
[TEMPERATURE DATA] [PRECIPITATION DATA] SYMBOLS USED IN COLUMN 16
AVERAGE MONTHLY: 20.9 TOTAL FOR MONTH: 1.35 1 = FOG OR MIST
DPTR FM NORMAL: -5.0 DPTR FM NORMAL: 0.74 2 = FOG REDUCING VISIBILITY
HIGHEST: 62 ON 31 GRTST 24HR 0.60 ON 8- 8 TO 1/4 MILE OR LESS
LOWEST: -17 ON 14 3 = THUNDER
SNOW, ICE PELLETS, HAIL 4 = ICE PELLETS
TOTAL MONTH: 17.4 INCHES 5 = HAIL
GRTST 24HR 7.0 ON 8- 8 6 = FREEZING RAIN OR DRIZZLE
GRTST DEPTH: 10 ON 13 7 = DUSTSTORM OR SANDSTORM:
VSBY 1/2 MILE OR LESS
8 = SMOKE OR HAZE
[NO. OF DAYS WITH] [WEATHER - DAYS WITH] 9 = BLOWING SNOW
X = TORNADO
MAX 32 OR BELOW: 17 0.01 INCH OR MORE: 10
MAX 90 OR ABOVE: 0 0.10 INCH OR MORE: 4
MIN 32 OR BELOW: 30 0.50 INCH OR MORE: 1
MIN 0 OR BELOW: 7 1.00 INCH OR MORE: 0
[HDD (BASE 65) ]
TOTAL THIS MO. 1358 CLEAR (SCALE 0-3) 15
DPTR FM NORMAL 144 PTCLDY (SCALE 4-7) 9
TOTAL FM JUL 1 3340 CLOUDY (SCALE 8-10) 7
DPTR FM NORMAL -220
[CDD (BASE 65) ]
TOTAL THIS MO. 0
DPTR FM NORMAL 0 [PRESSURE DATA]
TOTAL FM JAN 1 0 HIGHEST SLP 30.74 ON 20
DPTR FM NORMAL 0 LOWEST SLP 29.42 ON 10
[REMARKS]
#FINAL-01-24#