000
CXUS53 KGID 011156
CLMGRI
CLIMATE REPORT
NATIONAL WEATHER SERVICE HASTINGS NE
656 AM CDT MON MAY 01 2023
...................................
...THE GRAND ISLAND NE CLIMATE SUMMARY FOR THE MONTH OF APRIL 2023...
CLIMATE NORMAL PERIOD 1991 TO 2020
CLIMATE RECORD PERIOD 1895 TO 2023
WEATHER OBSERVED NORMAL DEPART LAST YEAR`S
VALUE DATE(S) VALUE FROM VALUE DATE(S)
NORMAL
................................................................
TEMPERATURE (F)
RECORD
HIGH 98 04/20/1902
LOW 04/02/1936
HIGHEST 90 04/12 86 4 92 04/12
LOWEST 19 04/06 22 -3 21 04/15
AVG. MAXIMUM 66.9 63.3 3.6 65.0
AVG. MINIMUM 36.4 38.6 -2.2 35.9
MEAN 51.6 51.0 0.6 50.5
DAYS MAX >= 90 1 0.3 0.7 1
DAYS MAX <= 32 0 0.4 -0.4 0
DAYS MIN <= 32 10 8.3 1.7 12
DAYS MIN <= 0 0 0.0 0.0 0
PRECIPITATION (INCHES)
RECORD
MAXIMUM 9.43 1896
MINIMUM 0.09 1989
TOTALS 0.15 2.52 -2.37 1.60
DAILY AVG. 0.01 0.08 -0.07 0.05
DAYS >= .01 4 8.9 -4.9 5
DAYS >= .10 1 4.8 -3.8 3
DAYS >= .50 0 1.6 -1.6 1
DAYS >= 1.00 0 0.5 -0.5 0
GREATEST
24 HR. TOTAL 0.12 04/27 TO 04/28
SNOWFALL (INCHES)
RECORDS
TOTAL 12.0 1913
TOTALS 0.0 1.6 -1.6 0.1
SINCE 7/1 26.6 27.7 -1.1 MM
DAYS >= 1.0 0 0.5 -0.5 0
GREATEST
SNOW DEPTH 0 0
24 HR TOTAL 0.0
DEGREE DAYS
HEATING TOTAL 414 431 -17 447
SINCE 7/1 5772 5737 35 MM
COOLING TOTAL 20 10 10 19
SINCE 1/1 20 11 9 MM
................................................................
WIND (MPH)
AVERAGE WIND SPEED 15.1
HIGHEST WIND SPEED/DIRECTION 41/350 DATE 04/29
HIGHEST GUST SPEED/DIRECTION 56/320 DATE 04/16
56/350 04/29
SKY COVER
POSSIBLE SUNSHINE (PERCENT) MM
AVERAGE SKY COVER 0.25
NUMBER OF DAYS FAIR 22
NUMBER OF DAYS PC 5
NUMBER OF DAYS CLOUDY 3
AVERAGE RH (PERCENT) 49
WEATHER CONDITIONS. NUMBER OF DAYS WITH
THUNDERSTORM 1 MIXED PRECIP 0
HEAVY RAIN 0 RAIN 0
LIGHT RAIN 5 FREEZING RAIN 0
LT FREEZING RAIN 0 HAIL 0
HEAVY SNOW 0 SNOW 0
LIGHT SNOW 0 SLEET 0
FOG 2 FOG W/VIS <= 1/4 MILE 1
HAZE 3
- INDICATES NEGATIVE NUMBERS.
R INDICATES RECORD WAS SET OR TIED.
MM INDICATES DATA IS MISSING.
T INDICATES TRACE AMOUNT.
$$