000
CXUS53 KGRR 011010
CF6GRR
PRELIMINARY LOCAL CLIMATOLOGICAL DATA (WS FORM: F-6)
STATION: GRAND RAPIDS
MONTH: FEBRUARY
YEAR: 2022
LATITUDE: 42 52 N
LONGITUDE: 85 31 W
TEMPERATURE IN F: :PCPN: SNOW: WIND :SUNSHINE: SKY :PK WND
================================================================================
1 2 3 4 5 6A 6B 7 8 9 10 11 12 13 14 15 16 17 18
12Z AVG MX 2MIN
DY MAX MIN AVG DEP HDD CDD WTR SNW DPTH SPD SPD DIR MIN PSBL S-S WX SPD DR
================================================================================
1 46 25 36 12 29 0 0.18 0.0 5 12.4 25 180 M M 7 1 34 180
2 36 19 28 4 37 0 0.53 5.1 2 9.2 20 20 M M 10 128 25 20
3 20 9 15 -9 50 0 T T 6 12.4 20 30 M M 9 25 20
4 19 2 11 -13 54 0 0.04 0.7 6 5.0 15 20 M M 7 1 19 30
5 24 0 12 -13 53 0 0.01 0.1 6 8.1 22 190 M M 7 1 31 190
6 32 14 23 -2 42 0 0.00 0.0 6 11.4 20 210 M M 5 27 210
7 30 22 26 1 39 0 0.02 0.8 5 10.7 18 290 M M 9 16 24 290
8 32 20 26 1 39 0 T T 6 9.7 16 170 M M 8 18 20 160
9 37 29 33 8 32 0 0.08 0.3 5 12.9 22 240 M M 7 1 28 230
10 33 25 29 4 36 0 0.03 0.5 5 11.3 21 210 M M 10 1 31 200
11 38 24 31 5 34 0 0.50 3.7 8 16.0 28 320 M M 10 12 41 320
12 24 15 20 -6 45 0 0.01 0.1 5 11.1 24 320 M M 10 1 33 320
13 18 2 10 -16 55 0 0.04 0.4 5 4.3 14 20 M M 8 1 17 20
14 20 3 12 -14 53 0 0.03 0.6 5 7.6 16 210 M M 10 1 20 200
15 29 17 23 -3 42 0 0.01 0.2 6 9.6 20 130 M M 9 18 25 130
16 48 28 38 11 27 0 1.13 0.0 5 15.4 25 200 M M 8 1 35 190
17 44 19 32 5 33 0 0.69 2.3 T 11.9 20 350 M M 10 1 26 350
18 29 15 22 -5 43 0 0.06 0.6 2 17.2 31 220 M M 9 19 45 210
19 30 10 20 -7 45 0 0.08 1.2 4 16.2 39 270 M M 7 1289 51 250
20 48 12 30 2 35 0 0.00 0.0 4 17.2 37 230 M M 4 48 240
21 38 28 33 5 32 0 T 0.0 T 13.8 22 80 M M 4 30 70
22 40 25 33 5 32 0 0.63 T 0 10.8 24 260 M M 10 1 33 280
23 25 19 22 -7 43 0 T 0.1 T 11.9 24 280 M M 8 1 35 290
24 28 14 21 -8 44 0 0.01 0.1 T 13.7 24 70 M M 8 1 30 70
25 28 15 22 -7 43 0 0.12 2.0 2 7.9 15 30 M M 8 1 20 10
26 29 20 25 -5 40 0 T 0.2 1 15.5 29 240 M M 6 1 34 240
27 36 25 31 1 34 0 0.00 0.0 T 13.8 21 280 M M 4 29 240
28 40 20 30 0 35 0 0.00 0.0 T 9.5 20 180 M M 6 27 180
================================================================================
SM 901 476 1126 0 4.20 19.0 326.5 M 218
================================================================================
AV 32.2 17.0 11.7 FASTST M M 8 MAX(MPH)
MISC ----> 39 270 51 250
================================================================================
NOTES:
# LAST OF SEVERAL OCCURRENCES
COLUMN 17 PEAK WIND IN M.P.H.
PRELIMINARY LOCAL CLIMATOLOGICAL DATA (WS FORM: F-6) , PAGE 2
STATION: GRAND RAPIDS
MONTH: FEBRUARY
YEAR: 2022
LATITUDE: 42 52 N
LONGITUDE: 85 31 W
[TEMPERATURE DATA] [PRECIPITATION DATA] SYMBOLS USED IN COLUMN 16
AVERAGE MONTHLY: 24.6 TOTAL FOR MONTH: 4.20 1 = FOG OR MIST
DPTR FM NORMAL: -2.0 DPTR FM NORMAL: 2.08 2 = FOG REDUCING VISIBILITY
HIGHEST: 48 ON 20,16 GRTST 24HR 1.69 ON 16-17 TO 1/4 MILE OR LESS
LOWEST: 0 ON 5 3 = THUNDER
SNOW, ICE PELLETS, HAIL 4 = ICE PELLETS
TOTAL MONTH: 19.0 INCHES 5 = HAIL
GRTST 24HR 5.1 ON 2- 2 6 = FREEZING RAIN OR DRIZZLE
GRTST DEPTH: 8 ON 11 7 = DUSTSTORM OR SANDSTORM:
VSBY 1/2 MILE OR LESS
8 = SMOKE OR HAZE
[NO. OF DAYS WITH] [WEATHER - DAYS WITH] 9 = BLOWING SNOW
X = TORNADO
MAX 32 OR BELOW: 16 0.01 INCH OR MORE: 19
MAX 90 OR ABOVE: 0 0.10 INCH OR MORE: 7
MIN 32 OR BELOW: 28 0.50 INCH OR MORE: 5
MIN 0 OR BELOW: 1 1.00 INCH OR MORE: 1
[HDD (BASE 65) ]
TOTAL THIS MO. 1126 CLEAR (SCALE 0-3) 0
DPTR FM NORMAL 51 PTCLDY (SCALE 4-7) 17
TOTAL FM JUL 1 4546 CLOUDY (SCALE 8-10) 11
DPTR FM NORMAL -161
[CDD (BASE 65) ]
TOTAL THIS MO. 0
DPTR FM NORMAL 0 [PRESSURE DATA]
TOTAL FM JAN 1 0 HIGHEST SLP 30.54 ON 23
DPTR FM NORMAL 0 LOWEST SLP 29.46 ON 11
[REMARKS]
#FINAL-02-22#